{"id":24614,"date":"2025-07-15T17:56:04","date_gmt":"2025-07-15T17:56:04","guid":{"rendered":"https:\/\/petworld.ma\/?post_type=product&#038;p=24614"},"modified":"2026-04-16T09:23:16","modified_gmt":"2026-04-16T09:23:16","slug":"camon-medaillons-de-poulet-panes-a-la-patate-douce-80g","status":"publish","type":"product","link":"https:\/\/petworld.ma\/index.php\/produit\/camon-medaillons-de-poulet-panes-a-la-patate-douce-80g\/","title":{"rendered":"Camon M\u00e9daillons de poulet pan\u00e9s \u00e0 la patate douce 80g"},"content":{"rendered":"<p>D\u00e9licieux m\u00e9daillons de poulet pan\u00e9s \u00e0 la patate douce, une r\u00e9compense id\u00e9ale pour votre chien.<br \/>\nSans additifs.<\/p>\n<p><strong>Quantit\u00e9\u00a0:<\/strong>\u00a080\u00a0g.<br \/>\n<strong>Taille\u00a0:<\/strong>\u00a05\u00a0cm.<\/p>\n","protected":false},"excerpt":{"rendered":"<ul>\n<li>Aliment compl\u00e9mentaire pour chiens adultes, \u00e0 base de poulet.<\/li>\n<li>Formule sans gluten.<\/li>\n<li>Sans additifs.<\/li>\n<li>Riche en prot\u00e9ines de premi\u00e8re qualit\u00e9.<\/li>\n<\/ul>\n","protected":false},"featured_media":24615,"template":"","meta":{"jetpack_publicize_message":"","jetpack_publicize_feature_enabled":true,"jetpack_social_post_already_shared":true,"jetpack_social_options":{"image_generator_settings":{"template":"highway","default_image_id":0,"font":"","enabled":false},"version":2}},"product_brand":[],"product_cat":[39,106],"product_tag":[],"class_list":{"0":"post-24614","1":"product","2":"type-product","3":"status-publish","4":"has-post-thumbnail","6":"product_cat-friandises-et-pates-pour-chien","7":"product_cat-jouet-et-dressage","9":"first","10":"instock","11":"taxable","12":"shipping-taxable","13":"purchasable","14":"product-type-simple"},"supplier_id":8770,"supplier_sku":"AE014","barcode":"8019808224497","atum_controlled":true,"out_stock_date":null,"out_stock_threshold":null,"inheritable":false,"inbound_stock":0,"stock_on_hold":0,"sold_today":0,"sales_last_days":0,"reserved_stock":0,"customer_returns":0,"warehouse_damage":0,"lost_in_post":0,"other_logs":0,"out_stock_days":0,"lost_sales":0,"has_location":false,"update_date":"2026-05-12T00:23:21","atum_locations":[],"atum_stock_status":"instock","restock_status":false,"low_stock_amount":2,"sales_update_date":"2026-05-12T00:23:21","calc_backorders":null,"jetpack_publicize_connections":[],"jetpack_sharing_enabled":true,"batches":[{"id":"4447","date_created":"2025-07-15 18:02:27","date_expiry":"2027-02-28 00:00:00","user_id":"9","batch_number":"lot0227","location":"","quantity":"14.0000","quantity_available":"5.0000","units":"1","status":"active","order_ids":"[26791,28458,34007,37903,39773]","supplier":"GreenTown kennel","po":{"id":"4412","date_created":"2025-07-15 18:02:28","batch_id":"4447","po_number":"","supplier":"GreenTown kennel","cost":null,"regular_price":null,"sale_price":null,"price_margin":null,"price_discount":null}}],"_links":{"self":[{"href":"https:\/\/petworld.ma\/index.php\/wp-json\/wp\/v2\/product\/24614","targetHints":{"allow":["GET"]}}],"collection":[{"href":"https:\/\/petworld.ma\/index.php\/wp-json\/wp\/v2\/product"}],"about":[{"href":"https:\/\/petworld.ma\/index.php\/wp-json\/wp\/v2\/types\/product"}],"wp:featuredmedia":[{"embeddable":true,"href":"https:\/\/petworld.ma\/index.php\/wp-json\/wp\/v2\/media\/24615"}],"wp:attachment":[{"href":"https:\/\/petworld.ma\/index.php\/wp-json\/wp\/v2\/media?parent=24614"}],"wp:term":[{"taxonomy":"product_brand","embeddable":true,"href":"https:\/\/petworld.ma\/index.php\/wp-json\/wp\/v2\/product_brand?post=24614"},{"taxonomy":"product_cat","embeddable":true,"href":"https:\/\/petworld.ma\/index.php\/wp-json\/wp\/v2\/product_cat?post=24614"},{"taxonomy":"product_tag","embeddable":true,"href":"https:\/\/petworld.ma\/index.php\/wp-json\/wp\/v2\/product_tag?post=24614"}],"curies":[{"name":"wp","href":"https:\/\/api.w.org\/{rel}","templated":true}]}}