{"id":24739,"date":"2025-07-17T10:00:37","date_gmt":"2025-07-17T10:00:37","guid":{"rendered":"https:\/\/petworld.ma\/?post_type=product&#038;p=24739"},"modified":"2026-05-04T18:01:19","modified_gmt":"2026-05-04T18:01:19","slug":"camon-lamelles-de-poulet-panees-80g","status":"publish","type":"product","link":"https:\/\/petworld.ma\/index.php\/produit\/camon-lamelles-de-poulet-panees-80g\/","title":{"rendered":"Camon Lamelles de Poulet Pan\u00e9es 80g"},"content":{"rendered":"<p>D\u00e9licieuses collations pour chiens sous forme de lani\u00e8res de poulet pan\u00e9es.<\/p>\n<p>&#8211; une seule prot\u00e9ine animale<br \/>\n&#8211; riche en prot\u00e9ines de premi\u00e8re classe<br \/>\n&#8211; sans additifs<br \/>\n&#8211; formule sans gluten<\/p>\n<p><strong>Quantit\u00e9\u00a0:<\/strong> 80\u00a0g<\/p>\n","protected":false},"excerpt":{"rendered":"<ul>\n<li>Aliment compl\u00e9mentaire pour chiens adultes, \u00e0 base de poulet et peau de vache.<\/li>\n<li>Formule sans gluten.<\/li>\n<li>Sans additifs.<\/li>\n<li>Riche en prot\u00e9ines de premi\u00e8re qualit\u00e9.<\/li>\n<\/ul>\n","protected":false},"featured_media":24740,"template":"","meta":{"jetpack_publicize_message":"","jetpack_publicize_feature_enabled":true,"jetpack_social_post_already_shared":true,"jetpack_social_options":{"image_generator_settings":{"template":"highway","default_image_id":0,"font":"","enabled":false},"version":2}},"product_brand":[],"product_cat":[39,106],"product_tag":[],"class_list":{"0":"post-24739","1":"product","2":"type-product","3":"status-publish","4":"has-post-thumbnail","6":"product_cat-friandises-et-pates-pour-chien","7":"product_cat-jouet-et-dressage","9":"first","10":"instock","11":"taxable","12":"shipping-taxable","13":"purchasable","14":"product-type-simple"},"supplier_id":8770,"supplier_sku":"AE405","barcode":"8019808232539","atum_controlled":true,"out_stock_date":null,"out_stock_threshold":null,"inheritable":false,"inbound_stock":0,"stock_on_hold":1,"sold_today":0,"sales_last_days":2,"reserved_stock":0,"customer_returns":0,"warehouse_damage":0,"lost_in_post":0,"other_logs":0,"out_stock_days":0,"lost_sales":0,"has_location":false,"update_date":"2026-05-10T00:22:12","atum_locations":[],"atum_stock_status":"instock","restock_status":false,"low_stock_amount":2,"sales_update_date":"2026-05-10T00:22:12","calc_backorders":null,"jetpack_publicize_connections":[],"jetpack_sharing_enabled":true,"batches":[{"id":"4503","date_created":"2025-07-17 10:02:31","date_expiry":"2027-04-30 00:00:00","user_id":"9","batch_number":"lot0427","location":"","quantity":"12.0000","quantity_available":"4.0000","units":"1","status":"active","order_ids":"[26791,33408,34007,35644,40125,41012,41364]","supplier":"GreenTown kennel","po":{"id":"4468","date_created":"2025-07-17 10:02:32","batch_id":"4503","po_number":"","supplier":"GreenTown kennel","cost":null,"regular_price":null,"sale_price":null,"price_margin":null,"price_discount":null}}],"_links":{"self":[{"href":"https:\/\/petworld.ma\/index.php\/wp-json\/wp\/v2\/product\/24739","targetHints":{"allow":["GET"]}}],"collection":[{"href":"https:\/\/petworld.ma\/index.php\/wp-json\/wp\/v2\/product"}],"about":[{"href":"https:\/\/petworld.ma\/index.php\/wp-json\/wp\/v2\/types\/product"}],"wp:featuredmedia":[{"embeddable":true,"href":"https:\/\/petworld.ma\/index.php\/wp-json\/wp\/v2\/media\/24740"}],"wp:attachment":[{"href":"https:\/\/petworld.ma\/index.php\/wp-json\/wp\/v2\/media?parent=24739"}],"wp:term":[{"taxonomy":"product_brand","embeddable":true,"href":"https:\/\/petworld.ma\/index.php\/wp-json\/wp\/v2\/product_brand?post=24739"},{"taxonomy":"product_cat","embeddable":true,"href":"https:\/\/petworld.ma\/index.php\/wp-json\/wp\/v2\/product_cat?post=24739"},{"taxonomy":"product_tag","embeddable":true,"href":"https:\/\/petworld.ma\/index.php\/wp-json\/wp\/v2\/product_tag?post=24739"}],"curies":[{"name":"wp","href":"https:\/\/api.w.org\/{rel}","templated":true}]}}