{"id":24741,"date":"2025-07-17T10:06:15","date_gmt":"2025-07-17T10:06:15","guid":{"rendered":"https:\/\/petworld.ma\/?post_type=product&#038;p=24741"},"modified":"2026-05-12T10:06:52","modified_gmt":"2026-05-12T10:06:52","slug":"couches-jetables-femelle-x-12-leopet-plusieurs-tailles-xs-s-m-l","status":"publish","type":"product","link":"https:\/\/petworld.ma\/index.php\/produit\/couches-jetables-femelle-x-12-leopet-plusieurs-tailles-xs-s-m-l\/","title":{"rendered":"Couches jetables Femelle x 12 LeoPet Plusieurs Tailles (XS \/ S \/ M \/L)"},"content":{"rendered":"<div class=\"i1iyn2my\">\n<div class=\"p1ek1ss4\">\n<div class=\"r17azlp5\">\n<p id=\"product-description\" class=\"d733ctu\">Les couches hygi\u00e9niques sont id\u00e9ales pour \u00e9viter que les chiennes en chaleur ou souffrant d&rsquo;incontinence ne tachent les surfaces internes et externes. Avec des attaches repositionnables et r\u00e9sistantes aux poils d&rsquo;animaux. C\u0153ur \u00e9tanche et ultra-absorbant. Ajustement confortable et s\u00fbr. Technologie Advanced Dry Speed\u2122 qui transforme instantan\u00e9ment l&rsquo;urine en gel en bloquant l&rsquo;humidit\u00e9 et en neutralisant les odeurs. Couches et bords respirants et anti-fuites.<\/p>\n<p class=\"d733ctu\">Tailles\u00a0:<\/p>\n<p class=\"d733ctu\">XS &#8211; 33 &#8211; 41\u00a0cm &#8211; moins de 3\u00a0kg\u00a0;<\/p>\n<p class=\"d733ctu\">S &#8211; Tour de taille\u00a0: 40-56\u00a0cm &#8211; 3-7\u00a0kg\u00a0;<\/p>\n<p class=\"d733ctu\">M &#8211; Tour de taille\u00a0: 45-66\u00a0cm &#8211; 7-16\u00a0kg\u00a0;<\/p>\n<p class=\"d733ctu\">L &#8211; Tour de taille : 48-72 cm &#8211; 16-25 kg.<a href=\"https:\/\/wa.me\/212708052510\" target=\"_blank\" rel=\"noopener noreferrer\"><img loading=\"lazy\" decoding=\"async\" class=\"fr-fic fr-dib aligncenter\" src=\"https:\/\/cdn.youcan.shop\/stores\/d0742d556df94ddbc7ae4c9810aff04b\/others\/aE2LxkTRdND08IF1P7b5lQL78Blqje1ovLrdhytH.png\" width=\"246\" height=\"65\" data-name=\"stores\/d0742d556df94ddbc7ae4c9810aff04b\/others\/aE2LxkTRdND08IF1P7b5lQL78Blqje1ovLrdhytH.png\" \/><\/a><\/p>\n<\/div>\n<\/div>\n<\/div>\n","protected":false},"excerpt":{"rendered":"<p>Les couches hygi\u00e9niques sont id\u00e9ales pour \u00e9viter que les chiennes en chaleur ou souffrant d&rsquo;incontinence ne tachent les surfaces internes et externes. Avec des attaches repositionnables et r\u00e9sistantes aux poils d&rsquo;animaux. C\u0153ur \u00e9tanche et ultra-absorbant. Ajustement confortable et s\u00fbr. Technologie Advanced Dry Speed\u2122 qui transforme instantan\u00e9ment l&rsquo;urine en gel en bloquant l&rsquo;humidit\u00e9 et en neutralisant [&#8230;]\n","protected":false},"featured_media":24745,"template":"","meta":{"jetpack_publicize_message":"","jetpack_publicize_feature_enabled":true,"jetpack_social_post_already_shared":true,"jetpack_social_options":{"image_generator_settings":{"template":"highway","default_image_id":0,"font":"","enabled":false},"version":2}},"product_brand":[],"product_cat":[227,106],"product_tag":[],"class_list":{"0":"post-24741","1":"product","2":"type-product","3":"status-publish","4":"has-post-thumbnail","6":"product_cat-couches-tapis-absorbant","7":"product_cat-jouet-et-dressage","9":"first","10":"instock","11":"taxable","12":"shipping-taxable","13":"purchasable","14":"product-type-variable"},"supplier_id":null,"supplier_sku":"","barcode":null,"atum_controlled":true,"out_stock_date":null,"out_stock_threshold":null,"inheritable":true,"inbound_stock":0,"stock_on_hold":4,"sold_today":0,"sales_last_days":11,"reserved_stock":0,"customer_returns":0,"warehouse_damage":0,"lost_in_post":0,"other_logs":0,"out_stock_days":0,"lost_sales":0,"has_location":false,"update_date":"2026-05-12T13:39:35","atum_locations":[],"atum_stock_status":"instock","restock_status":false,"low_stock_amount":"","sales_update_date":"2026-05-11T16:10:07","calc_backorders":null,"jetpack_publicize_connections":[],"jetpack_sharing_enabled":true,"batches":[],"_links":{"self":[{"href":"https:\/\/petworld.ma\/index.php\/wp-json\/wp\/v2\/product\/24741","targetHints":{"allow":["GET"]}}],"collection":[{"href":"https:\/\/petworld.ma\/index.php\/wp-json\/wp\/v2\/product"}],"about":[{"href":"https:\/\/petworld.ma\/index.php\/wp-json\/wp\/v2\/types\/product"}],"wp:featuredmedia":[{"embeddable":true,"href":"https:\/\/petworld.ma\/index.php\/wp-json\/wp\/v2\/media\/24745"}],"wp:attachment":[{"href":"https:\/\/petworld.ma\/index.php\/wp-json\/wp\/v2\/media?parent=24741"}],"wp:term":[{"taxonomy":"product_brand","embeddable":true,"href":"https:\/\/petworld.ma\/index.php\/wp-json\/wp\/v2\/product_brand?post=24741"},{"taxonomy":"product_cat","embeddable":true,"href":"https:\/\/petworld.ma\/index.php\/wp-json\/wp\/v2\/product_cat?post=24741"},{"taxonomy":"product_tag","embeddable":true,"href":"https:\/\/petworld.ma\/index.php\/wp-json\/wp\/v2\/product_tag?post=24741"}],"curies":[{"name":"wp","href":"https:\/\/api.w.org\/{rel}","templated":true}]}}