{"id":26040,"date":"2025-08-19T21:08:05","date_gmt":"2025-08-19T21:08:05","guid":{"rendered":"https:\/\/petworld.ma\/?post_type=product&#038;p=26040"},"modified":"2026-03-12T17:04:56","modified_gmt":"2026-03-12T17:04:56","slug":"royal-canin-carlin-adulte-1-5-kg-pug-promo","status":"publish","type":"product","link":"https:\/\/petworld.ma\/index.php\/produit\/royal-canin-carlin-adulte-1-5-kg-pug-promo\/","title":{"rendered":"Royal Canin Carlin Adulte 1.5 Kg (Pug) Promo"},"content":{"rendered":"<div>\n<div>\n<div>\n<h2>Aliment complet pour chiens \u00a0&#8211; Sp\u00e9cialement con\u00e7u pour Carlin adulte, \u00e0 partir de 10 mois.<\/h2>\n<\/div>\n<\/div>\n<div><\/div>\n<\/div>\n<div>\n<div>\n<div>ROYAL CANIN\u00ae Pug Adult est sp\u00e9cialement formul\u00e9 pour r\u00e9pondre \u00e0 tous les besoins nutritionnels uniques de votre Carlin adulte et convient aux chiens de plus de 10 mois. \u00a0 La peau du Carlin est pliss\u00e9e, et ces plis peuvent retenir la chaleur ou une humidit\u00e9 ind\u00e9sirable. C\u2019est pourquoi il est important que l\u2019alimentation de votre chien contribue \u00e0 la sant\u00e9 de sa peau. La formule exclusive de ROYAL CANIN\u00ae Pug Adult renforce le r\u00f4le de \u00ab barri\u00e8re \u00bb de la peau, ainsi que sa sant\u00e9 g\u00e9n\u00e9rale. ROYAL CANIN\u00ae Pug Adult contient en outre des nutriments qui favorisent la bonne tonicit\u00e9 musculaire de votre Carlin. \u00a0 Les Carlins ont des caract\u00e9ristiques tr\u00e8s sp\u00e9cifiques : une large t\u00eate et un corps trapu aux muscles courts. Leurs m\u00e2choires et leurs babines tr\u00e8s \u00e9paisses peuvent leur rendre difficile la prise de nourriture, et ils ont \u00e9galement tendance \u00e0 avaler leur nourriture sans la m\u00e2cher. Les croquettes de ROYAL CANIN\u00ae Pug Adult sont faites sur mesure pour la race des Carlins. Leur forme et leur taille sont sp\u00e9cialement con\u00e7ues pour leur faciliter la prise de nourriture et leur texture les encourage \u00e0 bien mastiquer avant de les avaler.<\/div>\n<div><\/div>\n<h3>\u00a0Informations Nutritionnelles :<\/h3>\n<div>\n<div>Composition : riz, prot\u00e9ines de volaille d\u00e9shydrat\u00e9es, farine de ma\u00efs, graisses animales, ma\u00efs, farine de bl\u00e9, gluten de ma\u00efs, isolat de prot\u00e9ines v\u00e9g\u00e9tales*, hydrolysat de prot\u00e9ines animales, pulpe de betterave, fibres v\u00e9g\u00e9tales, huile de poisson, sels min\u00e9raux, huile de soja, fructo-oligo-saccharides, huile de bourrache, hydrolysat de crustac\u00e9 (source de glucosamine), extrait de rose d\u2019inde (source de lut\u00e9ine), hydrolysat de cartilage (source de chondro\u00eftine).<\/div>\n<div>Additifs (au kg)\u00a0: Additifs nutritionnels\u00a0: Vitamine A\u00a0: 29500\u00a0UI, Vitamine D3\u00a0: 800\u00a0UI, E1 (Fer)\u00a0: 51\u00a0mg, E2 (Iode)\u00a0: 5,1\u00a0mg, E4 (Cuivre)\u00a0: 15\u00a0mg, E5 (Mangan\u00e8se)\u00a0: 67\u00a0mg, E6 (Zinc)\u00a0: 143\u00a0mg, E8 (S\u00e9l\u00e9nium)\u00a0: 0,11\u00a0mg\u00a0&#8211; Additifs technologiques\u00a0: Clinoptilolite d\u2019origine s\u00e9dimentaire\u00a0: 10\u00a0g\u00a0&#8211; Additifs sensoriels\u00a0: Extrait de th\u00e9 (source de polyph\u00e9nols)\u00a0: 150\u00a0mg\u00a0&#8211; Conservateurs\u00a0&#8211; Antioxyg\u00e8nes.<\/div>\n<div>Constituants analytiques\u00a0: Prot\u00e9ine\u00a0: 25,0\u00a0%\u00a0&#8211; Teneur en mati\u00e8res grasses\u00a0: 16,0\u00a0%\u00a0&#8211; Cendres brutes\u00a0: 5,8\u00a0%\u00a0&#8211; Cellulose brute\u00a0: 2,0\u00a0%\u00a0&#8211; EPA\/DHA\u00a0: 3\u00a0g\/kg.<\/div>\n<div>*L.I.P.\u00a0: prot\u00e9ine s\u00e9lectionn\u00e9e pour sa tr\u00e8s haute digestibilit\u00e9.<\/div>\n<div>Mode d\u2019emploi : voir tableau. Num\u00e9ro de lot et d\u2019identifiant usine, \u00e0 utiliser de pr\u00e9f\u00e9rence avant : voir sur l\u2019emballage. \u00c0 conserver dans un endroit sec et frais.<\/div>\n<h3>\u00a0B\u00e9n\u00e9fices :<\/h3>\n<div>\n<ul>\n<li>\n<div>Peau saine<\/div>\n<div>PUG ADULT aide \u00e0 renforcer le r\u00f4le \u00ab barri\u00e8re \u00bb de la peau (complexe exclusif) et \u00e0 maintenir la sant\u00e9 de la peau (EPA et DHA).<\/div>\n<\/li>\n<li>\n<div>Tonicit\u00e9 musculaire<\/div>\n<div>Cette formule aide \u00e0 maintenir la tonicit\u00e9 musculaire du Carlin.<\/div>\n<\/li>\n<li>\n<div>Poids id\u00e9al<\/div>\n<div>Cette formule aide le Carlin \u00e0 maintenir un poids id\u00e9al.<\/div>\n<\/li>\n<li>\n<div>Croquette de conception exclusive : m\u00e2choire brachyc\u00e9phale sp\u00e9ciale<\/div>\n<div>Une croquette exclusivement con\u00e7ue pour faciliter la pr\u00e9hension et encourager la mastication chez le Carlin.<\/div>\n<\/li>\n<\/ul>\n<h3><a href=\"https:\/\/wa.me\/212708052510\" target=\"_blank\" rel=\"noopener noreferrer\"><img decoding=\"async\" class=\"fr-fic fr-dib aligncenter\" src=\"https:\/\/cdn.youcan.shop\/stores\/d0742d556df94ddbc7ae4c9810aff04b\/others\/xQzaKaYPjCKi8gARuXFEc44jurmWbofqAI6N9An6.png\" width=\"337\" height=\"89\" data-fr-image-pasted=\"true\" data-name=\"stores\/d0742d556df94ddbc7ae4c9810aff04b\/others\/xQzaKaYPjCKi8gARuXFEc44jurmWbofqAI6N9An6.png\" \/><\/a><\/h3>\n<\/div>\n<\/div>\n<\/div>\n<\/div>\n","protected":false},"excerpt":{"rendered":"<p>Aliment complet pour chiens \u00a0&#8211; Sp\u00e9cialement con\u00e7u pour Carlin adulte, \u00e0 partir de 10 mois. ROYAL CANIN\u00ae Pug Adult est sp\u00e9cialement formul\u00e9 pour r\u00e9pondre \u00e0 tous les besoins nutritionnels uniques de votre Carlin adulte et convient aux chiens de plus de 10 mois. \u00a0 La peau du Carlin est pliss\u00e9e, et ces plis peuvent retenir [&#8230;]\n","protected":false},"featured_media":26158,"template":"","meta":{"jetpack_publicize_message":"","jetpack_publicize_feature_enabled":true,"jetpack_social_post_already_shared":true,"jetpack_social_options":{"image_generator_settings":{"template":"highway","default_image_id":0,"font":"","enabled":false},"version":2}},"product_brand":[],"product_cat":[26,187],"product_tag":[],"class_list":{"0":"post-26040","1":"product","2":"type-product","3":"status-publish","4":"has-post-thumbnail","6":"product_cat-croquettes","7":"product_cat-destockage","9":"first","10":"instock","11":"sale","12":"taxable","13":"shipping-taxable","14":"purchasable","15":"product-type-simple"},"supplier_id":5587,"supplier_sku":"7155-500","barcode":null,"atum_controlled":true,"out_stock_date":null,"out_stock_threshold":null,"inheritable":false,"inbound_stock":0,"stock_on_hold":0,"sold_today":0,"sales_last_days":0,"reserved_stock":0,"customer_returns":0,"warehouse_damage":0,"lost_in_post":0,"other_logs":0,"out_stock_days":0,"lost_sales":0,"has_location":false,"update_date":"2026-05-09T00:20:31","atum_locations":[],"atum_stock_status":"instock","restock_status":false,"low_stock_amount":0,"sales_update_date":"2026-05-09T00:20:31","calc_backorders":null,"jetpack_publicize_connections":[],"jetpack_sharing_enabled":true,"batches":[{"id":"4948","date_created":"2025-08-19 21:11:22","date_expiry":"2026-09-16 00:00:00","user_id":"1","batch_number":"lot160926","location":"","quantity":"2.0000","quantity_available":"2.0000","units":"1","status":"active","order_ids":null,"supplier":"Royal Canin","po":{"id":"4912","date_created":"2025-08-19 21:11:22","batch_id":"4948","po_number":"","supplier":"Royal Canin","cost":null,"regular_price":null,"sale_price":null,"price_margin":null,"price_discount":null}}],"_links":{"self":[{"href":"https:\/\/petworld.ma\/index.php\/wp-json\/wp\/v2\/product\/26040","targetHints":{"allow":["GET"]}}],"collection":[{"href":"https:\/\/petworld.ma\/index.php\/wp-json\/wp\/v2\/product"}],"about":[{"href":"https:\/\/petworld.ma\/index.php\/wp-json\/wp\/v2\/types\/product"}],"wp:featuredmedia":[{"embeddable":true,"href":"https:\/\/petworld.ma\/index.php\/wp-json\/wp\/v2\/media\/26158"}],"wp:attachment":[{"href":"https:\/\/petworld.ma\/index.php\/wp-json\/wp\/v2\/media?parent=26040"}],"wp:term":[{"taxonomy":"product_brand","embeddable":true,"href":"https:\/\/petworld.ma\/index.php\/wp-json\/wp\/v2\/product_brand?post=26040"},{"taxonomy":"product_cat","embeddable":true,"href":"https:\/\/petworld.ma\/index.php\/wp-json\/wp\/v2\/product_cat?post=26040"},{"taxonomy":"product_tag","embeddable":true,"href":"https:\/\/petworld.ma\/index.php\/wp-json\/wp\/v2\/product_tag?post=26040"}],"curies":[{"name":"wp","href":"https:\/\/api.w.org\/{rel}","templated":true}]}}