{"id":26529,"date":"2025-08-31T18:12:56","date_gmt":"2025-08-31T18:12:56","guid":{"rendered":"https:\/\/petworld.ma\/?post_type=product&#038;p=26529"},"modified":"2026-03-29T20:34:51","modified_gmt":"2026-03-29T20:34:51","slug":"brit-care-dog-treats-mini-think-perfomance-mentale-50g","status":"publish","type":"product","link":"https:\/\/petworld.ma\/index.php\/produit\/brit-care-dog-treats-mini-think-perfomance-mentale-50g\/","title":{"rendered":"Brit Care Dog Treats Mini Think Perfomance Mentale 50g"},"content":{"rendered":"<p><strong>Collation fonctionnelle semi-molle favorisant la concentration et les performances mentales.<\/strong><br \/>\nPetits morceaux, grands avantages. Que votre petit ami soit en bonne sant\u00e9 pendant longtemps\u00a0!<\/p>\n<ul>\n<li>SOUTIEN DE LA PERFORMANCE MENTALE<\/li>\n<li>CONTIENT DU DHA, DE LA TAURINE ET DE LA VITAMINE C<\/li>\n<li>FAIBLE EN CALORIES<\/li>\n<li>ADAPT\u00c9 AUX BESOINS DES PETITES RACES<\/li>\n<\/ul>\n<p>Ces friandises ont \u00e9t\u00e9\u00a0<strong>con\u00e7ues sp\u00e9cifiquement pour les mini-races<\/strong>, qui repr\u00e9sentent 60 % de tous les chiens domestiques. Bien qu\u2019ils soient de petite taille, ils ont des besoins nutritionnels sp\u00e9cifiques.<\/p>\n<p>Les mini friandises Brit Care r\u00e9pondent \u00e0 ces besoins\u00a0<strong>avec une faible valeur calorique, une teneur \u00e9lev\u00e9e en ingr\u00e9dients fonctionnels\u00a0<\/strong>et une composition \u00e9quilibr\u00e9e soutenant la sant\u00e9 et l\u2019\u00e9tat des petits chiens.<\/p>\n<p><strong>Principaux avantages :<\/strong><br \/>\n\u2022 Texture semi-molle adapt\u00e9e aux chiens<br \/>\njeunes et \u00e2g\u00e9s \u2022 Viande de haute qualit\u00e9 et ingr\u00e9dients<br \/>\nfonctionnels \u2022 Sans colorants ni conservateurs artificiels<\/p>\n<p><strong>Ingr\u00e9dients :<\/strong><br \/>\nprot\u00e9ines de dinde (35\u00a0%), pois jaunes (15\u00a0%), glyc\u00e9rol v\u00e9g\u00e9tal (14\u00a0%), lentilles rouges (10\u00a0%), citrouille (9\u00a0%), levure hydrolys\u00e9e (5\u00a0%), collag\u00e8ne (4\u00a0%), m\u00e9lasse (3\u00a0%), fibre de pois (1,5\u00a0%), microalgues s\u00e9ch\u00e9es (Schizochytrium limacinum, 1\u00a0%), beurre d\u2019arachide (1\u00a0%), farine de pois, acide fulvique (0,5\u00a0%), extrait de melon cantaloup (0,01\u00a0%), bact\u00e9ries inactiv\u00e9es et leurs parties (Lactobacillus helveticus HA \u2013 122, 15&#215;109 cellules\/kg).<\/p>\n<p><strong>Constituants analytiques :<\/strong><br \/>\nprot\u00e9ines brutes 29,0 %, mati\u00e8res grasses brutes 5,5 %, fibres brutes 2,0 %, cendres brutes 7,0 %, humidit\u00e9 17,0 %, calcium 1,4 %, phosphore 1,0 %, sodium 0,4 %, acides gras om\u00e9ga-3 0,60 %, acides gras om\u00e9ga-6 1,5 %.<\/p>\n<p><strong>Additifs nutritionnels pour 1 kg :<\/strong><br \/>\ntaurine (3a370) 1000 mg, vitamine C (3a312) 350 mg, vitamine B1 (3a821) 3,0 mg, vitamine B2 (3a825i) 6,0 mg, niacinamide (3a315) 55 mg, D-pantoth\u00e9nate de calcium (3a841) 15 mg, vitamine B6 (3a831) 8,0 mg, acide folique (3a316) 0,4 mg.<\/p>\n<p><strong>Contient des conservateurs approuv\u00e9s par l\u2019UE :<\/strong><br \/>\nacide citrique (1a330), acide DL-malique (1a296).<\/p>\n<p><strong>\u00c9nergie m\u00e9tabolisable :<\/strong><br \/>\n3100 kcal\/kg.<\/p>\n<p><strong>Instructions d\u2019alimentation :<\/strong><br \/>\nServir quotidiennement comme g\u00e2terie ou r\u00e9compense. Assurez-vous que votre chien a toujours beaucoup d\u2019eau potable fra\u00eeche. Il ne s\u2019agit pas d\u2019un aliment complet ; Suivez la dose quotidienne recommand\u00e9e et ne suralimentez pas. Conserver dans un endroit frais et sec, \u00e0 l\u2019abri de la lumi\u00e8re directe du soleil. Une fois ouvert, refermez herm\u00e9tiquement pour pr\u00e9server la fra\u00eecheur. Date de p\u00e9remption &#8211; voir emballage.<\/p>\n","protected":false},"excerpt":{"rendered":"<p><strong>Collation fonctionnelle semi-molle favorisant la concentration et les performances mentales.<\/strong><br \/>\nPetits morceaux, grands avantages. Que votre petit ami soit en bonne sant\u00e9 pendant longtemps\u00a0!<\/p>\n","protected":false},"featured_media":26531,"template":"","meta":{"jetpack_publicize_message":"","jetpack_publicize_feature_enabled":true,"jetpack_social_post_already_shared":true,"jetpack_social_options":{"image_generator_settings":{"template":"highway","default_image_id":0,"font":"","enabled":false},"version":2}},"product_brand":[],"product_cat":[26,39],"product_tag":[],"class_list":{"0":"post-26529","1":"product","2":"type-product","3":"status-publish","4":"has-post-thumbnail","6":"product_cat-croquettes","7":"product_cat-friandises-et-pates-pour-chien","9":"first","10":"instock","11":"taxable","12":"shipping-taxable","13":"purchasable","14":"product-type-simple"},"supplier_id":5590,"supplier_sku":"578559","barcode":null,"atum_controlled":true,"out_stock_date":null,"out_stock_threshold":null,"inheritable":false,"inbound_stock":0,"stock_on_hold":0,"sold_today":0,"sales_last_days":0,"reserved_stock":0,"customer_returns":0,"warehouse_damage":0,"lost_in_post":0,"other_logs":0,"out_stock_days":0,"lost_sales":0,"has_location":false,"update_date":"2026-05-14T00:02:44","atum_locations":[],"atum_stock_status":"instock","restock_status":false,"low_stock_amount":10,"sales_update_date":"2026-05-14T00:02:44","calc_backorders":null,"jetpack_publicize_connections":[],"jetpack_sharing_enabled":true,"batches":[{"id":"5064","date_created":"2025-08-31 18:16:51","date_expiry":"2026-10-26 00:00:00","user_id":"2461","batch_number":"BritCareThink261026","location":"","quantity":"30.0000","quantity_available":"11.0000","units":"1","status":"active","order_ids":"[27685,28781,30000,30377,35663,35749,35929,36497,37436,37532,38045,38461,38503]","supplier":"Brit","po":{"id":"5027","date_created":"2025-08-31 18:16:54","batch_id":"5064","po_number":"","supplier":"Brit","cost":null,"regular_price":null,"sale_price":null,"price_margin":null,"price_discount":null}},{"id":"6824","date_created":"2025-12-22 11:03:48","date_expiry":"2026-02-28 00:00:00","user_id":"2461","batch_number":"BritCareThink280226","location":"","quantity":"2.0000","quantity_available":"0.0000","units":"1","status":"archived","order_ids":"[32623,33178]","supplier":"Brit","po":{"id":"6770","date_created":"2025-12-22 11:03:49","batch_id":"6824","po_number":"","supplier":"Brit","cost":null,"regular_price":null,"sale_price":null,"price_margin":null,"price_discount":null}},{"id":"6825","date_created":"2025-12-22 11:03:49","date_expiry":"2026-09-30 00:00:00","user_id":"2461","batch_number":"BritCareThink300926","location":"","quantity":"0.0000","quantity_available":"0.0000","units":"1","status":"archived","order_ids":null,"supplier":"Brit","po":{"id":"6771","date_created":"2025-12-22 11:03:50","batch_id":"6825","po_number":"","supplier":"Brit","cost":null,"regular_price":null,"sale_price":null,"price_margin":null,"price_discount":null}},{"id":"6826","date_created":"2025-12-22 11:03:51","date_expiry":"2026-02-28 00:00:00","user_id":"2461","batch_number":"BritCareThink280227","location":"","quantity":"10.0000","quantity_available":"0.0000","units":"1","status":"archived","order_ids":"[33500]","supplier":"Brit","po":{"id":"6772","date_created":"2025-12-22 11:03:51","batch_id":"6826","po_number":"","supplier":"Brit","cost":null,"regular_price":null,"sale_price":null,"price_margin":null,"price_discount":null}}],"_links":{"self":[{"href":"https:\/\/petworld.ma\/index.php\/wp-json\/wp\/v2\/product\/26529","targetHints":{"allow":["GET"]}}],"collection":[{"href":"https:\/\/petworld.ma\/index.php\/wp-json\/wp\/v2\/product"}],"about":[{"href":"https:\/\/petworld.ma\/index.php\/wp-json\/wp\/v2\/types\/product"}],"wp:featuredmedia":[{"embeddable":true,"href":"https:\/\/petworld.ma\/index.php\/wp-json\/wp\/v2\/media\/26531"}],"wp:attachment":[{"href":"https:\/\/petworld.ma\/index.php\/wp-json\/wp\/v2\/media?parent=26529"}],"wp:term":[{"taxonomy":"product_brand","embeddable":true,"href":"https:\/\/petworld.ma\/index.php\/wp-json\/wp\/v2\/product_brand?post=26529"},{"taxonomy":"product_cat","embeddable":true,"href":"https:\/\/petworld.ma\/index.php\/wp-json\/wp\/v2\/product_cat?post=26529"},{"taxonomy":"product_tag","embeddable":true,"href":"https:\/\/petworld.ma\/index.php\/wp-json\/wp\/v2\/product_tag?post=26529"}],"curies":[{"name":"wp","href":"https:\/\/api.w.org\/{rel}","templated":true}]}}