{"id":26545,"date":"2025-08-31T19:21:35","date_gmt":"2025-08-31T19:21:35","guid":{"rendered":"https:\/\/petworld.ma\/?post_type=product&#038;p=26545"},"modified":"2026-05-07T12:56:37","modified_gmt":"2026-05-07T12:56:37","slug":"brit-pate-premium-by-nature-turkey-with-liver-dinde-et-foie-400g","status":"publish","type":"product","link":"https:\/\/petworld.ma\/index.php\/produit\/brit-pate-premium-by-nature-turkey-with-liver-dinde-et-foie-400g\/","title":{"rendered":"Brit Pat\u00e9 Premium by Nature Turkey with Liver (Dinde et Foie) Pour Junior 400g"},"content":{"rendered":"<div class=\"hidden-xs\">\n<p>P\u00e2t\u00e9 de viande au foie, pour chien.<\/p>\n<p>Compl\u00e9ment id\u00e9al de croquettes. Aliment complet, collation ou compl\u00e9ment de granul\u00e9s pour jeunes chiens de toutes races. Il permet d\u2019am\u00e9liorer l\u2019app\u00e9tit et apporte un suppl\u00e9ment d\u2019eau. Enrichi en camomille qui apaise et am\u00e9liore la digestion sensible, en huile de saumon qui est une bonne source naturelle d\u2019acides gras om\u00e9ga-3 et en fruits et herbes.<\/p>\n<\/div>\n<ul>\n<li>Facile \u00e0 dig\u00e9rer et d\u00e9licieux<\/li>\n<li>Teneur \u00e9quilibr\u00e9e en nutriments, vitaminees et min\u00e9raux<\/li>\n<li>Sans C\u00c9R\u00c9ALES &#8211; sans SEL &#8211; sans OGM<\/li>\n<\/ul>\n<p class=\"composition\"><strong>Composition:<\/strong>\u00a0dinde 36\u00a0%, consomm\u00e9 de dinde 35,5\u00a0%, poulet 22\u00a0%, foie de dinde 4\u00a0%, camomille 1\u00a0%, min\u00e9raux 1 %, huile de saumon 0,5\u00a0%.<\/p>\n<p><strong>Composants analytiques:<\/strong>\u00a0prot\u00e9ine brute 8,0\u00a0%, teneur en mati\u00e8res grasses 5,5\u00a0%, cellulose brute 0,4\u00a0%, cendres brutes 2,8\u00a0%, humidit\u00e9 78,0\u00a0%, calcium 0,3\u00a0%, phosphore 0,3\u00a0%, sodium 0,5\u00a0%.<\/p>\n<p><strong>Ingr\u00e9dients:<\/strong>\u00a0vitamine D3 (E671) 200 IU, vitamine E (3a700) 100\u00a0mg, zinc (3b606) 10\u00a0mg, fer (3b103) 8\u00a0mg, mangan\u00e8se (3b502) 2\u00a0mg, iode (3b201) 0,5\u00a0mg, cuivre (3b405) 0,5\u00a0mg.<\/p>\n<p><strong>Metabolizable energy:<\/strong>\u00a01 010 kcal\/kg<\/p>\n","protected":false},"excerpt":{"rendered":"<div class=\"hidden-xs\">\n<div class=\"hidden-xs\">\n<div class=\"hidden-xs\">\n<p>P\u00e2t\u00e9 de viande au foie, pour chien.<\/p>\n<p>Compl\u00e9ment id\u00e9al de croquettes. Aliment complet, collation ou compl\u00e9ment de granul\u00e9s pour jeunes chiens de toutes races. Il permet d\u2019am\u00e9liorer l\u2019app\u00e9tit et apporte un suppl\u00e9ment d\u2019eau. Enrichi en camomille qui apaise et am\u00e9liore la digestion sensible, en huile de saumon qui est une bonne source naturelle d\u2019acides gras om\u00e9ga-3 et en fruits et herbes.<\/p>\n<\/div>\n<ul>\n<li>Facile \u00e0 dig\u00e9rer et d\u00e9licieux<\/li>\n<li>Teneur \u00e9quilibr\u00e9e en nutriments, vitaminees et min\u00e9raux<\/li>\n<li>Sans C\u00c9R\u00c9ALES &#8211; sans SEL &#8211; sans OGM<\/li>\n<\/ul>\n<\/div>\n<\/div>\n","protected":false},"featured_media":26546,"template":"","meta":{"jetpack_publicize_message":"","jetpack_publicize_feature_enabled":true,"jetpack_social_post_already_shared":true,"jetpack_social_options":{"image_generator_settings":{"template":"highway","default_image_id":0,"font":"","enabled":false},"version":2}},"product_brand":[],"product_cat":[26,39],"product_tag":[],"class_list":{"0":"post-26545","1":"product","2":"type-product","3":"status-publish","4":"has-post-thumbnail","6":"product_cat-croquettes","7":"product_cat-friandises-et-pates-pour-chien","9":"first","10":"instock","11":"taxable","12":"shipping-taxable","13":"purchasable","14":"product-type-simple"},"supplier_id":5590,"supplier_sku":"561803","barcode":null,"atum_controlled":true,"out_stock_date":null,"out_stock_threshold":null,"inheritable":false,"inbound_stock":0,"stock_on_hold":8,"sold_today":3,"sales_last_days":9,"reserved_stock":0,"customer_returns":0,"warehouse_damage":0,"lost_in_post":0,"other_logs":0,"out_stock_days":0,"lost_sales":0,"has_location":false,"update_date":"2026-05-07T13:08:15","atum_locations":[],"atum_stock_status":"instock","restock_status":false,"low_stock_amount":24,"sales_update_date":"2026-05-07T13:08:14","calc_backorders":0,"jetpack_publicize_connections":[],"jetpack_sharing_enabled":true,"batches":[{"id":"5070","date_created":"2025-08-31 19:25:36","date_expiry":"2028-03-20 00:00:00","user_id":"2760","batch_number":"BritPatePremiumTurkey200328","location":"","quantity":"6.0000","quantity_available":"0.0000","units":"1","status":"archived","order_ids":"[26767,27000,28408,28655]","supplier":"Brit","po":{"id":"5033","date_created":"2025-08-31 19:25:36","batch_id":"5070","po_number":"","supplier":"Brit","cost":null,"regular_price":null,"sale_price":null,"price_margin":null,"price_discount":null}},{"id":"5446","date_created":"2025-09-20 19:58:09","date_expiry":"2028-10-20 00:00:00","user_id":"2760","batch_number":"BritPatePremiumTurkey201028","location":"","quantity":"24.0000","quantity_available":"13.0000","units":"1","status":"active","order_ids":"[28655,28721,29744,30725,31011,31542,31828,39230,39756,40184,40397]","supplier":" BRIT","po":{"id":"5403","date_created":"2025-09-20 19:58:11","batch_id":"5446","po_number":"","supplier":" BRIT","cost":null,"regular_price":null,"sale_price":null,"price_margin":null,"price_discount":null}},{"id":"5827","date_created":"2025-10-21 08:47:12","date_expiry":"2028-03-20 00:00:00","user_id":"2760","batch_number":"BritPatePremiumTurkey200328","location":"","quantity":"6.0000","quantity_available":"0.0000","units":"1","status":"archived","order_ids":"[29519,29556,29744]","supplier":"Brit","po":{"id":"5776","date_created":"2025-10-21 08:47:13","batch_id":"5827","po_number":"","supplier":"Brit","cost":null,"regular_price":null,"sale_price":null,"price_margin":null,"price_discount":null}},{"id":"6597","date_created":"2025-12-09 17:49:15","date_expiry":"2028-03-30 00:00:00","user_id":"2760","batch_number":"BritPatePremiumTurkey300328","location":"","quantity":"24.0000","quantity_available":"0.0000","units":"1","status":"archived","order_ids":"[34439,34512,34940,38992,39230]","supplier":"Brit","po":{"id":"6542","date_created":"2025-12-09 17:49:16","batch_id":"6597","po_number":"","supplier":"Brit","cost":null,"regular_price":null,"sale_price":null,"price_margin":null,"price_discount":null}},{"id":"7503","date_created":"2026-02-03 23:26:48","date_expiry":"2028-03-30 00:00:00","user_id":"2760","batch_number":"BritPatePremiumTurkey300328","location":"","quantity":"6.0000","quantity_available":"0.0000","units":"1","status":"archived","order_ids":"[38285,38518,38992]","supplier":" BRIT","po":{"id":"7438","date_created":"2026-02-03 23:26:49","batch_id":"7503","po_number":"","supplier":" BRIT","cost":null,"regular_price":null,"sale_price":null,"price_margin":null,"price_discount":null}},{"id":"8996","date_created":"2026-04-22 09:42:32","date_expiry":"2028-02-11 00:00:00","user_id":"2760","batch_number":"BritPatePremiumTurkey110228","location":"","quantity":"12.0000","quantity_available":"3.0000","units":"1","status":"active","order_ids":"[40674,41364,41377,41525]","supplier":" BRIT","po":{"id":"8920","date_created":"2026-04-22 09:42:33","batch_id":"8996","po_number":"","supplier":" BRIT","cost":null,"regular_price":null,"sale_price":null,"price_margin":null,"price_discount":null}}],"_links":{"self":[{"href":"https:\/\/petworld.ma\/index.php\/wp-json\/wp\/v2\/product\/26545","targetHints":{"allow":["GET"]}}],"collection":[{"href":"https:\/\/petworld.ma\/index.php\/wp-json\/wp\/v2\/product"}],"about":[{"href":"https:\/\/petworld.ma\/index.php\/wp-json\/wp\/v2\/types\/product"}],"wp:featuredmedia":[{"embeddable":true,"href":"https:\/\/petworld.ma\/index.php\/wp-json\/wp\/v2\/media\/26546"}],"wp:attachment":[{"href":"https:\/\/petworld.ma\/index.php\/wp-json\/wp\/v2\/media?parent=26545"}],"wp:term":[{"taxonomy":"product_brand","embeddable":true,"href":"https:\/\/petworld.ma\/index.php\/wp-json\/wp\/v2\/product_brand?post=26545"},{"taxonomy":"product_cat","embeddable":true,"href":"https:\/\/petworld.ma\/index.php\/wp-json\/wp\/v2\/product_cat?post=26545"},{"taxonomy":"product_tag","embeddable":true,"href":"https:\/\/petworld.ma\/index.php\/wp-json\/wp\/v2\/product_tag?post=26545"}],"curies":[{"name":"wp","href":"https:\/\/api.w.org\/{rel}","templated":true}]}}