{"id":26808,"date":"2025-09-07T12:44:46","date_gmt":"2025-09-07T12:44:46","guid":{"rendered":"https:\/\/petworld.ma\/?post_type=product&#038;p=26808"},"modified":"2026-03-12T17:07:33","modified_gmt":"2026-03-12T17:07:33","slug":"canvit-complement-pour-chien-junior-maxi-230-comprimes","status":"publish","type":"product","link":"https:\/\/petworld.ma\/index.php\/produit\/canvit-complement-pour-chien-junior-maxi-230-comprimes\/","title":{"rendered":"Compl\u00e9ment Pour chien Junior Maxi 230g"},"content":{"rendered":"<h2>Description<\/h2>\n<div class=\"product-description\">\n<p>Canvit Dog Junior Maxi 230g aide au d\u00e9veloppement et \u00e0 la croissance sains des chiots et des jeunes chiens.<\/p>\n<p>Il fournit des acides amin\u00e9s, des vitamines, des acides gras insatur\u00e9s om\u00e9ga-3 et om\u00e9ga-6, des pr\u00e9biotiques et des probiotiques pour soutenir un d\u00e9veloppement physique sain, une digestion optimale et le d\u00e9veloppement du syst\u00e8me immunitaire chez les chiots et les chiens en croissance.<\/p>\n<p>Les chiots en croissance ont besoin d\u2019un apport accru en vitamines, min\u00e9raux, acides amin\u00e9s et autres nutriments essentiels.\u00a0Canvit Junior est une excellente source de substances importantes et est enrichi d\u2019acides gras insatur\u00e9s om\u00e9ga-3 et om\u00e9ga-6, qui jouent un r\u00f4le essentiel dans le d\u00e9veloppement du cerveau et de la m\u00e9moire.\u00a0Les pr\u00e9biotiques et les probiotiques assurent le bon d\u00e9veloppement du syst\u00e8me digestif et une digestion optimale chez les chiots et les chiens en croissance.<\/p>\n<p><strong>Instructions<\/strong>:<\/p>\n<p>Donnez des comprim\u00e9s aux chiots en croissance directement de la main ou \u00e9cras\u00e9s dans la nourriture.<\/p>\n<p><strong>Dose journali\u00e8re recommand\u00e9e:<\/strong><\/p>\n<p>1 comprim\u00e9 par 15 kg de poids corporel<\/p>\n<p><strong>Format<\/strong>\u00a0:<\/p>\n<p>230g<\/p>\n<\/div>\n","protected":false},"excerpt":{"rendered":"<div class=\"short-description\">\n<div class=\"elementor-element elementor-element-1a60c1e elementor-widget elementor-widget-product-description-short elementor-widget-text-editor\" data-id=\"1a60c1e\" data-element_type=\"widget\" data-widget_type=\"product-description-short.default\">\n<div class=\"elementor-widget-container\">\n<div class=\"ce-product-description-short\">\n<p><span class=\"text\">Compl\u00e9ment alimentaire qui a<\/span>ide au d\u00e9veloppement et \u00e0 la croissance des chiots et des jeunes chiens.<\/p>\n<\/div>\n<\/div>\n<\/div>\n<\/div>\n","protected":false},"featured_media":26809,"template":"","meta":{"jetpack_publicize_message":"","jetpack_publicize_feature_enabled":true,"jetpack_social_post_already_shared":true,"jetpack_social_options":{"image_generator_settings":{"template":"highway","default_image_id":0,"font":"","enabled":false},"version":2}},"product_brand":[],"product_cat":[218],"product_tag":[],"class_list":{"0":"post-26808","1":"product","2":"type-product","3":"status-publish","4":"has-post-thumbnail","6":"product_cat-complement-alimentaire","8":"first","9":"instock","10":"taxable","11":"shipping-taxable","12":"purchasable","13":"product-type-simple"},"supplier_id":5590,"supplier_sku":"533749","barcode":"8595602533749","atum_controlled":true,"out_stock_date":null,"out_stock_threshold":null,"inheritable":false,"inbound_stock":0,"stock_on_hold":0,"sold_today":0,"sales_last_days":0,"reserved_stock":0,"customer_returns":0,"warehouse_damage":0,"lost_in_post":0,"other_logs":0,"out_stock_days":0,"lost_sales":0,"has_location":false,"update_date":"2026-05-07T00:20:03","atum_locations":[],"atum_stock_status":"instock","restock_status":false,"low_stock_amount":4,"sales_update_date":"2026-05-07T00:20:02","calc_backorders":null,"jetpack_publicize_connections":[],"jetpack_sharing_enabled":true,"batches":[{"id":"5160","date_created":"2025-09-07 12:48:05","date_expiry":"2026-11-29 00:00:00","user_id":"2461","batch_number":"lot291126","location":"","quantity":"10.0000","quantity_available":"5.0000","units":"1","status":"active","order_ids":"[29625,34515,35177,36232,36251]","supplier":"Brit","po":{"id":"5122","date_created":"2025-09-07 12:48:07","batch_id":"5160","po_number":"","supplier":"Brit","cost":null,"regular_price":null,"sale_price":null,"price_margin":null,"price_discount":null}}],"_links":{"self":[{"href":"https:\/\/petworld.ma\/index.php\/wp-json\/wp\/v2\/product\/26808","targetHints":{"allow":["GET"]}}],"collection":[{"href":"https:\/\/petworld.ma\/index.php\/wp-json\/wp\/v2\/product"}],"about":[{"href":"https:\/\/petworld.ma\/index.php\/wp-json\/wp\/v2\/types\/product"}],"wp:featuredmedia":[{"embeddable":true,"href":"https:\/\/petworld.ma\/index.php\/wp-json\/wp\/v2\/media\/26809"}],"wp:attachment":[{"href":"https:\/\/petworld.ma\/index.php\/wp-json\/wp\/v2\/media?parent=26808"}],"wp:term":[{"taxonomy":"product_brand","embeddable":true,"href":"https:\/\/petworld.ma\/index.php\/wp-json\/wp\/v2\/product_brand?post=26808"},{"taxonomy":"product_cat","embeddable":true,"href":"https:\/\/petworld.ma\/index.php\/wp-json\/wp\/v2\/product_cat?post=26808"},{"taxonomy":"product_tag","embeddable":true,"href":"https:\/\/petworld.ma\/index.php\/wp-json\/wp\/v2\/product_tag?post=26808"}],"curies":[{"name":"wp","href":"https:\/\/api.w.org\/{rel}","templated":true}]}}