{"id":26811,"date":"2025-09-07T12:54:25","date_gmt":"2025-09-07T12:54:25","guid":{"rendered":"https:\/\/petworld.ma\/?post_type=product&#038;p=26811"},"modified":"2026-04-10T18:47:29","modified_gmt":"2026-04-10T18:47:29","slug":"canvit-biotine-complement-pour-chien-maxi-230-comprimes","status":"publish","type":"product","link":"https:\/\/petworld.ma\/index.php\/produit\/canvit-biotine-complement-pour-chien-maxi-230-comprimes\/","title":{"rendered":"Biotine Compl\u00e9ment pour Chien Maxi 230g"},"content":{"rendered":"<p><span dir=\"auto\">Le complexe de biotine active, de zinc, de vitamines B et de m\u00e9thionine favorise le bon d\u00e9veloppement de la peau et contribue \u00e0 maintenir un pelage sain et brillant. Il a \u00e9galement un effet positif sur la k\u00e9ratine des ongles. Son utilisation est recommand\u00e9e pendant le nourrissage pour acc\u00e9l\u00e9rer la pousse du pelage.<\/span><\/p>\n<p><span dir=\"auto\">230 g \u2013 230 comprim\u00e9s<\/span><\/p>\n<p><span dir=\"auto\">Ingr\u00e9dients : lactose sec, glucose, amidon de bl\u00e9, levure de bi\u00e8re s\u00e8che, carbonate de calcium, lait \u00e9cr\u00e9m\u00e9 en poudre.<\/span><\/p>\n<p><span dir=\"auto\">Apport journalier recommand\u00e9\u00a0: 1 comprim\u00e9 pour 5\u00a0kg de poids corporel. Mode d\u2019emploi\u00a0: Les comprim\u00e9s doivent \u00eatre administr\u00e9s directement \u00e0 la main ou \u00e9cras\u00e9s dans la nourriture, selon la posologie recommand\u00e9e, pendant au moins 3\u00a0semaines. Ne pas d\u00e9passer la dose recommand\u00e9e.<\/span><\/p>\n<p><span dir=\"auto\">Compl\u00e9ment alimentaire pour chiens. Constituants analytiques : prot\u00e9ines 7 %, mati\u00e8res grasses 1,6 %, cendres brutes 16,3 %, cellulose brute 1,3 %. Additifs par kg : nutritionnels : vitamine B2 400 mg, biotine 1\u00a0500 mg, nicotinamide (3a315) 3\u00a0000 mg, pantoth\u00e9nate de calcium 1\u00a0500 mg, zinc (E6, ch\u00e9lates de zinc d&rsquo;acides amin\u00e9s hydrat\u00e9s) 4\u00a0000 mg, cuivre (E4, ch\u00e9lates de cuivre d&rsquo;acides amin\u00e9s hydrat\u00e9s) 900 mg, DL-M\u00c9THIONINE (3.1.1) 20 g. Contient des antioxydants.<\/span><\/p>\n<p><span dir=\"auto\">\u00c0 consommer de pr\u00e9f\u00e9rence avant le num\u00e9ro de lot : indiqu\u00e9s sur l&#8217;emballage. \u00c0 conserver dans un endroit sec et sombre, \u00e0 l&rsquo;abri de la lumi\u00e8re directe du soleil. Toujours garder l&#8217;emballage du fabricant ferm\u00e9.<\/span><\/p>\n<p><strong>POSOLOGIE RECOMMAND\u00c9E :<\/strong>\u00a01 comprim\u00e9 pour 15 kg de poids corporel par jour.<\/p>\n","protected":false},"excerpt":{"rendered":"<div class=\"short-description\">\n<div class=\"elementor-element elementor-element-1a60c1e elementor-widget elementor-widget-product-description-short elementor-widget-text-editor\" data-id=\"1a60c1e\" data-element_type=\"widget\" data-widget_type=\"product-description-short.default\">\n<div class=\"elementor-widget-container\">\n<div class=\"ce-product-description-short\">Des vitamines et min\u00e9raux organiquement li\u00e9s pour soutenir l\u2019\u00e9tat sain de la peau, du pelage et de la corne de griffe. Favorise une peau saine, un pelage riche et brillant.<\/div>\n<\/div>\n<\/div>\n<\/div>\n","protected":false},"featured_media":26812,"template":"","meta":{"jetpack_publicize_message":"","jetpack_publicize_feature_enabled":true,"jetpack_social_post_already_shared":true,"jetpack_social_options":{"image_generator_settings":{"template":"highway","default_image_id":0,"font":"","enabled":false},"version":2}},"product_brand":[],"product_cat":[218],"product_tag":[],"class_list":{"0":"post-26811","1":"product","2":"type-product","3":"status-publish","4":"has-post-thumbnail","6":"product_cat-complement-alimentaire","8":"first","9":"instock","10":"taxable","11":"shipping-taxable","12":"purchasable","13":"product-type-simple"},"supplier_id":5590,"supplier_sku":"507740","barcode":"8595602507740","atum_controlled":true,"out_stock_date":null,"out_stock_threshold":null,"inheritable":false,"inbound_stock":0,"stock_on_hold":0,"sold_today":0,"sales_last_days":1,"reserved_stock":0,"customer_returns":0,"warehouse_damage":0,"lost_in_post":0,"other_logs":0,"out_stock_days":0,"lost_sales":0,"has_location":false,"update_date":"2026-04-14T00:07:17","atum_locations":[],"atum_stock_status":"instock","restock_status":false,"low_stock_amount":4,"sales_update_date":"2026-04-14T00:07:17","calc_backorders":null,"jetpack_publicize_connections":[],"jetpack_sharing_enabled":true,"batches":[{"id":"5162","date_created":"2025-09-07 13:00:04","date_expiry":"2026-10-30 00:00:00","user_id":"2461","batch_number":"lot301026","location":"","quantity":"10.0000","quantity_available":"6.0000","units":"1","status":"active","order_ids":"[29101,29118,30156,39387]","supplier":"Brit","po":{"id":"5124","date_created":"2025-09-07 13:00:07","batch_id":"5162","po_number":"","supplier":"Brit","cost":null,"regular_price":null,"sale_price":null,"price_margin":null,"price_discount":null}}],"_links":{"self":[{"href":"https:\/\/petworld.ma\/index.php\/wp-json\/wp\/v2\/product\/26811","targetHints":{"allow":["GET"]}}],"collection":[{"href":"https:\/\/petworld.ma\/index.php\/wp-json\/wp\/v2\/product"}],"about":[{"href":"https:\/\/petworld.ma\/index.php\/wp-json\/wp\/v2\/types\/product"}],"wp:featuredmedia":[{"embeddable":true,"href":"https:\/\/petworld.ma\/index.php\/wp-json\/wp\/v2\/media\/26812"}],"wp:attachment":[{"href":"https:\/\/petworld.ma\/index.php\/wp-json\/wp\/v2\/media?parent=26811"}],"wp:term":[{"taxonomy":"product_brand","embeddable":true,"href":"https:\/\/petworld.ma\/index.php\/wp-json\/wp\/v2\/product_brand?post=26811"},{"taxonomy":"product_cat","embeddable":true,"href":"https:\/\/petworld.ma\/index.php\/wp-json\/wp\/v2\/product_cat?post=26811"},{"taxonomy":"product_tag","embeddable":true,"href":"https:\/\/petworld.ma\/index.php\/wp-json\/wp\/v2\/product_tag?post=26811"}],"curies":[{"name":"wp","href":"https:\/\/api.w.org\/{rel}","templated":true}]}}