{"id":26849,"date":"2025-09-07T20:45:22","date_gmt":"2025-09-07T20:45:22","guid":{"rendered":"https:\/\/petworld.ma\/?post_type=product&#038;p=26849"},"modified":"2026-03-12T17:08:14","modified_gmt":"2026-03-12T17:08:14","slug":"canvit-complement-multi-vitamine-pour-chien-junior-100g","status":"publish","type":"product","link":"https:\/\/petworld.ma\/index.php\/produit\/canvit-complement-multi-vitamine-pour-chien-junior-100g\/","title":{"rendered":"Canvit Compl\u00e9ment Multi Vitamin\u00e9 Pour Chien Junior 100g"},"content":{"rendered":"<h2><strong>Canvit Junior pour chiens, 100 g &#8211; Soutien nutritionnel pour chiots en croissance<\/strong><\/h2>\n<p>Donnez \u00e0 votre jeune compagnon canin le meilleur d\u00e9part avec Canvit Junior for Dogs. Ce suppl\u00e9ment de 100 g est sp\u00e9cialement con\u00e7u pour favoriser une croissance et un d\u00e9veloppement sains chez les chiots et les jeunes chiens.<\/p>\n<p><strong>Principales caract\u00e9ristiques:<\/strong><\/p>\n<ol>\n<li>Probiotic Boost : Canvit Junior comprend des probiotiques pour am\u00e9liorer la sant\u00e9 intestinale, garantissant une absorption et une digestion optimales des nutriments pour votre chiot en pleine croissance.<\/li>\n<li>Nutriments essentiels\u00a0: Un complexe de vitamines vitales et d&rsquo;acides amin\u00e9s organiques favorise un d\u00e9veloppement r\u00e9ussi, aidant votre chiot \u00e0 s&rsquo;\u00e9panouir pendant ses ann\u00e9es de formation.<\/li>\n<li>Sant\u00e9 du pelage et de la peau : La combinaison de nutriments comme les acides gras om\u00e9ga-3 et om\u00e9ga-6, l&rsquo;ur\u00e9e et ses d\u00e9riv\u00e9s favorisent une excellente qualit\u00e9 de plumes et une sant\u00e9 globale de la peau.<\/li>\n<li>Forte immunit\u00e9 : Gr\u00e2ce aux mannanoligosaccharides et aux probiotiques, cette formule aide \u00e0 maintenir une microflore intestinale saine et renforce le syst\u00e8me immunitaire de votre chiot.<\/li>\n<\/ol>\n<p><strong>Composition:<\/strong><\/p>\n<ul>\n<li>Contient des ingr\u00e9dients b\u00e9n\u00e9fiques comme le lactose sec, le glucose, l&rsquo;amidon de bl\u00e9, la levure de bi\u00e8re s\u00e8che, les mannanoligosaccharides provenant des parois cellulaires de levure Saccharomyces cerevisiae, le dihydrog\u00e9nodiphosphate de calcium, le lait \u00e9cr\u00e9m\u00e9 en poudre, l&rsquo;huile de saumon, l&rsquo;huile de tournesol et le chlorure de sodium.<\/li>\n<\/ul>\n<p><strong>Directives d&rsquo;alimentation\u00a0:<\/strong><\/p>\n<ul>\n<li>Donnez quotidiennement 1 comprim\u00e9 par tranche de 5 kg de poids corporel de votre chiot.<\/li>\n<li>Les comprim\u00e9s peuvent \u00eatre administr\u00e9s directement ou \u00e9cras\u00e9s et m\u00e9lang\u00e9s \u00e0 la nourriture habituelle de votre chien.<\/li>\n<li>Assurez-vous de ne pas d\u00e9passer la quantit\u00e9 quotidienne recommand\u00e9e.<\/li>\n<\/ul>\n<p><strong>Composants analytiques\u00a0:<\/strong><\/p>\n<ul>\n<li>Prot\u00e9ine : 8,5%<\/li>\n<li>Teneur en mati\u00e8res grasses\u00a0: 4,2\u00a0%<\/li>\n<li>Fibre totale\u00a0: 2,3\u00a0%<\/li>\n<li>Glucides : 10,6%<\/li>\n<\/ul>\n<p><strong>Additifs pour 1 kg :<\/strong><\/p>\n<ul>\n<li>Les additifs nutritionnels comprennent des vitamines essentielles (A, D3, E, K, B1, B2, B6, B12, C, biotine, niacinamide, pantoth\u00e9nate de calcium et acide folique) et des min\u00e9raux vitaux (fer, cuivre, zinc, mangan\u00e8se et s\u00e9l\u00e9nium). .<\/li>\n<li>Les additifs zootechniques contiennent Enterococcus faecium (NCIMB 10415).<\/li>\n<\/ul>\n<p>Canvit Junior pour chiens garantit \u00e0 votre chiot le soutien dont il a besoin pour un bon d\u00e9part dans la vie.<\/p>\n","protected":false},"excerpt":{"rendered":"<div class=\"short-description\">\n<div class=\"product-short-description\">\n<p>Ce compl\u00e9ment de 100 g est sp\u00e9cialement con\u00e7u pour favoriser une croissance et un d\u00e9veloppement sains chez les chiots et les jeunes chiens.<\/p>\n<\/div>\n<\/div>\n","protected":false},"featured_media":26850,"template":"","meta":{"jetpack_publicize_message":"","jetpack_publicize_feature_enabled":true,"jetpack_social_post_already_shared":true,"jetpack_social_options":{"image_generator_settings":{"template":"highway","default_image_id":0,"font":"","enabled":false},"version":2}},"product_brand":[],"product_cat":[218],"product_tag":[],"class_list":{"0":"post-26849","1":"product","2":"type-product","3":"status-publish","4":"has-post-thumbnail","6":"product_cat-complement-alimentaire","8":"first","9":"instock","10":"taxable","11":"shipping-taxable","12":"purchasable","13":"product-type-simple"},"supplier_id":5590,"supplier_sku":"507795","barcode":"8595602507795","atum_controlled":true,"out_stock_date":null,"out_stock_threshold":null,"inheritable":false,"inbound_stock":0,"stock_on_hold":0,"sold_today":0,"sales_last_days":0,"reserved_stock":0,"customer_returns":0,"warehouse_damage":0,"lost_in_post":0,"other_logs":0,"out_stock_days":0,"lost_sales":0,"has_location":false,"update_date":"2026-05-12T00:20:05","atum_locations":[],"atum_stock_status":"instock","restock_status":false,"low_stock_amount":4,"sales_update_date":"2026-05-12T00:20:05","calc_backorders":null,"jetpack_publicize_connections":[],"jetpack_sharing_enabled":true,"batches":[{"id":"5188","date_created":"2025-09-07 20:49:56","date_expiry":"2026-11-29 00:00:00","user_id":"2760","batch_number":"lot291126","location":"","quantity":"10.0000","quantity_available":"9.0000","units":"1","status":"active","order_ids":"[32083]","supplier":"Brit","po":{"id":"5146","date_created":"2025-09-07 20:49:57","batch_id":"5188","po_number":"","supplier":"Brit","cost":null,"regular_price":null,"sale_price":null,"price_margin":null,"price_discount":null}}],"_links":{"self":[{"href":"https:\/\/petworld.ma\/index.php\/wp-json\/wp\/v2\/product\/26849","targetHints":{"allow":["GET"]}}],"collection":[{"href":"https:\/\/petworld.ma\/index.php\/wp-json\/wp\/v2\/product"}],"about":[{"href":"https:\/\/petworld.ma\/index.php\/wp-json\/wp\/v2\/types\/product"}],"wp:featuredmedia":[{"embeddable":true,"href":"https:\/\/petworld.ma\/index.php\/wp-json\/wp\/v2\/media\/26850"}],"wp:attachment":[{"href":"https:\/\/petworld.ma\/index.php\/wp-json\/wp\/v2\/media?parent=26849"}],"wp:term":[{"taxonomy":"product_brand","embeddable":true,"href":"https:\/\/petworld.ma\/index.php\/wp-json\/wp\/v2\/product_brand?post=26849"},{"taxonomy":"product_cat","embeddable":true,"href":"https:\/\/petworld.ma\/index.php\/wp-json\/wp\/v2\/product_cat?post=26849"},{"taxonomy":"product_tag","embeddable":true,"href":"https:\/\/petworld.ma\/index.php\/wp-json\/wp\/v2\/product_tag?post=26849"}],"curies":[{"name":"wp","href":"https:\/\/api.w.org\/{rel}","templated":true}]}}