{"id":26851,"date":"2025-09-07T20:51:00","date_gmt":"2025-09-07T20:51:00","guid":{"rendered":"https:\/\/petworld.ma\/?post_type=product&#038;p=26851"},"modified":"2026-05-05T22:25:07","modified_gmt":"2026-05-05T22:25:07","slug":"canvit-complement-multi-vitamine-pour-chat-100g","status":"publish","type":"product","link":"https:\/\/petworld.ma\/index.php\/produit\/canvit-complement-multi-vitamine-pour-chat-100g\/","title":{"rendered":"CanVit Compl\u00e9ment Multi Vitamin\u00e9 Pour Chat 100g"},"content":{"rendered":"<p><span dir=\"auto\">Canvit Multi est un compl\u00e9ment alimentaire de confiance, sp\u00e9cialement formul\u00e9 pour favoriser la sant\u00e9 globale des animaux de compagnie. Il offre un m\u00e9lange \u00e9quilibr\u00e9 de vitamines essentielles qui renforcent l&rsquo;immunit\u00e9, le fonctionnement du syst\u00e8me nerveux et la sant\u00e9 cardiovasculaire.<\/span><\/p>\n<p><strong><span dir=\"auto\">Principaux avantages :<\/span><\/strong><\/p>\n<ul>\n<li><span dir=\"auto\">Soutien immunitaire : Aide \u00e0 renforcer le syst\u00e8me immunitaire, r\u00e9duisant ainsi le risque de maladies.<\/span><\/li>\n<li><span dir=\"auto\">Soutien \u00e0 la croissance et au d\u00e9veloppement : B\u00e9n\u00e9fique pour les chatons pendant les phases de croissance.<\/span><\/li>\n<li><span dir=\"auto\">Am\u00e9lioration de la sant\u00e9 g\u00e9n\u00e9rale : Contribue \u00e0 une meilleure sant\u00e9 globale, en particulier pendant les p\u00e9riodes de stress ou de r\u00e9cup\u00e9ration.<\/span><\/li>\n<li><span dir=\"auto\">Soutien aux animaux \u00e2g\u00e9s : Aide \u00e0 maintenir la vitalit\u00e9 et la sant\u00e9 des animaux \u00e2g\u00e9s.<\/span><\/li>\n<\/ul>\n<p><strong><span dir=\"auto\">Ingr\u00e9dients cl\u00e9s :<\/span><\/strong><\/p>\n<ul>\n<li><span dir=\"auto\">Un complexe de 13 vitamines essentielles, dont les vitamines A, D3, E, K, B1, B2, B6, B12, C, la biotine, la niacinamide, l&rsquo;acide folique et le pantoth\u00e9nate de calcium.<\/span><\/li>\n<li><span dir=\"auto\">Taurine : un acide amin\u00e9 essentiel pour la sant\u00e9 du c\u0153ur et des yeux.<\/span><\/li>\n<li><span dir=\"auto\">L\u00e9cithine et inositol : pour soutenir la fonction c\u00e9r\u00e9brale.<\/span><\/li>\n<\/ul>\n<p><span dir=\"auto\">Posologie recommand\u00e9e :<\/span><\/p>\n<p><span dir=\"auto\">Un comprim\u00e9 par 2 kg de poids corporel par jour.<\/span><\/p>\n","protected":false},"excerpt":{"rendered":"<div class=\"short-description\">\n<p><span dir=\"auto\">Complexe de 13 vitamines et de taurine pour chats qui soutient activement la sant\u00e9, le m\u00e9tabolisme, l&rsquo;immunit\u00e9 et la r\u00e9sistance au stress.<\/span><\/p>\n<\/div>\n","protected":false},"featured_media":26853,"template":"","meta":{"jetpack_publicize_message":"","jetpack_publicize_feature_enabled":true,"jetpack_social_post_already_shared":true,"jetpack_social_options":{"image_generator_settings":{"template":"highway","default_image_id":0,"font":"","enabled":false},"version":2}},"product_brand":[],"product_cat":[219,41,238],"product_tag":[],"class_list":{"0":"post-26851","1":"product","2":"type-product","3":"status-publish","4":"has-post-thumbnail","6":"product_cat-complement-alimentaire-hygiene-et-soins-pour-chat","7":"product_cat-friandises-et-pate-pour-chat","8":"product_cat-friandises-secs-chat","10":"first","11":"outofstock","12":"taxable","13":"shipping-taxable","14":"purchasable","15":"product-type-simple"},"supplier_id":5590,"supplier_sku":"507733","barcode":"8595602507733","atum_controlled":true,"out_stock_date":"2026-05-05 22:25:07","out_stock_threshold":null,"inheritable":false,"inbound_stock":0,"stock_on_hold":0,"sold_today":0,"sales_last_days":2,"reserved_stock":0,"customer_returns":0,"warehouse_damage":0,"lost_in_post":0,"other_logs":0,"out_stock_days":8,"lost_sales":262,"has_location":false,"update_date":"2026-05-14T00:03:13","atum_locations":[],"atum_stock_status":"outofstock","restock_status":false,"low_stock_amount":4,"sales_update_date":"2026-05-14T00:03:13","calc_backorders":null,"jetpack_publicize_connections":[],"jetpack_sharing_enabled":true,"batches":[{"id":"5190","date_created":"2025-09-07 21:06:14","date_expiry":"2026-10-17 00:00:00","user_id":"2760","batch_number":"lot171026","location":"","quantity":"10.0000","quantity_available":"0.0000","units":"1","status":"archived","order_ids":"[26897,27177,28702,28711,29348,29509,30297]","supplier":"Brit","po":{"id":"5148","date_created":"2025-09-07 21:06:20","batch_id":"5190","po_number":"","supplier":"Brit","cost":null,"regular_price":null,"sale_price":null,"price_margin":null,"price_discount":null}},{"id":"7967","date_created":"2026-02-26 15:26:13","date_expiry":"2027-05-30 00:00:00","user_id":"2760","batch_number":"lot300527","location":"","quantity":"10.0000","quantity_available":"0.0000","units":"1","status":"archived","order_ids":"[36836,37029,37664,38070,40549,41360,41448]","supplier":"Brit","po":{"id":"7905","date_created":"2026-02-26 15:26:14","batch_id":"7967","po_number":"","supplier":"Brit","cost":null,"regular_price":null,"sale_price":null,"price_margin":null,"price_discount":null}}],"_links":{"self":[{"href":"https:\/\/petworld.ma\/index.php\/wp-json\/wp\/v2\/product\/26851","targetHints":{"allow":["GET"]}}],"collection":[{"href":"https:\/\/petworld.ma\/index.php\/wp-json\/wp\/v2\/product"}],"about":[{"href":"https:\/\/petworld.ma\/index.php\/wp-json\/wp\/v2\/types\/product"}],"wp:featuredmedia":[{"embeddable":true,"href":"https:\/\/petworld.ma\/index.php\/wp-json\/wp\/v2\/media\/26853"}],"wp:attachment":[{"href":"https:\/\/petworld.ma\/index.php\/wp-json\/wp\/v2\/media?parent=26851"}],"wp:term":[{"taxonomy":"product_brand","embeddable":true,"href":"https:\/\/petworld.ma\/index.php\/wp-json\/wp\/v2\/product_brand?post=26851"},{"taxonomy":"product_cat","embeddable":true,"href":"https:\/\/petworld.ma\/index.php\/wp-json\/wp\/v2\/product_cat?post=26851"},{"taxonomy":"product_tag","embeddable":true,"href":"https:\/\/petworld.ma\/index.php\/wp-json\/wp\/v2\/product_tag?post=26851"}],"curies":[{"name":"wp","href":"https:\/\/api.w.org\/{rel}","templated":true}]}}