{"id":26983,"date":"2025-09-10T20:52:24","date_gmt":"2025-09-10T20:52:24","guid":{"rendered":"https:\/\/petworld.ma\/?post_type=product&#038;p=26983"},"modified":"2026-05-01T18:09:50","modified_gmt":"2026-05-01T18:09:50","slug":"jungle-biscuits-crunch-chat-anti-age-saumon-60g","status":"publish","type":"product","link":"https:\/\/petworld.ma\/index.php\/produit\/jungle-biscuits-crunch-chat-anti-age-saumon-60g\/","title":{"rendered":"Jungle Biscuits Crunch Chat Anti-Age Saumon (60g)"},"content":{"rendered":"<div id=\"-product-tabs-44-66\" class=\"oxy-product-tabs oxy-woo-element\">\n<div class=\"woocommerce-tabs wc-tabs-wrapper\">\n<p><strong><span dir=\"auto\">Friandises croquantes anti-\u00e2ge au saumon Jungle pour chats<\/span><\/strong><\/p>\n<p><span dir=\"auto\">C&rsquo;est le choix id\u00e9al pour soutenir la sant\u00e9 de votre chat \u00e0 chaque \u00e9tape de sa vie. Ce compl\u00e9ment alimentaire contient de d\u00e9licieux morceaux de saumon et une coquille croustillante enrichie en om\u00e9ga-3, qui contribuent \u00e0 lutter contre les signes de l&rsquo;\u00e2ge et \u00e0 pr\u00e9server la sant\u00e9 de votre chat. Il contient \u00e9galement des vitamines et de la taurine, qui contribuent \u00e0 sa sant\u00e9 g\u00e9n\u00e9rale et \u00e0 maintenir sa vitalit\u00e9 et son activit\u00e9. Sp\u00e9cialement formul\u00e9 pour r\u00e9pondre aux besoins des chats, jeunes et \u00e2g\u00e9s, c&rsquo;est un excellent choix pour votre chat \u00e0 tout moment de la journ\u00e9e.<\/span><\/p>\n<p><strong><span dir=\"auto\">Caract\u00e9ristiques du produit :<\/span><\/strong><\/p>\n<p><span dir=\"auto\">Riche en prot\u00e9ines animales : Contient de d\u00e9licieux morceaux de saumon qui favorisent le d\u00e9veloppement musculaire et fournissent de l&rsquo;\u00e9nergie aux chats.<\/span><\/p>\n<p><span dir=\"auto\">Cro\u00fbte croustillante : Aide \u00e0 soutenir la sant\u00e9 des os et des dents.<\/span><\/p>\n<p><span dir=\"auto\">Om\u00e9ga 3 : Favorise une peau et un pelage sains et combat les signes du vieillissement.<\/span><\/p>\n<p><span dir=\"auto\">Vitamines et taurine : Enrichi en vitamines essentielles et en taurine qui favorisent la sant\u00e9 des yeux et du c\u0153ur.<\/span><\/p>\n<p><span dir=\"auto\">Anti-\u00e2ge : Favorise une peau et un pelage sains, aidant les chats \u00e0 rester jeunes jusqu&rsquo;\u00e0 un \u00e2ge avanc\u00e9.<\/span><\/p>\n<p><span dir=\"auto\">Facile \u00e0 dig\u00e9rer : Convient aux chats \u00e0 l&rsquo;estomac sensible gr\u00e2ce \u00e0 sa formule naturelle.<\/span><\/p>\n<\/div>\n<\/div>\n","protected":false},"excerpt":{"rendered":"<p>Friandises croquantes anti-\u00e2ge au saumon Jungle pour chats C&rsquo;est le choix id\u00e9al pour soutenir la sant\u00e9 de votre chat \u00e0 chaque \u00e9tape de sa vie. Ce compl\u00e9ment alimentaire contient de d\u00e9licieux morceaux de saumon et une coquille croustillante enrichie en om\u00e9ga-3, qui contribuent \u00e0 lutter contre les signes de l&rsquo;\u00e2ge et \u00e0 pr\u00e9server la sant\u00e9 [&#8230;]\n","protected":false},"featured_media":26984,"template":"","meta":{"jetpack_publicize_message":"","jetpack_publicize_feature_enabled":true,"jetpack_social_post_already_shared":true,"jetpack_social_options":{"image_generator_settings":{"template":"highway","default_image_id":0,"font":"","enabled":false},"version":2}},"product_brand":[],"product_cat":[41,238],"product_tag":[],"class_list":{"0":"post-26983","1":"product","2":"type-product","3":"status-publish","4":"has-post-thumbnail","6":"product_cat-friandises-et-pate-pour-chat","7":"product_cat-friandises-secs-chat","9":"first","10":"instock","11":"taxable","12":"shipping-taxable","13":"purchasable","14":"product-type-simple"},"supplier_id":30685,"supplier_sku":"JNGE-003","barcode":null,"atum_controlled":true,"out_stock_date":null,"out_stock_threshold":null,"inheritable":false,"inbound_stock":0,"stock_on_hold":1,"sold_today":0,"sales_last_days":3,"reserved_stock":0,"customer_returns":0,"warehouse_damage":0,"lost_in_post":0,"other_logs":0,"out_stock_days":0,"lost_sales":0,"has_location":false,"update_date":"2026-05-07T00:16:38","atum_locations":[],"atum_stock_status":"instock","restock_status":false,"low_stock_amount":12,"sales_update_date":"2026-05-07T00:16:37","calc_backorders":null,"jetpack_publicize_connections":[],"jetpack_sharing_enabled":true,"batches":[{"id":"5259","date_created":"2025-09-10 20:55:50","date_expiry":"2026-07-24 00:00:00","user_id":"2760","batch_number":"lot240726","location":"","quantity":"20.0000","quantity_available":"0.0000","units":"1","status":"archived","order_ids":"[26987,27695,28272,28589,29096,29421,30260,30476,30723,30897,31014]","supplier":"petsline","po":{"id":"5217","date_created":"2025-09-10 20:56:01","batch_id":"5259","po_number":"","supplier":"petsline","cost":null,"regular_price":null,"sale_price":null,"price_margin":null,"price_discount":null}},{"id":"6032","date_created":"2025-11-06 11:29:10","date_expiry":"2027-07-30 00:00:00","user_id":"2760","batch_number":"lot300727","location":"","quantity":"20.0000","quantity_available":"0.0000","units":"1","status":"archived","order_ids":"[31109,31208,31253,31273,31646,31918,32042,32120,32238,33202]","supplier":"petsline","po":{"id":"5976","date_created":"2025-11-06 11:29:11","batch_id":"6032","po_number":"","supplier":"petsline","cost":null,"regular_price":null,"sale_price":null,"price_margin":null,"price_discount":null}},{"id":"6833","date_created":"2025-12-22 12:20:50","date_expiry":"2027-07-30 00:00:00","user_id":"2760","batch_number":"lot300727","location":"","quantity":"30.0000","quantity_available":"12.0000","units":"1","status":"active","order_ids":"[33614,34899,35907,36788,36814,37103,37115,37379,39898,40399,40726]","supplier":"petsline","po":{"id":"7849","date_created":"2026-02-24 20:28:35","batch_id":"6833","po_number":"","supplier":"petsline","cost":null,"regular_price":null,"sale_price":null,"price_margin":null,"price_discount":null}},{"id":"7912","date_created":"2026-02-24 20:28:35","date_expiry":"2027-07-30 00:00:00","user_id":"2760","batch_number":"lot300727","location":"","quantity":"10.0000","quantity_available":"0.0000","units":"1","status":"archived","order_ids":"[36730,36788]","supplier":"petsline","po":{"id":"7850","date_created":"2026-02-24 20:28:35","batch_id":"7912","po_number":"","supplier":"petsline","cost":null,"regular_price":null,"sale_price":null,"price_margin":null,"price_discount":null}},{"id":"8265","date_created":"2026-03-14 11:49:00","date_expiry":"2027-07-30 00:00:00","user_id":"2760","batch_number":"lot300727","location":"","quantity":"10.0000","quantity_available":"0.0000","units":"1","status":"archived","order_ids":"[37896,37963,37992,38172,38379,38633,38659,38684,39454]","supplier":"petsline","po":{"id":"8191","date_created":"2026-03-14 11:49:00","batch_id":"8265","po_number":"","supplier":"petsline","cost":null,"regular_price":null,"sale_price":null,"price_margin":null,"price_discount":null}},{"id":"9268","date_created":"2026-04-30 15:51:00","date_expiry":"2027-07-30 00:00:00","user_id":"2760","batch_number":"lot300727","location":"","quantity":"10.0000","quantity_available":"7.0000","units":"1","status":"active","order_ids":"[41110,41199]","supplier":"petsline","po":{"id":"9191","date_created":"2026-04-30 15:51:00","batch_id":"9268","po_number":"","supplier":"petsline","cost":null,"regular_price":null,"sale_price":null,"price_margin":null,"price_discount":null}}],"_links":{"self":[{"href":"https:\/\/petworld.ma\/index.php\/wp-json\/wp\/v2\/product\/26983","targetHints":{"allow":["GET"]}}],"collection":[{"href":"https:\/\/petworld.ma\/index.php\/wp-json\/wp\/v2\/product"}],"about":[{"href":"https:\/\/petworld.ma\/index.php\/wp-json\/wp\/v2\/types\/product"}],"wp:featuredmedia":[{"embeddable":true,"href":"https:\/\/petworld.ma\/index.php\/wp-json\/wp\/v2\/media\/26984"}],"wp:attachment":[{"href":"https:\/\/petworld.ma\/index.php\/wp-json\/wp\/v2\/media?parent=26983"}],"wp:term":[{"taxonomy":"product_brand","embeddable":true,"href":"https:\/\/petworld.ma\/index.php\/wp-json\/wp\/v2\/product_brand?post=26983"},{"taxonomy":"product_cat","embeddable":true,"href":"https:\/\/petworld.ma\/index.php\/wp-json\/wp\/v2\/product_cat?post=26983"},{"taxonomy":"product_tag","embeddable":true,"href":"https:\/\/petworld.ma\/index.php\/wp-json\/wp\/v2\/product_tag?post=26983"}],"curies":[{"name":"wp","href":"https:\/\/api.w.org\/{rel}","templated":true}]}}