{"id":27169,"date":"2025-09-15T10:05:59","date_gmt":"2025-09-15T10:05:59","guid":{"rendered":"https:\/\/petworld.ma\/?post_type=product&#038;p=27169"},"modified":"2026-04-24T08:11:34","modified_gmt":"2026-04-24T08:11:34","slug":"leopet-natural-fibres-de-bois-900g","status":"publish","type":"product","link":"https:\/\/petworld.ma\/index.php\/produit\/leopet-natural-fibres-de-bois-900g\/","title":{"rendered":"Leopet Natural Fibres De Bois 900g"},"content":{"rendered":"<p><span dir=\"auto\">La liti\u00e8re naturelle LEOPET est enti\u00e8rement compos\u00e9e de bois tendre 100 % naturel. Sans traitement chimique, elle convient \u00e0 tous les types de rongeurs. C&rsquo;est un produit hygi\u00e9nique aux propri\u00e9t\u00e9s antibact\u00e9riennes et hautement absorbant, qui reste sec et retient les odeurs, pr\u00e9servant ainsi l&rsquo;habitat id\u00e9al de vos compagnons \u00e0 quatre pattes. Avertissements\u00a0:<\/span><\/p>\n<p><span dir=\"auto\">&#8211; Ne contient pas de poudres ;<\/span><\/p>\n<p><span dir=\"auto\">&#8211; D\u00e9poser 4 \u00e0 6 cm de produit au fond, retirer quotidiennement la couche sup\u00e9rieure et la remplacer par une nouvelle liti\u00e8re ;<\/span><\/p>\n<p><span dir=\"auto\">&#8211; Remplacer p\u00e9riodiquement la quantit\u00e9 enti\u00e8re ;<\/span><\/p>\n<p><span dir=\"auto\">&#8211; Puisqu&rsquo;il s&rsquo;agit d&rsquo;un produit enti\u00e8rement naturel et 100% compostable, il peut \u00eatre jet\u00e9 avec les d\u00e9chets organiques.\u00a0<\/span><\/p>\n<p><span dir=\"auto\">Conditionnement : 900 gr\u00a0<\/span><\/p>\n","protected":false},"excerpt":{"rendered":"<div class=\"elementor-toggle-item\">\n<div id=\"elementor-tab-content-3301\" class=\"elementor-tab-content elementor-clearfix elementor-active\" role=\"region\" data-tab=\"1\" aria-labelledby=\"elementor-tab-title-3301\">La liti\u00e8re au bois absorbe, neutralise les odeurs et est sans poussi\u00e8re. \u00c9cologique, fra\u00eeche et id\u00e9ale pour les rongeurs, elle pr\u00e9serve un environnement propre et confortable.<\/div>\n<\/div>\n<div class=\"elementor-toggle-item\">\n<div id=\"elementor-tab-title-3302\" class=\"elementor-tab-title\" role=\"button\" data-tab=\"2\" aria-controls=\"elementor-tab-content-3302\" aria-expanded=\"false\"><\/div>\n<\/div>\n","protected":false},"featured_media":27170,"template":"","meta":{"jetpack_publicize_message":"","jetpack_publicize_feature_enabled":true,"jetpack_social_post_already_shared":true,"jetpack_social_options":{"image_generator_settings":{"template":"highway","default_image_id":0,"font":"","enabled":false},"version":2}},"product_brand":[],"product_cat":[94,206],"product_tag":[],"class_list":{"0":"post-27169","1":"product","2":"type-product","3":"status-publish","4":"has-post-thumbnail","6":"product_cat-litieres-et-bacs","7":"product_cat-rongeurs","9":"first","10":"outofstock","11":"taxable","12":"shipping-taxable","13":"purchasable","14":"product-type-simple"},"supplier_id":5588,"supplier_sku":"","barcode":"8055773381063","atum_controlled":true,"out_stock_date":"2026-04-24 08:11:35","out_stock_threshold":null,"inheritable":false,"inbound_stock":0,"stock_on_hold":0,"sold_today":0,"sales_last_days":1,"reserved_stock":0,"customer_returns":0,"warehouse_damage":0,"lost_in_post":0,"other_logs":0,"out_stock_days":1,"lost_sales":5,"has_location":false,"update_date":"2026-04-25T11:58:05","atum_locations":[],"atum_stock_status":"outofstock","restock_status":false,"low_stock_amount":2,"sales_update_date":"2026-04-25T11:58:04","calc_backorders":null,"jetpack_publicize_connections":[],"jetpack_sharing_enabled":true,"batches":[],"_links":{"self":[{"href":"https:\/\/petworld.ma\/index.php\/wp-json\/wp\/v2\/product\/27169","targetHints":{"allow":["GET"]}}],"collection":[{"href":"https:\/\/petworld.ma\/index.php\/wp-json\/wp\/v2\/product"}],"about":[{"href":"https:\/\/petworld.ma\/index.php\/wp-json\/wp\/v2\/types\/product"}],"wp:featuredmedia":[{"embeddable":true,"href":"https:\/\/petworld.ma\/index.php\/wp-json\/wp\/v2\/media\/27170"}],"wp:attachment":[{"href":"https:\/\/petworld.ma\/index.php\/wp-json\/wp\/v2\/media?parent=27169"}],"wp:term":[{"taxonomy":"product_brand","embeddable":true,"href":"https:\/\/petworld.ma\/index.php\/wp-json\/wp\/v2\/product_brand?post=27169"},{"taxonomy":"product_cat","embeddable":true,"href":"https:\/\/petworld.ma\/index.php\/wp-json\/wp\/v2\/product_cat?post=27169"},{"taxonomy":"product_tag","embeddable":true,"href":"https:\/\/petworld.ma\/index.php\/wp-json\/wp\/v2\/product_tag?post=27169"}],"curies":[{"name":"wp","href":"https:\/\/api.w.org\/{rel}","templated":true}]}}