{"id":27222,"date":"2025-09-15T22:30:24","date_gmt":"2025-09-15T22:30:24","guid":{"rendered":"https:\/\/petworld.ma\/?post_type=product&#038;p=27222"},"modified":"2025-12-07T19:38:35","modified_gmt":"2025-12-07T19:38:35","slug":"arbre-a-chat-bleu-fonce-de-la-marque-leopet-cachette-griffoir-et-relax","status":"publish","type":"product","link":"https:\/\/petworld.ma\/index.php\/produit\/arbre-a-chat-bleu-fonce-de-la-marque-leopet-cachette-griffoir-et-relax\/","title":{"rendered":"Arbre \u00e0 chat Bleu fonc\u00e9 de la marque Leopet (Cachette | Griffoir et Relax)"},"content":{"rendered":"<div><\/div>\n<div id=\"accordion-content-description\" class=\"yv-accordion-content\">\n<div class=\"yv-content-body rich-editor-text-content\">\n<div class=\"product-description\">\n<p><span dir=\"auto\">Offrez \u00e0 votre chat l&rsquo;endroit id\u00e9al pour faire ses griffes et jouer avec le griffoir Giglio, d&rsquo;un \u00e9l\u00e9gant bleu fonc\u00e9. Avec ses dimensions compactes de 30 x 30 x 55 cm, ce griffoir s&rsquo;adapte facilement \u00e0 tous les espaces sans sacrifier son style. Fabriqu\u00e9 \u00e0 partir de mat\u00e9riaux durables et de haute qualit\u00e9, il garantit durabilit\u00e9 et s\u00e9curit\u00e9 \u00e0 votre compagnon f\u00e9lin.<\/span><\/p>\n<h3><strong><span dir=\"auto\">Caract\u00e9ristiques principales :<\/span><\/strong><\/h3>\n<ul>\n<li><strong><span dir=\"auto\">Dimensions :<\/span><\/strong><span dir=\"auto\">\u00a030x30x55 cm<\/span><\/li>\n<li><strong><span dir=\"auto\">Couleur :<\/span><\/strong><span dir=\"auto\">\u00a0bleu fonc\u00e9<\/span><\/li>\n<li><strong><span dir=\"auto\">Mat\u00e9riau durable :<\/span><\/strong><span dir=\"auto\">\u00a0con\u00e7u pour r\u00e9sister aux rayures importantes<\/span><\/li>\n<li><strong><span dir=\"auto\">Conception compacte :<\/span><\/strong><span dir=\"auto\">\u00a0parfaite m\u00eame pour les petits espaces<\/span><\/li>\n<li><strong><span dir=\"auto\">Facile \u00e0 assembler :<\/span><\/strong><span dir=\"auto\">\u00a0comprend des instructions d\u00e9taill\u00e9es<\/span><\/li>\n<\/ul>\n<p><span dir=\"auto\">Le griffoir Giglio bleu fonc\u00e9 comble non seulement l&rsquo;instinct naturel de votre chat, mais ajoute \u00e9galement une touche d&rsquo;\u00e9l\u00e9gance \u00e0 votre d\u00e9coration. Ne manquez pas l&rsquo;occasion de faire plaisir \u00e0 votre chat avec ce griffoir pratique et \u00e9l\u00e9gant\u00a0!<\/span><\/p>\n<\/div>\n<\/div>\n<\/div>\n","protected":false},"excerpt":{"rendered":"<p>Offrez \u00e0 votre chat l&rsquo;endroit id\u00e9al pour faire ses griffes et jouer avec le griffoir Giglio, d&rsquo;un \u00e9l\u00e9gant bleu fonc\u00e9. Avec ses dimensions compactes de 30 x 30 x 55 cm, ce griffoir s&rsquo;adapte facilement \u00e0 tous les espaces sans sacrifier son style. Fabriqu\u00e9 \u00e0 partir de mat\u00e9riaux durables et de haute qualit\u00e9, il garantit [&#8230;]\n","protected":false},"featured_media":27223,"template":"","meta":{"jetpack_publicize_message":"","jetpack_publicize_feature_enabled":true,"jetpack_social_post_already_shared":true,"jetpack_social_options":{"image_generator_settings":{"template":"highway","default_image_id":0,"font":"","enabled":false},"version":2}},"product_brand":[],"product_cat":[95],"product_tag":[],"class_list":{"0":"post-27222","1":"product","2":"type-product","3":"status-publish","4":"has-post-thumbnail","6":"product_cat-arbres-a-chat","8":"first","9":"outofstock","10":"sale","11":"taxable","12":"shipping-taxable","13":"purchasable","14":"product-type-simple"},"supplier_id":5603,"supplier_sku":"","barcode":null,"atum_controlled":true,"out_stock_date":"2025-12-07 19:38:36","out_stock_threshold":null,"inheritable":false,"inbound_stock":0,"stock_on_hold":0,"sold_today":0,"sales_last_days":0,"reserved_stock":0,"customer_returns":0,"warehouse_damage":0,"lost_in_post":0,"other_logs":0,"out_stock_days":138,"lost_sales":11828,"has_location":false,"update_date":"2026-04-25T08:59:06","atum_locations":[],"atum_stock_status":"outofstock","restock_status":false,"low_stock_amount":1,"sales_update_date":"2026-04-25T08:59:06","calc_backorders":null,"jetpack_publicize_connections":[],"jetpack_sharing_enabled":true,"batches":[],"_links":{"self":[{"href":"https:\/\/petworld.ma\/index.php\/wp-json\/wp\/v2\/product\/27222","targetHints":{"allow":["GET"]}}],"collection":[{"href":"https:\/\/petworld.ma\/index.php\/wp-json\/wp\/v2\/product"}],"about":[{"href":"https:\/\/petworld.ma\/index.php\/wp-json\/wp\/v2\/types\/product"}],"wp:featuredmedia":[{"embeddable":true,"href":"https:\/\/petworld.ma\/index.php\/wp-json\/wp\/v2\/media\/27223"}],"wp:attachment":[{"href":"https:\/\/petworld.ma\/index.php\/wp-json\/wp\/v2\/media?parent=27222"}],"wp:term":[{"taxonomy":"product_brand","embeddable":true,"href":"https:\/\/petworld.ma\/index.php\/wp-json\/wp\/v2\/product_brand?post=27222"},{"taxonomy":"product_cat","embeddable":true,"href":"https:\/\/petworld.ma\/index.php\/wp-json\/wp\/v2\/product_cat?post=27222"},{"taxonomy":"product_tag","embeddable":true,"href":"https:\/\/petworld.ma\/index.php\/wp-json\/wp\/v2\/product_tag?post=27222"}],"curies":[{"name":"wp","href":"https:\/\/api.w.org\/{rel}","templated":true}]}}