{"id":27224,"date":"2025-09-15T22:45:14","date_gmt":"2025-09-15T22:45:14","guid":{"rendered":"https:\/\/petworld.ma\/?post_type=product&#038;p=27224"},"modified":"2025-12-31T17:56:58","modified_gmt":"2025-12-31T17:56:58","slug":"arbre-a-chat-marron-fonce-de-la-marque-leopet-cachette-griffoir-et-relax","status":"publish","type":"product","link":"https:\/\/petworld.ma\/index.php\/produit\/arbre-a-chat-marron-fonce-de-la-marque-leopet-cachette-griffoir-et-relax\/","title":{"rendered":"Arbre \u00e0 chat Marron fonc\u00e9 de la marque Leopet (Cachette | Griffoir et Relax)"},"content":{"rendered":"<div>\n<h6><span style=\"color: #555555;font-size: 14.4px\">Le griffoir Giglio brun fonc\u00e9 est le compl\u00e9ment id\u00e9al au bonheur et au bien-\u00eatre de votre chat. Avec ses dimensions compactes de 30 x 30 cm \u00e0 la base et 55 cm de hauteur, ce griffoir s&rsquo;int\u00e8gre facilement dans n&rsquo;importe quelle pi\u00e8ce de la maison, offrant \u00e0 votre f\u00e9lin un espace d\u00e9di\u00e9 pour faire ses griffes et jouer.<\/span><\/h6>\n<\/div>\n<div id=\"accordion-content-description\" class=\"yv-accordion-content\">\n<div class=\"yv-content-body rich-editor-text-content\">\n<p><strong><span dir=\"auto\">Caract\u00e9ristiques principales :<\/span><\/strong><\/p>\n<ul>\n<li><span dir=\"auto\">Dimensions : 30x30x55h cm<\/span><\/li>\n<li><span dir=\"auto\">Couleur : Marron fonc\u00e9<\/span><\/li>\n<li><span dir=\"auto\">Mat\u00e9riau de haute qualit\u00e9, durable et robuste<\/span><\/li>\n<li><span dir=\"auto\">Plateforme sur\u00e9lev\u00e9e pour observer l&rsquo;environnement environnant<\/span><\/li>\n<li><span dir=\"auto\">Parfait pour les chatons et les chats adultes<\/span><\/li>\n<li><span dir=\"auto\">Design \u00e9l\u00e9gant qui s&rsquo;int\u00e8gre facilement au d\u00e9cor<\/span><\/li>\n<\/ul>\n<p><span dir=\"auto\">La surface robuste et durable de l&rsquo;arbre \u00e0 chat Dark Brown Lily permet non seulement \u00e0 votre chat de satisfaire ses besoins naturels de grattage, prot\u00e9geant vos meubles, mais offre \u00e9galement un endroit s\u00fbr et confortable pour se reposer et s&rsquo;amuser.<\/span><\/p>\n<p><span dir=\"auto\">Ajoutez ce griffoir pour chat \u00e0 votre panier et offrez \u00e0 votre chat bien-aim\u00e9 un endroit parfait pour jouer et se d\u00e9tendre !<\/span><\/p>\n<\/div>\n<\/div>\n","protected":false},"excerpt":{"rendered":"<p>Le griffoir Giglio brun fonc\u00e9 est le compl\u00e9ment id\u00e9al au bonheur et au bien-\u00eatre de votre chat. Avec ses dimensions compactes de 30 x 30 cm \u00e0 la base et 55 cm de hauteur, ce griffoir s&rsquo;int\u00e8gre facilement dans n&rsquo;importe quelle pi\u00e8ce de la maison, offrant \u00e0 votre f\u00e9lin un espace d\u00e9di\u00e9 pour faire ses [&#8230;]\n","protected":false},"featured_media":27225,"template":"","meta":{"jetpack_publicize_message":"","jetpack_publicize_feature_enabled":true,"jetpack_social_post_already_shared":true,"jetpack_social_options":{"image_generator_settings":{"template":"highway","default_image_id":0,"font":"","enabled":false},"version":2}},"product_brand":[],"product_cat":[95],"product_tag":[],"class_list":{"0":"post-27224","1":"product","2":"type-product","3":"status-publish","4":"has-post-thumbnail","6":"product_cat-arbres-a-chat","8":"first","9":"outofstock","10":"sale","11":"taxable","12":"shipping-taxable","13":"purchasable","14":"product-type-simple"},"supplier_id":5603,"supplier_sku":"","barcode":null,"atum_controlled":true,"out_stock_date":"2025-12-31 17:56:58","out_stock_threshold":null,"inheritable":false,"inbound_stock":0,"stock_on_hold":0,"sold_today":0,"sales_last_days":0,"reserved_stock":0,"customer_returns":0,"warehouse_damage":0,"lost_in_post":0,"other_logs":0,"out_stock_days":119,"lost_sales":10200,"has_location":false,"update_date":"2026-04-30T00:16:04","atum_locations":[],"atum_stock_status":"outofstock","restock_status":false,"low_stock_amount":1,"sales_update_date":"2026-04-30T00:16:03","calc_backorders":null,"jetpack_publicize_connections":[],"jetpack_sharing_enabled":true,"batches":[],"_links":{"self":[{"href":"https:\/\/petworld.ma\/index.php\/wp-json\/wp\/v2\/product\/27224","targetHints":{"allow":["GET"]}}],"collection":[{"href":"https:\/\/petworld.ma\/index.php\/wp-json\/wp\/v2\/product"}],"about":[{"href":"https:\/\/petworld.ma\/index.php\/wp-json\/wp\/v2\/types\/product"}],"wp:featuredmedia":[{"embeddable":true,"href":"https:\/\/petworld.ma\/index.php\/wp-json\/wp\/v2\/media\/27225"}],"wp:attachment":[{"href":"https:\/\/petworld.ma\/index.php\/wp-json\/wp\/v2\/media?parent=27224"}],"wp:term":[{"taxonomy":"product_brand","embeddable":true,"href":"https:\/\/petworld.ma\/index.php\/wp-json\/wp\/v2\/product_brand?post=27224"},{"taxonomy":"product_cat","embeddable":true,"href":"https:\/\/petworld.ma\/index.php\/wp-json\/wp\/v2\/product_cat?post=27224"},{"taxonomy":"product_tag","embeddable":true,"href":"https:\/\/petworld.ma\/index.php\/wp-json\/wp\/v2\/product_tag?post=27224"}],"curies":[{"name":"wp","href":"https:\/\/api.w.org\/{rel}","templated":true}]}}