{"id":27306,"date":"2025-09-16T22:37:53","date_gmt":"2025-09-16T22:37:53","guid":{"rendered":"https:\/\/petworld.ma\/?post_type=product&#038;p=27306"},"modified":"2025-09-19T13:11:29","modified_gmt":"2025-09-19T13:11:29","slug":"peluche-pour-chien-rough-and-tough-etoile-de-mer-medium-beco","status":"publish","type":"product","link":"https:\/\/petworld.ma\/index.php\/produit\/peluche-pour-chien-rough-and-tough-etoile-de-mer-medium-beco\/","title":{"rendered":"Peluche Pour Chien Rough and Tough Etoile de Mer Medium Beco"},"content":{"rendered":"<p><span dir=\"auto\">Certains chiens croient en l&rsquo;amour dur. L&rsquo;\u00e9toile de mer Beco Recycled Rough &amp; Tough est faite pour eux\u00a0: un jouet robuste et r\u00e9sistant qui r\u00e9siste aux morsures et aux jeux. Fabriqu\u00e9 \u00e0 partir de mat\u00e9riaux recycl\u00e9s, il r\u00e9utilise ce qui existe d\u00e9j\u00e0, donnant une seconde vie aux d\u00e9chets tout en encourageant leur collecte et leur r\u00e9utilisation.<\/span><\/p>\n<h2><span dir=\"auto\">Caract\u00e9ristiques de l&rsquo;\u00e9toile de mer recycl\u00e9e Beco Rough &amp; Tough :<\/span><\/h2>\n<p><strong><span dir=\"auto\">Mat\u00e9riaux recycl\u00e9s<\/span><\/strong><span dir=\"auto\">\u00a0: Le rembourrage de ce jouet est fabriqu\u00e9 \u00e0 partir de polyester recycl\u00e9, donnant une seconde vie aux d\u00e9chets plastiques et encourageant leur collecte et leur r\u00e9utilisation.<\/span><\/p>\n<p><strong><span dir=\"auto\">Ultra r\u00e9sistant<\/span><\/strong><span dir=\"auto\">\u00a0: Les panneaux sont tiss\u00e9s ensemble avec une double couture et renforc\u00e9s par une seconde couche de tissu. Chaque panneau est dot\u00e9 d&rsquo;une seconde couche de tissu pour renforcer la premi\u00e8re. Ultra r\u00e9sistants, ils offrent \u00e0 votre chien deux fois plus de plaisir.<\/span><\/p>\n<p><strong><span dir=\"auto\">Couinement, couinement, couinement<\/span><\/strong><span dir=\"auto\">\u00a0: Les chiens adorent les jouets qui couinent. Pour nous, humains, la r\u00e9ponse est non. Le couinement de ce jouet est puissant et increvable, ce qui signifie que vos compagnons \u00e0 quatre pattes vont l&rsquo;adorer et qu&rsquo;il restera probablement dans les parages pendant un certain temps. Nous l&rsquo;avons test\u00e9 avec nos coll\u00e8gues canins et ils l&rsquo;ont approuv\u00e9.<\/span><\/p>\n","protected":false},"excerpt":{"rendered":"<p>Certains chiens croient en l&rsquo;amour dur. L&rsquo;\u00e9toile de mer Beco Recycled Rough &amp; Tough est faite pour eux\u00a0: un jouet robuste et r\u00e9sistant qui r\u00e9siste aux morsures et aux jeux. Fabriqu\u00e9 \u00e0 partir de mat\u00e9riaux recycl\u00e9s, il r\u00e9utilise ce qui existe d\u00e9j\u00e0, donnant une seconde vie aux d\u00e9chets tout en encourageant leur collecte et leur [&#8230;]\n","protected":false},"featured_media":27307,"template":"","meta":{"jetpack_publicize_message":"","jetpack_publicize_feature_enabled":true,"jetpack_social_post_already_shared":true,"jetpack_social_options":{"image_generator_settings":{"template":"highway","default_image_id":0,"font":"","enabled":false},"version":2}},"product_brand":[],"product_cat":[23,106],"product_tag":[],"class_list":{"0":"post-27306","1":"product","2":"type-product","3":"status-publish","4":"has-post-thumbnail","6":"product_cat-chien","7":"product_cat-jouet-et-dressage","9":"first","10":"instock","11":"sale","12":"taxable","13":"shipping-taxable","14":"purchasable","15":"product-type-simple"},"supplier_id":5603,"supplier_sku":"","barcode":null,"atum_controlled":true,"out_stock_date":null,"out_stock_threshold":null,"inheritable":false,"inbound_stock":0,"stock_on_hold":0,"sold_today":0,"sales_last_days":0,"reserved_stock":0,"customer_returns":0,"warehouse_damage":0,"lost_in_post":0,"other_logs":0,"out_stock_days":0,"lost_sales":0,"has_location":false,"update_date":"2026-05-12T00:23:05","atum_locations":[],"atum_stock_status":"instock","restock_status":false,"low_stock_amount":2,"sales_update_date":"2026-05-12T00:23:05","calc_backorders":null,"jetpack_publicize_connections":[],"jetpack_sharing_enabled":true,"batches":[],"_links":{"self":[{"href":"https:\/\/petworld.ma\/index.php\/wp-json\/wp\/v2\/product\/27306","targetHints":{"allow":["GET"]}}],"collection":[{"href":"https:\/\/petworld.ma\/index.php\/wp-json\/wp\/v2\/product"}],"about":[{"href":"https:\/\/petworld.ma\/index.php\/wp-json\/wp\/v2\/types\/product"}],"wp:featuredmedia":[{"embeddable":true,"href":"https:\/\/petworld.ma\/index.php\/wp-json\/wp\/v2\/media\/27307"}],"wp:attachment":[{"href":"https:\/\/petworld.ma\/index.php\/wp-json\/wp\/v2\/media?parent=27306"}],"wp:term":[{"taxonomy":"product_brand","embeddable":true,"href":"https:\/\/petworld.ma\/index.php\/wp-json\/wp\/v2\/product_brand?post=27306"},{"taxonomy":"product_cat","embeddable":true,"href":"https:\/\/petworld.ma\/index.php\/wp-json\/wp\/v2\/product_cat?post=27306"},{"taxonomy":"product_tag","embeddable":true,"href":"https:\/\/petworld.ma\/index.php\/wp-json\/wp\/v2\/product_tag?post=27306"}],"curies":[{"name":"wp","href":"https:\/\/api.w.org\/{rel}","templated":true}]}}