{"id":27468,"date":"2025-09-19T10:39:22","date_gmt":"2025-09-19T10:39:22","guid":{"rendered":"https:\/\/petworld.ma\/?post_type=product&#038;p=27468"},"modified":"2025-12-25T16:22:13","modified_gmt":"2025-12-25T16:22:13","slug":"beignet-en-bois-saveur-beurre-de-cacahuete-infusee","status":"publish","type":"product","link":"https:\/\/petworld.ma\/index.php\/produit\/beignet-en-bois-saveur-beurre-de-cacahuete-infusee\/","title":{"rendered":"Beignet en bois \u2013 Saveur Beurre de Cacahu\u00e8te infus\u00e9e"},"content":{"rendered":"<p><span dir=\"auto\">Le jouet dentaire\u00a0<\/span><strong><span dir=\"auto\">\u00e0 saveur\u00a0<\/span><\/strong><span dir=\"auto\"><strong>de beignet en bois \u00e0<\/strong>\u00a0m\u00e2cher au go\u00fbt d&rsquo;arachide est con\u00e7u pour soutenir la sant\u00e9 dentaire de votre chien.<\/span><\/p>\n<p><span dir=\"auto\">Ce jouet est une option que votre chien peut utiliser pour nettoyer ses dents et masser ses gencives.<\/span><\/p>\n<p><span dir=\"auto\">Caract\u00e9ristiques du produit :<\/span><\/p>\n<ul>\n<li><span dir=\"auto\">Le jouet a la forme\u00a0<\/span><strong><span dir=\"auto\">d&rsquo;<strong>un<\/strong>\u00a0beignet en bois<\/span><\/strong><span dir=\"auto\">\u00a0et poss\u00e8de\u00a0<\/span><strong><span dir=\"auto\">des coquilles d&rsquo;arachide naturelles<\/span><\/strong><span dir=\"auto\">\u00a0.<\/span><\/li>\n<li><span dir=\"auto\">Ces coquilles d&rsquo;arachide aident\u00a0<\/span><strong><span dir=\"auto\">\u00e0 nettoyer les dents de votre chien<\/span><\/strong><span dir=\"auto\">\u00a0de mani\u00e8re naturelle et efficace.<\/span><\/li>\n<li><span dir=\"auto\">En m\u00eame temps, il d\u00e9tend les gencives de votre\u00a0<\/span><strong><span dir=\"auto\">chien<\/span><\/strong><span dir=\"auto\">\u00a0en procurant un effet de massage doux.<\/span><\/li>\n<li><span dir=\"auto\">Ce jouet est fabriqu\u00e9 en bois durable et con\u00e7u pour une utilisation \u00e0 long terme.<\/span><\/li>\n<li><span dir=\"auto\">Il est soigneusement con\u00e7u pour emp\u00eacher votre chien d&rsquo;avaler ou d&rsquo;endommager les pi\u00e8ces du jouet pendant le jeu.<\/span><\/li>\n<\/ul>\n<p><span dir=\"auto\">Diam\u00e8tre: 11 cm<\/span><\/p>\n","protected":false},"excerpt":{"rendered":"<p>Le jouet dentaire\u00a0\u00e0 saveur\u00a0de beignet en bois \u00e0\u00a0m\u00e2cher au go\u00fbt d&rsquo;arachide est con\u00e7u pour soutenir la sant\u00e9 dentaire de votre chien. Ce jouet est une option que votre chien peut utiliser pour nettoyer ses dents et masser ses gencives. Caract\u00e9ristiques du produit : Le jouet a la forme\u00a0d&rsquo;un\u00a0beignet en bois\u00a0et poss\u00e8de\u00a0des coquilles d&rsquo;arachide naturelles\u00a0. Ces [&#8230;]\n","protected":false},"featured_media":27471,"template":"","meta":{"jetpack_publicize_message":"","jetpack_publicize_feature_enabled":true,"jetpack_social_post_already_shared":true,"jetpack_social_options":{"image_generator_settings":{"template":"highway","default_image_id":0,"font":"","enabled":false},"version":2}},"product_brand":[],"product_cat":[39,106],"product_tag":[],"class_list":{"0":"post-27468","1":"product","2":"type-product","3":"status-publish","4":"has-post-thumbnail","6":"product_cat-friandises-et-pates-pour-chien","7":"product_cat-jouet-et-dressage","9":"first","10":"outofstock","11":"sale","12":"taxable","13":"shipping-taxable","14":"purchasable","15":"product-type-simple"},"supplier_id":5603,"supplier_sku":"4194","barcode":"847922041946","atum_controlled":true,"out_stock_date":"2025-12-25 16:22:13","out_stock_threshold":null,"inheritable":false,"inbound_stock":0,"stock_on_hold":0,"sold_today":0,"sales_last_days":0,"reserved_stock":0,"customer_returns":0,"warehouse_damage":0,"lost_in_post":0,"other_logs":0,"out_stock_days":118,"lost_sales":2781,"has_location":false,"update_date":"2026-04-22T23:34:28","atum_locations":[],"atum_stock_status":"outofstock","restock_status":false,"low_stock_amount":1,"sales_update_date":"2026-04-22T23:34:28","calc_backorders":null,"jetpack_publicize_connections":[],"jetpack_sharing_enabled":true,"batches":[],"_links":{"self":[{"href":"https:\/\/petworld.ma\/index.php\/wp-json\/wp\/v2\/product\/27468","targetHints":{"allow":["GET"]}}],"collection":[{"href":"https:\/\/petworld.ma\/index.php\/wp-json\/wp\/v2\/product"}],"about":[{"href":"https:\/\/petworld.ma\/index.php\/wp-json\/wp\/v2\/types\/product"}],"wp:featuredmedia":[{"embeddable":true,"href":"https:\/\/petworld.ma\/index.php\/wp-json\/wp\/v2\/media\/27471"}],"wp:attachment":[{"href":"https:\/\/petworld.ma\/index.php\/wp-json\/wp\/v2\/media?parent=27468"}],"wp:term":[{"taxonomy":"product_brand","embeddable":true,"href":"https:\/\/petworld.ma\/index.php\/wp-json\/wp\/v2\/product_brand?post=27468"},{"taxonomy":"product_cat","embeddable":true,"href":"https:\/\/petworld.ma\/index.php\/wp-json\/wp\/v2\/product_cat?post=27468"},{"taxonomy":"product_tag","embeddable":true,"href":"https:\/\/petworld.ma\/index.php\/wp-json\/wp\/v2\/product_tag?post=27468"}],"curies":[{"name":"wp","href":"https:\/\/api.w.org\/{rel}","templated":true}]}}