{"id":27571,"date":"2025-09-20T12:34:12","date_gmt":"2025-09-20T12:34:12","guid":{"rendered":"https:\/\/petworld.ma\/?post_type=product&#038;p=27571"},"modified":"2026-04-29T12:32:58","modified_gmt":"2026-04-29T12:32:58","slug":"sachet-fraicheur-100g-deminces-au-poulet-aux-legumes-en-sauce-chien-adulte","status":"publish","type":"product","link":"https:\/\/petworld.ma\/index.php\/produit\/sachet-fraicheur-100g-deminces-au-poulet-aux-legumes-en-sauce-chien-adulte\/","title":{"rendered":"Sachet fra\u00eecheur 100g d&rsquo;\u00e9minc\u00e9s au Poulet aux L\u00e9gumes en sauce (chien adulte)"},"content":{"rendered":"<p>Comblez votre petit chien d&rsquo;affection et de tendresse avec les \u00e9minc\u00e9s en sauce au Poulet et aux l\u00e9gumes Les Repas Plaisir. Ils sont source de vitamines et de fibres et couvrent 100% de ses besoins nutritionnels quotidien. Existe aussi au B\u0153uf avec des l\u00e9gumes.<\/p>\n<p><strong><u>Composition<\/u><\/strong><\/p>\n<p>Viandes et sous-produits animaux (dont poulet 4%), Sous-produits d&rsquo;origine v\u00e9g\u00e9tale, C\u00e9r\u00e9ales, L\u00e9gumes (0.4% de l\u00e9gumes d\u00e9shydrat\u00e9s, \u00e9quivalent \u00e0 4% de l\u00e9gumes), Substances min\u00e9rales, Sucres.<\/p>\n<p>Servir \u00e0 temp\u00e9rature ambiante. Pour un chien adulte en activit\u00e9 normale, donner en 1 ou 2 repas par jour les quantit\u00e9s indiqu\u00e9es. Il est recommand\u00e9 d&rsquo;adapter la quantit\u00e9 de nourriture au niveau d&rsquo;activit\u00e9, \u00e0 la race et \u00e0 l&rsquo;\u00e2ge de votre chien. Apr\u00e8s ouverture, conserver au r\u00e9frig\u00e9rateur (+4 \u00b0C).<\/p>\n<p><strong><u>Mode d&#8217;emploi<\/u><\/strong><\/p>\n<table>\n<tbody>\n<tr>\n<td>poids du chien adulte<br \/>\n(15 mois +)<\/td>\n<td>3kg<\/td>\n<td>5kg<\/td>\n<td>7kg<\/td>\n<td>10kg<\/td>\n<\/tr>\n<tr>\n<td>ration journali\u00e8re<\/td>\n<td>300g<\/td>\n<td>425g<\/td>\n<td>550g<\/td>\n<td>725g<\/td>\n<\/tr>\n<\/tbody>\n<\/table>\n","protected":false},"excerpt":{"rendered":"<p>Comblez votre petit chien d&rsquo;affection et de tendresse avec les \u00e9minc\u00e9s en sauce au Poulet et aux l\u00e9gumes Les Repas Plaisir. Ils sont source de vitamines et de fibres et couvrent 100% de ses besoins nutritionnels quotidien. Existe aussi au B\u0153uf avec des l\u00e9gumes. Composition Viandes et sous-produits animaux (dont poulet 4%), Sous-produits d&rsquo;origine v\u00e9g\u00e9tale, [&#8230;]\n","protected":false},"featured_media":27572,"template":"","meta":{"jetpack_publicize_message":"","jetpack_publicize_feature_enabled":true,"jetpack_social_post_already_shared":true,"jetpack_social_options":{"image_generator_settings":{"template":"highway","default_image_id":0,"font":"","enabled":false},"version":2}},"product_brand":[],"product_cat":[39],"product_tag":[],"class_list":{"0":"post-27571","1":"product","2":"type-product","3":"status-publish","4":"has-post-thumbnail","6":"product_cat-friandises-et-pates-pour-chien","8":"first","9":"instock","10":"sale","11":"taxable","12":"shipping-taxable","13":"purchasable","14":"product-type-simple"},"supplier_id":5587,"supplier_sku":"6784","barcode":null,"atum_controlled":true,"out_stock_date":null,"out_stock_threshold":null,"inheritable":false,"inbound_stock":0,"stock_on_hold":0,"sold_today":0,"sales_last_days":15,"reserved_stock":0,"customer_returns":0,"warehouse_damage":0,"lost_in_post":0,"other_logs":0,"out_stock_days":0,"lost_sales":0,"has_location":false,"update_date":"2026-05-06T00:19:44","atum_locations":[],"atum_stock_status":"instock","restock_status":false,"low_stock_amount":220,"sales_update_date":"2026-05-06T00:19:43","calc_backorders":null,"jetpack_publicize_connections":[],"jetpack_sharing_enabled":true,"batches":[{"id":"5397","date_created":"2025-09-20 12:38:54","date_expiry":"2027-05-01 00:00:00","user_id":"1","batch_number":"SachetPlaisirChienPoulet0527","location":"","quantity":"440.0000","quantity_available":"366.0000","units":"1","status":"active","order_ids":"[27632,28151,28689,30977,31402,38528,39654,40985]","supplier":"Royal Canin","po":{"id":"5354","date_created":"2025-09-20 12:38:55","batch_id":"5397","po_number":"","supplier":"Royal Canin","cost":null,"regular_price":null,"sale_price":null,"price_margin":null,"price_discount":null}}],"_links":{"self":[{"href":"https:\/\/petworld.ma\/index.php\/wp-json\/wp\/v2\/product\/27571","targetHints":{"allow":["GET"]}}],"collection":[{"href":"https:\/\/petworld.ma\/index.php\/wp-json\/wp\/v2\/product"}],"about":[{"href":"https:\/\/petworld.ma\/index.php\/wp-json\/wp\/v2\/types\/product"}],"wp:featuredmedia":[{"embeddable":true,"href":"https:\/\/petworld.ma\/index.php\/wp-json\/wp\/v2\/media\/27572"}],"wp:attachment":[{"href":"https:\/\/petworld.ma\/index.php\/wp-json\/wp\/v2\/media?parent=27571"}],"wp:term":[{"taxonomy":"product_brand","embeddable":true,"href":"https:\/\/petworld.ma\/index.php\/wp-json\/wp\/v2\/product_brand?post=27571"},{"taxonomy":"product_cat","embeddable":true,"href":"https:\/\/petworld.ma\/index.php\/wp-json\/wp\/v2\/product_cat?post=27571"},{"taxonomy":"product_tag","embeddable":true,"href":"https:\/\/petworld.ma\/index.php\/wp-json\/wp\/v2\/product_tag?post=27571"}],"curies":[{"name":"wp","href":"https:\/\/api.w.org\/{rel}","templated":true}]}}