{"id":27635,"date":"2025-09-20T20:04:40","date_gmt":"2025-09-20T20:04:40","guid":{"rendered":"https:\/\/petworld.ma\/?post_type=product&#038;p=27635"},"modified":"2026-05-05T16:59:32","modified_gmt":"2026-05-05T16:59:32","slug":"webbox-lick-e-puds-pour-chaton-et-chat-a-la-fraise-5x15g","status":"publish","type":"product","link":"https:\/\/petworld.ma\/index.php\/produit\/webbox-lick-e-puds-pour-chaton-et-chat-a-la-fraise-5x15g\/","title":{"rendered":"Webbox Lick-e-Puds pour chaton et chat \u00e0 la Fraise (5x15g)"},"content":{"rendered":"<p><strong>Pour chat \u00e0 partir de l&rsquo;age de 3 mois.<\/strong><\/p>\n<p><strong>Produit import\u00e9 de l&rsquo;Angleterre.<\/strong><\/p>\n<p data-start=\"109\" data-end=\"414\"><span dir=\"auto\">Les Lick-e-Puds \u00e0 la fraise sont des friandises onctueuses et cr\u00e9meuses, semblables \u00e0 des desserts, au doux go\u00fbt de fraise que votre chat adorera. Parfaites pour un moment privil\u00e9gi\u00e9 ou un plaisir quotidien, ces friandises \u00e0 l\u00e9cher sont id\u00e9ales \u00e0 servir directement du sachet, dans un bol ou en garniture.<\/span><\/p>\n<p data-start=\"416\" data-end=\"598\"><span dir=\"auto\">Doux pour les estomacs sensibles et adapt\u00e9s aux chatons et aux chats adultes, les Lick-e-Puds sont sans sucre ajout\u00e9 ni colorants artificiels &#8211; une fa\u00e7on sans culpabilit\u00e9 de g\u00e2ter votre ami f\u00e9lin.<\/span><\/p>\n<p><strong>Composition:<\/strong><\/p>\n<table class=\"standard_table\">\n<tbody>\n<tr class=\"odd\">\n<td><span dir=\"auto\">Prot\u00e9ines brutes:\u00a0<\/span><\/td>\n<td><span dir=\"auto\">3%<\/span><\/td>\n<\/tr>\n<tr class=\"even\">\n<td><span dir=\"auto\">Huiles et graisses brutes :\u00a0<\/span><\/td>\n<td><span dir=\"auto\">5%<\/span><\/td>\n<\/tr>\n<tr class=\"odd\">\n<td><span dir=\"auto\">Fibres brutes :\u00a0<\/span><\/td>\n<td><span dir=\"auto\">1,5%<\/span><\/td>\n<\/tr>\n<tr class=\"even\">\n<td><span dir=\"auto\">Cendres brutes :\u00a0<\/span><\/td>\n<td><span dir=\"auto\">1,5%<\/span><\/td>\n<\/tr>\n<tr class=\"odd\">\n<td><span dir=\"auto\">Humidit\u00e9:\u00a0<\/span><\/td>\n<td><span dir=\"auto\">86%<\/span><\/td>\n<\/tr>\n<tr class=\"even\">\n<td><span dir=\"auto\">Calories (Kcal) :\u00a0<\/span><\/td>\n<td><span dir=\"auto\">9,3 kcal\/sachet<\/span><\/td>\n<\/tr>\n<\/tbody>\n<\/table>\n<p><strong><span dir=\"auto\">Composition<\/span><\/strong><span dir=\"auto\">\u00a0: Lait et d\u00e9riv\u00e9s du lait (6,5%), D\u00e9riv\u00e9s d&rsquo;origine v\u00e9g\u00e9tale, Min\u00e9raux.<\/span><\/p>\n<p><strong><span dir=\"auto\">Additifs nutritionnels (par kg)<\/span><\/strong><span dir=\"auto\">\u00a0: Taurine 200 mg Ar\u00f4me naturel de vanille (2630 mg\/kg)<\/span><\/p>\n<p><span dir=\"auto\">Hydratez-les toujours avec un bol d&rsquo;eau fra\u00eeche. Conservez nos d\u00e9licieuses friandises dans un endroit frais et sec. Conservez les restes au r\u00e9frig\u00e9rateur et consommez-les dans les 48 heures.<\/span><\/p>\n<p><span dir=\"auto\">Guide d&rsquo;alimentation quotidien Poids du chat (kg) Exemples de races Sachets par jour 2 Chaton 1 4 Bengal 1 \u2013 2 6 Maine Coon 2 Ces quantit\u00e9s ne sont qu&rsquo;un guide : nos d\u00e9licieuses friandises doivent \u00eatre donn\u00e9es dans le cadre d&rsquo;une alimentation \u00e9quilibr\u00e9e pour garder votre chat heureux et en bonne sant\u00e9.<\/span><\/p>\n","protected":false},"excerpt":{"rendered":"<ul>\n<li><strong>Pour chat \u00e0 partir de l&rsquo;age de 3 mois.<\/strong><\/li>\n<li><strong>Produit import\u00e9 de l&rsquo;Angleterre.<\/strong><\/li>\n<\/ul>\n","protected":false},"featured_media":27640,"template":"","meta":{"jetpack_publicize_message":"","jetpack_publicize_feature_enabled":true,"jetpack_social_post_already_shared":true,"jetpack_social_options":{"image_generator_settings":{"template":"highway","default_image_id":0,"font":"","enabled":false},"version":2}},"product_brand":[],"product_cat":[41,238],"product_tag":[],"class_list":{"0":"post-27635","1":"product","2":"type-product","3":"status-publish","4":"has-post-thumbnail","6":"product_cat-friandises-et-pate-pour-chat","7":"product_cat-friandises-secs-chat","9":"first","10":"instock","11":"taxable","12":"shipping-taxable","13":"purchasable","14":"product-type-simple"},"supplier_id":5590,"supplier_sku":"","barcode":null,"atum_controlled":true,"out_stock_date":null,"out_stock_threshold":null,"inheritable":false,"inbound_stock":0,"stock_on_hold":1,"sold_today":0,"sales_last_days":1,"reserved_stock":0,"customer_returns":0,"warehouse_damage":0,"lost_in_post":0,"other_logs":0,"out_stock_days":0,"lost_sales":0,"has_location":false,"update_date":"2026-05-06T18:32:32","atum_locations":[],"atum_stock_status":"instock","restock_status":false,"low_stock_amount":8,"sales_update_date":"2026-05-06T18:32:31","calc_backorders":null,"jetpack_publicize_connections":[],"jetpack_sharing_enabled":true,"batches":[{"id":"5450","date_created":"2025-09-20 20:12:03","date_expiry":"2026-12-31 00:00:00","user_id":"2760","batch_number":"webboxfraise311226","location":"","quantity":"34.0000","quantity_available":"0.0000","units":"1","status":"archived","order_ids":"[27684,27698,28056,28400,28545,29405,29509,32244,32471,33282,35206,35666,36226,36463,36770,36777,36806,36808,37757,37992,39232,39761,40133]","supplier":"Brit","po":{"id":"5407","date_created":"2025-09-20 20:12:06","batch_id":"5450","po_number":"","supplier":"Brit","cost":null,"regular_price":null,"sale_price":null,"price_margin":null,"price_discount":null}},{"id":"9027","date_created":"2026-04-22 10:16:41","date_expiry":"2026-12-31 00:00:00","user_id":"2760","batch_number":"webboxfraise311226","location":"","quantity":"51.0000","quantity_available":"49.0000","units":"1","status":"active","order_ids":"[41139,41436]","supplier":"Brit","po":{"id":"8950","date_created":"2026-04-22 10:16:42","batch_id":"9027","po_number":"","supplier":"Brit","cost":null,"regular_price":null,"sale_price":null,"price_margin":null,"price_discount":null}}],"_links":{"self":[{"href":"https:\/\/petworld.ma\/index.php\/wp-json\/wp\/v2\/product\/27635","targetHints":{"allow":["GET"]}}],"collection":[{"href":"https:\/\/petworld.ma\/index.php\/wp-json\/wp\/v2\/product"}],"about":[{"href":"https:\/\/petworld.ma\/index.php\/wp-json\/wp\/v2\/types\/product"}],"wp:featuredmedia":[{"embeddable":true,"href":"https:\/\/petworld.ma\/index.php\/wp-json\/wp\/v2\/media\/27640"}],"wp:attachment":[{"href":"https:\/\/petworld.ma\/index.php\/wp-json\/wp\/v2\/media?parent=27635"}],"wp:term":[{"taxonomy":"product_brand","embeddable":true,"href":"https:\/\/petworld.ma\/index.php\/wp-json\/wp\/v2\/product_brand?post=27635"},{"taxonomy":"product_cat","embeddable":true,"href":"https:\/\/petworld.ma\/index.php\/wp-json\/wp\/v2\/product_cat?post=27635"},{"taxonomy":"product_tag","embeddable":true,"href":"https:\/\/petworld.ma\/index.php\/wp-json\/wp\/v2\/product_tag?post=27635"}],"curies":[{"name":"wp","href":"https:\/\/api.w.org\/{rel}","templated":true}]}}