{"id":27642,"date":"2025-09-20T20:22:23","date_gmt":"2025-09-20T20:22:23","guid":{"rendered":"https:\/\/petworld.ma\/?post_type=product&#038;p=27642"},"modified":"2026-05-08T17:02:19","modified_gmt":"2026-05-08T17:02:19","slug":"webbox-lick-e-pops-pour-chaton-au-poulet-4x14g","status":"publish","type":"product","link":"https:\/\/petworld.ma\/index.php\/produit\/webbox-lick-e-pops-pour-chaton-au-poulet-4x14g\/","title":{"rendered":"Webbox Lick-e-Pops pour chaton (Poulet | Thon)  (4x14g)"},"content":{"rendered":"<p><strong><span style=\"text-decoration: underline;\">Description<\/span>:<\/strong><\/p>\n<div class=\"OobGYfu9hvCUvH6\"><span class=\"QhtPR2LZPKOnKcE\">Une nourriture compl\u00e9mentaire pour chats \u00e0 partir de 3 mois:<\/span><\/div>\n<ul>\n<li class=\"OobGYfu9hvCUvH6\"><span class=\"QhtPR2LZPKOnKcE\">Sans colorants ni conservateurs artificiels.<\/span><\/li>\n<li class=\"OobGYfu9hvCUvH6\"><span class=\"QhtPR2LZPKOnKcE\">Recette sans bl\u00e9 ni c\u00e9r\u00e9ales<\/span><\/li>\n<\/ul>\n<p class=\"ddsweb-heading D6tSpRTG2wT4tCb f-mPEa_heading f-mPEa_headlineMd\"><strong><span style=\"text-decoration: underline;\">Ingr\u00e9dients<\/span>:<\/strong><\/p>\n<div class=\"OobGYfu9hvCUvH6\">Pack Poulet: Poulet 98,5 %, <strong>Lait de ch\u00e8vre<\/strong>\u00a0en poudre, Poudre d\u2019igname<\/div>\n<div>Pack Thon: <span dir=\"auto\">Poulet,\u00a0\u00a0<\/span><strong><span dir=\"auto\">Thon\u00a0<\/span><\/strong><span dir=\"auto\">\u00a026%, Foie de poulet, Poudre d&rsquo;igname, Cellulose.<\/span><\/div>\n<p class=\"ddsweb-heading D6tSpRTG2wT4tCb f-mPEa_heading f-mPEa_headlineMd\"><span style=\"text-decoration: underline;\"><strong>Contenu du paquet:<\/strong><\/span><\/p>\n<div class=\"OobGYfu9hvCUvH6\">4 x 14 g<\/div>\n<p class=\"ddsweb-heading D6tSpRTG2wT4tCb f-mPEa_heading f-mPEa_headlineMd\"><span style=\"text-decoration: underline;\"><strong>Pr\u00e9paration et utilisation:<\/strong><\/span><\/p>\n<div class=\"OobGYfu9hvCUvH6\"><span class=\"QhtPR2LZPKOnKcE\">Mode d\u2019emploi: <\/span><span class=\"QhtPR2LZPKOnKcE\">Tenez un b\u00e2tonnet de papier et laissez votre chat l\u00e9cher et croquer pour favoriser la cr\u00e9ation de liens. Ne laissez pas votre chat sans surveillance.<\/span><\/div>\n<div class=\"OobGYfu9hvCUvH6\"><span class=\"QhtPR2LZPKOnKcE\">Guide d\u2019alimentation quotidien:<\/span><\/div>\n<div class=\"OobGYfu9hvCUvH6\"><span class=\"QhtPR2LZPKOnKcE\">Poids du chat (kg) 2\u00a0; Exemple de race : Chaton ; Pops par jour : 1<\/span><\/div>\n<div class=\"OobGYfu9hvCUvH6\"><span class=\"QhtPR2LZPKOnKcE\">Poids du chat (kg) 4\u00a0; Exemple de race : Bengale\u00a0; Pops par jour : 1-2<\/span><\/div>\n<div class=\"OobGYfu9hvCUvH6\"><span class=\"QhtPR2LZPKOnKcE\">Poids du chat (kg) 6\u00a0; Exemple de race : Maine coon ; Pops par jour : 2-3<\/span><\/div>\n<div><\/div>\n<div class=\"OobGYfu9hvCUvH6\"><span class=\"QhtPR2LZPKOnKcE\">Les quantit\u00e9s indiqu\u00e9es ci-dessus ne doivent \u00eatre utilis\u00e9es qu\u2019\u00e0 titre indicatif.<\/span><span class=\"QhtPR2LZPKOnKcE\">Veuillez ajuster la quantit\u00e9 donn\u00e9e pour garder votre chat heureux et en bonne sant\u00e9. Pour les chatons, retirez la friandise du b\u00e2tonnet et cassez-la en petits morceaux avant de les nourrir.<\/span><\/div>\n<div><\/div>\n<div class=\"OobGYfu9hvCUvH6\"><span style=\"text-decoration: underline;\"><strong>Additifs:<\/strong><\/span><\/div>\n<div class=\"OobGYfu9hvCUvH6\"><span class=\"QhtPR2LZPKOnKcE\">Sans colorants artificiels<\/span><span class=\"QhtPR2LZPKOnKcE\">Sans conservateurs artificiels<\/span><\/div>\n<p class=\"ddsweb-heading D6tSpRTG2wT4tCb f-mPEa_heading f-mPEa_headlineMd\"><strong><span style=\"text-decoration: underline;\">Limite d\u2019\u00e2ge inf\u00e9rieure<\/span><\/strong><\/p>\n<div class=\"OobGYfu9hvCUvH6\">3 mois<\/div>\n","protected":false},"excerpt":{"rendered":"<ul>\n<li><strong>Pour chat \u00e0 partir de l&rsquo;age de 3 mois.<\/strong><\/li>\n<li><strong>Produit import\u00e9 de l&rsquo;Angleterre.<\/strong><\/li>\n<\/ul>\n","protected":false},"featured_media":27645,"template":"","meta":{"jetpack_publicize_message":"","jetpack_publicize_feature_enabled":true,"jetpack_social_post_already_shared":true,"jetpack_social_options":{"image_generator_settings":{"template":"highway","default_image_id":0,"font":"","enabled":false},"version":2}},"product_brand":[],"product_cat":[41,238],"product_tag":[],"class_list":{"0":"post-27642","1":"product","2":"type-product","3":"status-publish","4":"has-post-thumbnail","6":"product_cat-friandises-et-pate-pour-chat","7":"product_cat-friandises-secs-chat","9":"first","10":"instock","11":"sale","12":"taxable","13":"shipping-taxable","14":"purchasable","15":"product-type-variable"},"supplier_id":5590,"supplier_sku":"","barcode":null,"atum_controlled":true,"out_stock_date":null,"out_stock_threshold":null,"inheritable":true,"inbound_stock":0,"stock_on_hold":0,"sold_today":0,"sales_last_days":9,"reserved_stock":0,"customer_returns":0,"warehouse_damage":0,"lost_in_post":0,"other_logs":0,"out_stock_days":0,"lost_sales":0,"has_location":false,"update_date":"2026-05-13T00:22:27","atum_locations":[],"atum_stock_status":"instock","restock_status":false,"low_stock_amount":"","sales_update_date":"2026-05-13T00:22:27","calc_backorders":null,"jetpack_publicize_connections":[],"jetpack_sharing_enabled":true,"batches":[{"id":"5452","date_created":"2025-09-20 20:29:42","date_expiry":"2026-09-30 00:00:00","user_id":"9","batch_number":"WebboxPopsPoulet300926","location":"","quantity":"26.0000","quantity_available":"26.0000","units":"1","status":"active","order_ids":null,"supplier":"Brit","po":{"id":"5409","date_created":"2025-09-20 20:29:42","batch_id":"5452","po_number":"","supplier":"Brit","cost":null,"regular_price":null,"sale_price":null,"price_margin":null,"price_discount":null}}],"_links":{"self":[{"href":"https:\/\/petworld.ma\/index.php\/wp-json\/wp\/v2\/product\/27642","targetHints":{"allow":["GET"]}}],"collection":[{"href":"https:\/\/petworld.ma\/index.php\/wp-json\/wp\/v2\/product"}],"about":[{"href":"https:\/\/petworld.ma\/index.php\/wp-json\/wp\/v2\/types\/product"}],"wp:featuredmedia":[{"embeddable":true,"href":"https:\/\/petworld.ma\/index.php\/wp-json\/wp\/v2\/media\/27645"}],"wp:attachment":[{"href":"https:\/\/petworld.ma\/index.php\/wp-json\/wp\/v2\/media?parent=27642"}],"wp:term":[{"taxonomy":"product_brand","embeddable":true,"href":"https:\/\/petworld.ma\/index.php\/wp-json\/wp\/v2\/product_brand?post=27642"},{"taxonomy":"product_cat","embeddable":true,"href":"https:\/\/petworld.ma\/index.php\/wp-json\/wp\/v2\/product_cat?post=27642"},{"taxonomy":"product_tag","embeddable":true,"href":"https:\/\/petworld.ma\/index.php\/wp-json\/wp\/v2\/product_tag?post=27642"}],"curies":[{"name":"wp","href":"https:\/\/api.w.org\/{rel}","templated":true}]}}