{"id":27650,"date":"2025-09-20T20:54:39","date_gmt":"2025-09-20T20:54:39","guid":{"rendered":"https:\/\/petworld.ma\/?post_type=product&#038;p=27650"},"modified":"2026-04-04T11:14:14","modified_gmt":"2026-04-04T11:14:14","slug":"webbox-selection-mixte-adulte-complete-en-sauce-12x100g","status":"publish","type":"product","link":"https:\/\/petworld.ma\/index.php\/produit\/webbox-selection-mixte-adulte-complete-en-sauce-12x100g\/","title":{"rendered":"Webbox &#8211; S\u00e9lection Mixte Adulte Compl\u00e8te en Sauce (12x100g)"},"content":{"rendered":"<h3 data-end=\"71\" data-start=\"0\"><strong data-end=\"69\" data-start=\"4\"><span dir=\"auto\">Nourriture humide pour chats Webbox Complete Adult Mix Selection en sauce<\/span><\/strong><\/h3>\n<p data-end=\"348\" data-start=\"73\"><span dir=\"auto\">Webbox Complete Adult Mixed Selection en sauce est un\u00a0<\/span><strong data-end=\"160\" data-start=\"125\"><span dir=\"auto\">aliment humide \u00e9quilibr\u00e9<\/span><\/strong><span dir=\"auto\">\u00a0pour chats adultes. Il contient\u00a0<\/span><strong data-end=\"226\" data-start=\"189\"><span dir=\"auto\">des ingr\u00e9dients naturels de haute qualit\u00e9<\/span><\/strong><span dir=\"auto\">\u00a0et une vari\u00e9t\u00e9 de saveurs pour des repas savoureux et savoureux, tout en garantissant \u00e0 votre chat tous les nutriments essentiels dont il a besoin.<\/span><\/p>\n<h3 data-end=\"574\" data-start=\"549\"><strong data-end=\"572\" data-start=\"553\"><span dir=\"auto\">Principaux avantages :<\/span><\/strong><\/h3>\n<ul data-end=\"883\" data-start=\"575\">\n<li data-end=\"652\" data-start=\"575\"><strong data-end=\"604\" data-start=\"577\"><span dir=\"auto\">Nutrition 100 % compl\u00e8te<\/span><\/strong><span dir=\"auto\">\u00a0\u2013 Formul\u00e9 pour r\u00e9pondre \u00e0 tous les besoins alimentaires quotidiens.<\/span><\/li>\n<li data-end=\"720\" data-start=\"653\"><strong data-end=\"678\" data-start=\"655\"><span dir=\"auto\">Ingr\u00e9dients naturels<\/span><\/strong><span dir=\"auto\">\u00a0\u2013 Fabriqu\u00e9 avec de la viande et du poisson de haute qualit\u00e9.<\/span><\/li>\n<li data-end=\"792\" data-start=\"721\"><strong data-end=\"754\" data-start=\"723\"><span dir=\"auto\">Morceaux de viande tendres en sauce<\/span><\/strong><span dir=\"auto\">\u00a0\u2013 Tr\u00e8s savoureux et faciles \u00e0 manger.<\/span><\/li>\n<li data-end=\"883\" data-start=\"793\"><strong data-end=\"822\" data-start=\"795\"><span dir=\"auto\">Sans additifs artificiels<\/span><\/strong><span dir=\"auto\">\u00a0\u2013 Sans colorants, ar\u00f4mes ni conservateurs artificiels.<\/span><\/li>\n<\/ul>\n<h3 data-end=\"915\" data-start=\"890\"><strong data-end=\"913\" data-start=\"894\"><span dir=\"auto\">Ingr\u00e9dients:<\/span><\/strong><\/h3>\n<p data-end=\"939\" data-start=\"916\"><span dir=\"auto\">Chaque recette comprend :<\/span><\/p>\n<ul data-end=\"1215\" data-start=\"940\">\n<li data-end=\"1056\" data-start=\"940\"><strong data-end=\"971\" data-start=\"942\"><span dir=\"auto\">Viandes et produits d\u00e9riv\u00e9s animaux<\/span><\/strong><span dir=\"auto\">\u00a0\u2013 Comprend\u00a0<\/span><strong data-end=\"1029\" data-start=\"983\"><span dir=\"auto\">un minimum de 4 % de chaque viande ou poisson nomm\u00e9<\/span><\/strong><span dir=\"auto\">\u00a0pour un go\u00fbt riche et charnu.<\/span><\/li>\n<li data-end=\"1153\" data-start=\"1057\"><strong data-end=\"1092\" data-start=\"1059\"><span dir=\"auto\">Vitamines et min\u00e9raux essentiels<\/span><\/strong><span dir=\"auto\">\u00a0\u2013 Soutient\u00a0<\/span><strong data-end=\"1150\" data-start=\"1104\"><span dir=\"auto\">la solidit\u00e9 des os, l\u2019immunit\u00e9 et la sant\u00e9 g\u00e9n\u00e9rale<\/span><\/strong><span dir=\"auto\">\u00a0.<\/span><\/li>\n<li data-end=\"1215\" data-start=\"1154\"><strong data-end=\"1167\" data-start=\"1156\"><span dir=\"auto\">Taurine<\/span><\/strong><span dir=\"auto\">\u00a0\u2013 Aide \u00e0 maintenir\u00a0<\/span><strong data-end=\"1212\" data-start=\"1185\"><span dir=\"auto\">la sant\u00e9 cardiaque et visuelle<\/span><\/strong><span dir=\"auto\">\u00a0.<\/span><\/li>\n<\/ul>\n<h3 data-end=\"1268\" data-start=\"1222\"><strong data-end=\"1266\" data-start=\"1226\"><span dir=\"auto\">R\u00e9partition nutritionnelle (pour 100 g) :<\/span><\/strong><\/h3>\n<ul data-end=\"1378\" data-start=\"1269\">\n<li data-end=\"1288\" data-start=\"1269\"><strong data-end=\"1283\" data-start=\"1271\"><span dir=\"auto\">Prot\u00e9ines :<\/span><\/strong><span dir=\"auto\">\u00a08 %<\/span><\/li>\n<li data-end=\"1312\" data-start=\"1289\"><strong data-end=\"1307\" data-start=\"1291\"><span dir=\"auto\">Teneur en mati\u00e8res grasses :<\/span><\/strong><span dir=\"auto\">\u00a04 %<\/span><\/li>\n<li data-end=\"1332\" data-start=\"1313\"><strong data-end=\"1325\" data-start=\"1315\"><span dir=\"auto\">Fibres :<\/span><\/strong><span dir=\"auto\">\u00a00,3 %<\/span><\/li>\n<li data-end=\"1356\" data-start=\"1333\"><strong data-end=\"1351\" data-start=\"1335\"><span dir=\"auto\">Teneur en cendres :<\/span><\/strong><span dir=\"auto\">\u00a02 %<\/span><\/li>\n<li data-end=\"1378\" data-start=\"1357\"><strong data-end=\"1372\" data-start=\"1359\"><span dir=\"auto\">Humidit\u00e9 :<\/span><\/strong><span dir=\"auto\">\u00a082 %<\/span><\/li>\n<\/ul>\n<h3 data-end=\"1417\" data-start=\"1385\"><strong data-end=\"1415\" data-start=\"1389\"><span dir=\"auto\">Directives d&rsquo;alimentation :<\/span><\/strong><\/h3>\n<p data-end=\"1520\" data-start=\"1418\"><strong data-end=\"1436\" data-start=\"1421\"><span dir=\"auto\">Chats adultes :<\/span><\/strong><span dir=\"auto\">\u00a0Nourrissez\u00a0<\/span><strong data-end=\"1465\" data-start=\"1442\"><span dir=\"auto\">2 \u00e0 3 sachets par jour<\/span><\/strong><span dir=\"auto\">\u00a0, en ajustant la quantit\u00e9 en fonction du poids, de l&rsquo;\u00e2ge et du niveau d&rsquo;activit\u00e9.<\/span><\/p>\n<p data-end=\"1544\" data-start=\"1522\"><strong data-end=\"1542\" data-start=\"1525\"><span dir=\"auto\">Conseils de service :<\/span><\/strong><\/p>\n<ul data-end=\"1716\" data-start=\"1545\">\n<li data-end=\"1598\" data-start=\"1545\"><span dir=\"auto\">Servir \u00e0\u00a0<\/span><strong data-end=\"1576\" data-start=\"1556\"><span dir=\"auto\">temp\u00e9rature ambiante<\/span><\/strong><span dir=\"auto\">\u00a0pour un meilleur go\u00fbt.<\/span><\/li>\n<li data-end=\"1649\" data-start=\"1599\"><span dir=\"auto\">Fournir\u00a0<\/span><strong data-end=\"1633\" data-start=\"1609\"><span dir=\"auto\">de l\u2019eau potable fra\u00eeche<\/span><\/strong><span dir=\"auto\">\u00a0\u00e0 tout moment.<\/span><\/li>\n<li data-end=\"1716\" data-start=\"1650\"><span dir=\"auto\">Conservez les sachets ouverts au\u00a0<\/span><strong data-end=\"1713\" data-start=\"1680\"><span dir=\"auto\">r\u00e9frig\u00e9rateur jusqu&rsquo;\u00e0 2 jours<\/span><\/strong><span dir=\"auto\">\u00a0.<\/span><\/li>\n<\/ul>\n<p data-end=\"1878\" data-start=\"1718\"><span dir=\"auto\">Webbox Complete Adult Mixed Selection in Gravy est un moyen\u00a0<\/span><strong data-end=\"1807\" data-start=\"1770\"><span dir=\"auto\">savoureux, nutritif et pratique<\/span><\/strong><span dir=\"auto\">\u00a0de garder votre chat\u00a0<\/span><strong data-end=\"1876\" data-start=\"1829\"><span dir=\"auto\">heureux, en bonne sant\u00e9 et excit\u00e9 \u00e0 chaque repas\u00a0!<\/span><\/strong><\/p>\n","protected":false},"excerpt":{"rendered":"<h3 data-end=\"385\" data-start=\"355\"><strong data-end=\"383\" data-start=\"359\"><span dir=\"auto\">Saveurs incluses :<\/span><\/strong><\/h3>\n<p data-end=\"463\" data-start=\"386\"><span dir=\"auto\">\u2714\ufe0f Poulet et dinde<\/span><br data-end=\"408\" data-start=\"405\" \/><span dir=\"auto\">\u2714\ufe0f Canard et agneau<\/span><br data-end=\"425\" data-start=\"422\" \/><span dir=\"auto\">\u2714\ufe0f B\u0153uf et lapin<\/span><br data-end=\"444\" data-start=\"441\" \/><span dir=\"auto\">\u2714\ufe0f Saumon et truite<\/span><\/p>\n<p data-end=\"542\" data-start=\"465\"><strong data-end=\"482\" data-start=\"468\"><span dir=\"auto\">Conditionnement :\u00a0<\/span><\/strong><strong data-end=\"504\" data-start=\"483\"><span dir=\"auto\">12 sachets de 100 g<\/span><\/strong><span dir=\"auto\">\u00a0, avec trois sachets de chaque saveur.<\/span><\/p>\n<p data-end=\"1878\" data-start=\"1718\">\n","protected":false},"featured_media":27651,"template":"","meta":{"jetpack_publicize_message":"","jetpack_publicize_feature_enabled":true,"jetpack_social_post_already_shared":true,"jetpack_social_options":{"image_generator_settings":{"template":"highway","default_image_id":0,"font":"","enabled":false},"version":2}},"product_brand":[],"product_cat":[41,239],"product_tag":[],"class_list":{"0":"post-27650","1":"product","2":"type-product","3":"status-publish","4":"has-post-thumbnail","6":"product_cat-friandises-et-pate-pour-chat","7":"product_cat-pate-humides-chat","9":"first","10":"outofstock","11":"sale","12":"taxable","13":"shipping-taxable","14":"purchasable","15":"product-type-simple"},"supplier_id":5590,"supplier_sku":"","barcode":null,"atum_controlled":true,"out_stock_date":"2026-04-04 11:14:14","out_stock_threshold":null,"inheritable":false,"inbound_stock":0,"stock_on_hold":0,"sold_today":0,"sales_last_days":0,"reserved_stock":0,"customer_returns":0,"warehouse_damage":0,"lost_in_post":0,"other_logs":0,"out_stock_days":39,"lost_sales":1114,"has_location":false,"update_date":"2026-05-14T00:02:15","atum_locations":[],"atum_stock_status":"outofstock","restock_status":false,"low_stock_amount":"","sales_update_date":"2026-05-14T00:02:15","calc_backorders":null,"jetpack_publicize_connections":[],"jetpack_sharing_enabled":true,"batches":[{"id":"5456","date_created":"2025-09-20 22:36:30","date_expiry":"2026-08-31 00:00:00","user_id":"9","batch_number":"webboxMixte0826","location":"","quantity":"20.0000","quantity_available":"0.0000","units":"1","status":"archived","order_ids":"[28216,29345,30561,31237,31918,32244,32471,32844,34505,35175,35496,36076,36625,37379,37973,38614,38921]","supplier":"Brit","po":{"id":"5413","date_created":"2025-09-20 22:36:30","batch_id":"5456","po_number":"","supplier":"Brit","cost":null,"regular_price":null,"sale_price":null,"price_margin":null,"price_discount":null}}],"_links":{"self":[{"href":"https:\/\/petworld.ma\/index.php\/wp-json\/wp\/v2\/product\/27650","targetHints":{"allow":["GET"]}}],"collection":[{"href":"https:\/\/petworld.ma\/index.php\/wp-json\/wp\/v2\/product"}],"about":[{"href":"https:\/\/petworld.ma\/index.php\/wp-json\/wp\/v2\/types\/product"}],"wp:featuredmedia":[{"embeddable":true,"href":"https:\/\/petworld.ma\/index.php\/wp-json\/wp\/v2\/media\/27651"}],"wp:attachment":[{"href":"https:\/\/petworld.ma\/index.php\/wp-json\/wp\/v2\/media?parent=27650"}],"wp:term":[{"taxonomy":"product_brand","embeddable":true,"href":"https:\/\/petworld.ma\/index.php\/wp-json\/wp\/v2\/product_brand?post=27650"},{"taxonomy":"product_cat","embeddable":true,"href":"https:\/\/petworld.ma\/index.php\/wp-json\/wp\/v2\/product_cat?post=27650"},{"taxonomy":"product_tag","embeddable":true,"href":"https:\/\/petworld.ma\/index.php\/wp-json\/wp\/v2\/product_tag?post=27650"}],"curies":[{"name":"wp","href":"https:\/\/api.w.org\/{rel}","templated":true}]}}