{"id":27664,"date":"2025-09-21T13:10:43","date_gmt":"2025-09-21T13:10:43","guid":{"rendered":"https:\/\/petworld.ma\/?post_type=product&#038;p=27664"},"modified":"2026-03-29T14:01:46","modified_gmt":"2026-03-29T14:01:46","slug":"litiere-agglomerante-et-absorbante-kikikat-parfum-fresh-mountain-5l","status":"publish","type":"product","link":"https:\/\/petworld.ma\/index.php\/produit\/litiere-agglomerante-et-absorbante-kikikat-parfum-fresh-mountain-5l\/","title":{"rendered":"Liti\u00e8re agglom\u00e9rante et absorbante KiKiKat Parfum Fresh Mountain 5L"},"content":{"rendered":"<div class=\"product-section description-section\">\n<div class=\"single-description fr-view\">\n<div class=\"wd-negative-gap elementor-element elementor-element-7433a725 e-flex e-con-boxed e-con e-parent e-lazyloaded\" data-id=\"7433a725\" data-element_type=\"container\">\n<div class=\"e-con-inner\">\n<div class=\"elementor-element elementor-element-7c216738 e-con-full e-flex e-con e-child\" data-id=\"7c216738\" data-element_type=\"container\">\n<div class=\"elementor-element elementor-element-1c18b9b4 wd-single-tabs wd-width-100 elementor-widget elementor-widget-wd_single_product_tabs\" data-id=\"1c18b9b4\" data-element_type=\"widget\" data-widget_type=\"wd_single_product_tabs.default\">\n<div class=\"elementor-widget-container\">\n<div class=\"woocommerce-tabs wc-tabs-wrapper\" data-state=\"first\" data-layout=\"tabs\">\n<div id=\"tab-description\" class=\"woocommerce-Tabs-panel panel entry-content wc-tab woocommerce-Tabs-panel--description\" role=\"tabpanel\" aria-labelledby=\"tab-title-description\" data-accordion-index=\"description\"><span dir=\"auto\">Kikikat Mountain Fresh est une liti\u00e8re agglom\u00e9rante haut de gamme \u00e0 base d&rsquo;argile bentonite blanche naturelle, sp\u00e9cialement formul\u00e9e pour une agglom\u00e9ration optimale et un contr\u00f4le optimal des odeurs. 100 % respectueuse des chats, elle est id\u00e9ale pour ceux qui appr\u00e9cient un parfum frais.<\/span><\/div>\n<div role=\"tabpanel\" aria-labelledby=\"tab-title-description\" data-accordion-index=\"description\"><\/div>\n<div class=\"woocommerce-Tabs-panel panel entry-content wc-tab woocommerce-Tabs-panel--description\" role=\"tabpanel\" aria-labelledby=\"tab-title-description\" data-accordion-index=\"description\"><b><span dir=\"auto\">Agglom\u00e9ration rapide et ramassage facile.<\/span><\/b><br \/>\n<span dir=\"auto\">Notre liti\u00e8re pour chat \u00e0 agglom\u00e9ration rapide et serr\u00e9e est con\u00e7ue pour que l&rsquo;urine et les excr\u00e9ments puissent \u00eatre facilement retir\u00e9s du bac \u00e0 liti\u00e8re. Il suffit de retirer la liti\u00e8re souill\u00e9e du bac et de laisser la liti\u00e8re propre \u00e0 sa place.<\/span><\/div>\n<div role=\"tabpanel\" aria-labelledby=\"tab-title-description\" data-accordion-index=\"description\"><\/div>\n<div class=\"woocommerce-Tabs-panel panel entry-content wc-tab woocommerce-Tabs-panel--description\" role=\"tabpanel\" aria-labelledby=\"tab-title-description\" data-accordion-index=\"description\"><b><span dir=\"auto\">Contr\u00f4le exceptionnel des odeurs.<\/span><\/b><br \/>\n<span dir=\"auto\">Gr\u00e2ce \u00e0 l&rsquo;une des meilleures argiles au monde et \u00e0 un proc\u00e9d\u00e9 de production sp\u00e9cial, elle retient les odeurs ind\u00e9sirables instantan\u00e9ment et naturellement, sans parfum. C&rsquo;est bon pour la sant\u00e9 de votre chat.<\/span><\/div>\n<div role=\"tabpanel\" aria-labelledby=\"tab-title-description\" data-accordion-index=\"description\"><\/div>\n<div class=\"woocommerce-Tabs-panel panel entry-content wc-tab woocommerce-Tabs-panel--description\" role=\"tabpanel\" aria-labelledby=\"tab-title-description\" data-accordion-index=\"description\"><b><span dir=\"auto\">Facile \u00e0 transporter et \u00e0 ranger.<\/span><\/b><br \/>\n<span dir=\"auto\">Notre liti\u00e8re pour chat est conditionn\u00e9e dans un sac scell\u00e9 de haute qualit\u00e9 de 5 litres. Gr\u00e2ce \u00e0 sa conception et \u00e0 son poids, elle est facile \u00e0 transporter et suffit pour les besoins en liti\u00e8re d&rsquo;un seul chat pendant un mois.<\/span><\/div>\n<\/div>\n<\/div>\n<\/div>\n<\/div>\n<\/div>\n<\/div>\n<\/div>\n<\/div>\n","protected":false},"excerpt":{"rendered":"<p>Kikikat Mountain Fresh est une liti\u00e8re agglom\u00e9rante haut de gamme \u00e0 base d&rsquo;argile bentonite blanche naturelle, sp\u00e9cialement formul\u00e9e pour une agglom\u00e9ration optimale et un contr\u00f4le optimal des odeurs. 100 % respectueuse des chats, elle est id\u00e9ale pour ceux qui appr\u00e9cient un parfum frais. Agglom\u00e9ration rapide et ramassage facile. Notre liti\u00e8re pour chat \u00e0 agglom\u00e9ration rapide [&#8230;]\n","protected":false},"featured_media":27667,"template":"","meta":{"jetpack_publicize_message":"","jetpack_publicize_feature_enabled":true,"jetpack_social_post_already_shared":true,"jetpack_social_options":{"image_generator_settings":{"template":"highway","default_image_id":0,"font":"","enabled":false},"version":2}},"product_brand":[],"product_cat":[94],"product_tag":[],"class_list":{"0":"post-27664","1":"product","2":"type-product","3":"status-publish","4":"has-post-thumbnail","6":"product_cat-litieres-et-bacs","8":"first","9":"onbackorder","10":"taxable","11":"shipping-taxable","12":"purchasable","13":"product-type-simple"},"supplier_id":null,"supplier_sku":"","barcode":null,"atum_controlled":true,"out_stock_date":"2026-03-29 14:01:46","out_stock_threshold":null,"inheritable":false,"inbound_stock":0,"stock_on_hold":0,"sold_today":0,"sales_last_days":0,"reserved_stock":0,"customer_returns":0,"warehouse_damage":0,"lost_in_post":0,"other_logs":0,"out_stock_days":28,"lost_sales":180,"has_location":false,"update_date":"2026-04-27T00:13:56","atum_locations":[],"atum_stock_status":"onbackorder","restock_status":false,"low_stock_amount":"","sales_update_date":"2026-04-27T00:13:55","calc_backorders":0,"jetpack_publicize_connections":[],"jetpack_sharing_enabled":true,"batches":[],"_links":{"self":[{"href":"https:\/\/petworld.ma\/index.php\/wp-json\/wp\/v2\/product\/27664","targetHints":{"allow":["GET"]}}],"collection":[{"href":"https:\/\/petworld.ma\/index.php\/wp-json\/wp\/v2\/product"}],"about":[{"href":"https:\/\/petworld.ma\/index.php\/wp-json\/wp\/v2\/types\/product"}],"wp:featuredmedia":[{"embeddable":true,"href":"https:\/\/petworld.ma\/index.php\/wp-json\/wp\/v2\/media\/27667"}],"wp:attachment":[{"href":"https:\/\/petworld.ma\/index.php\/wp-json\/wp\/v2\/media?parent=27664"}],"wp:term":[{"taxonomy":"product_brand","embeddable":true,"href":"https:\/\/petworld.ma\/index.php\/wp-json\/wp\/v2\/product_brand?post=27664"},{"taxonomy":"product_cat","embeddable":true,"href":"https:\/\/petworld.ma\/index.php\/wp-json\/wp\/v2\/product_cat?post=27664"},{"taxonomy":"product_tag","embeddable":true,"href":"https:\/\/petworld.ma\/index.php\/wp-json\/wp\/v2\/product_tag?post=27664"}],"curies":[{"name":"wp","href":"https:\/\/api.w.org\/{rel}","templated":true}]}}