{"id":27790,"date":"2025-09-23T15:27:59","date_gmt":"2025-09-23T15:27:59","guid":{"rendered":"https:\/\/petworld.ma\/?post_type=product&#038;p=27790"},"modified":"2026-04-11T14:20:08","modified_gmt":"2026-04-11T14:20:08","slug":"lingettes-leopet-desinfectantes-pour-chiens-et-chats-40-pcs-papaye-et-huile-dargan","status":"publish","type":"product","link":"https:\/\/petworld.ma\/index.php\/produit\/lingettes-leopet-desinfectantes-pour-chiens-et-chats-40-pcs-papaye-et-huile-dargan\/","title":{"rendered":"Lingettes Hygi\u00e9niques et Nettoyantes pour chiens et chats (40 PCS) Papaye et Huile d\u2019Argan &#8211; LeoPet"},"content":{"rendered":"<div class=\"woocommerce-tabs wc-tabs-wrapper ziggy-tabs-wrapper\">\n<div class=\"col-full\" data-rocket-location-hash=\"81862300d475a45a0de5ef78ff5a7e58\">\n<div id=\"tab-description\" class=\"woocommerce-Tabs-panel woocommerce-Tabs-panel--description panel entry-content wc-tab\" role=\"tabpanel\" aria-labelledby=\"tab-title-description\">\n<div class=\"elementor-toggle-item\">\n<div id=\"elementor-tab-content-3301\" class=\"elementor-tab-content elementor-clearfix elementor-active\" role=\"region\" data-tab=\"1\" aria-labelledby=\"elementor-tab-title-3301\">\n<div class=\"woocommerce-tabs wc-tabs-wrapper ziggy-tabs-wrapper\">\n<div class=\"col-full\" data-rocket-location-hash=\"81862300d475a45a0de5ef78ff5a7e58\">\n<div id=\"tab-description\" class=\"woocommerce-Tabs-panel woocommerce-Tabs-panel--description panel entry-content wc-tab\" role=\"tabpanel\" aria-labelledby=\"tab-title-description\">\n<div class=\"elementor-toggle-item\">\n<div id=\"elementor-tab-content-3301\" class=\"elementor-tab-content elementor-clearfix elementor-active\" role=\"region\" data-tab=\"1\" aria-labelledby=\"elementor-tab-title-3301\">Ces lingettes hygi\u00e9niques et nettoyantes pour chiens et chats de compagnie sont tr\u00e8s pratiques \u00e0 la maison ou en d\u00e9placement. Il nettoie le pelage, les pieds, la t\u00eate et les oreilles et procure un parfum agr\u00e9able et l\u00e9ger (parfum de talc, papaye, argan et musc). Sa formule apaise, nourrit et prot\u00e8ge les cheveux. Sachet refermable.<\/div>\n<\/div>\n<\/div>\n<\/div>\n<\/div>\n<\/div>\n<\/div>\n<\/div>\n<\/div>\n<\/div>\n<p><strong><span dir=\"auto\">Mode d&#8217;emploi\u00a0:<\/span><\/strong><span dir=\"auto\">\u00a0\u00a0Retirez la lingette et essuyez d\u00e9licatement la zone \u00e0 nettoyer. Aucun rin\u00e7age n&rsquo;est n\u00e9cessaire. Bien refermer l&#8217;emballage pour pr\u00e9server l&rsquo;hydratation du produit.<\/span><\/p>\n","protected":false},"excerpt":{"rendered":"<p>Ces lingettes hygi\u00e9niques et nettoyantes pour chiens et chats de compagnie sont tr\u00e8s pratiques \u00e0 la maison ou en d\u00e9placement. Il nettoie le pelage, les pieds, la t\u00eate et les oreilles et procure un parfum agr\u00e9able et l\u00e9ger (parfum de talc, papaye, argan et musc). Sa formule apaise, nourrit et prot\u00e8ge les cheveux. Sachet refermable. [&#8230;]\n","protected":false},"featured_media":27792,"template":"","meta":{"jetpack_publicize_message":"","jetpack_publicize_feature_enabled":true,"jetpack_social_post_already_shared":true,"jetpack_social_options":{"image_generator_settings":{"template":"highway","default_image_id":0,"font":"","enabled":false},"version":2}},"product_brand":[],"product_cat":[225,224],"product_tag":[],"class_list":{"0":"post-27790","1":"product","2":"type-product","3":"status-publish","4":"has-post-thumbnail","6":"product_cat-lingettes-serviettes-hygiene-et-soins-pour-chat","7":"product_cat-lingettes-serviettes","9":"first","10":"instock","11":"taxable","12":"shipping-taxable","13":"purchasable","14":"product-type-simple"},"supplier_id":5588,"supplier_sku":"ST003P","barcode":null,"atum_controlled":true,"out_stock_date":null,"out_stock_threshold":null,"inheritable":false,"inbound_stock":0,"stock_on_hold":0,"sold_today":0,"sales_last_days":0,"reserved_stock":0,"customer_returns":0,"warehouse_damage":0,"lost_in_post":0,"other_logs":0,"out_stock_days":0,"lost_sales":0,"has_location":false,"update_date":"2026-05-07T00:17:20","atum_locations":[],"atum_stock_status":"instock","restock_status":false,"low_stock_amount":2,"sales_update_date":"2026-05-07T00:17:19","calc_backorders":null,"jetpack_publicize_connections":[],"jetpack_sharing_enabled":true,"batches":[],"_links":{"self":[{"href":"https:\/\/petworld.ma\/index.php\/wp-json\/wp\/v2\/product\/27790","targetHints":{"allow":["GET"]}}],"collection":[{"href":"https:\/\/petworld.ma\/index.php\/wp-json\/wp\/v2\/product"}],"about":[{"href":"https:\/\/petworld.ma\/index.php\/wp-json\/wp\/v2\/types\/product"}],"wp:featuredmedia":[{"embeddable":true,"href":"https:\/\/petworld.ma\/index.php\/wp-json\/wp\/v2\/media\/27792"}],"wp:attachment":[{"href":"https:\/\/petworld.ma\/index.php\/wp-json\/wp\/v2\/media?parent=27790"}],"wp:term":[{"taxonomy":"product_brand","embeddable":true,"href":"https:\/\/petworld.ma\/index.php\/wp-json\/wp\/v2\/product_brand?post=27790"},{"taxonomy":"product_cat","embeddable":true,"href":"https:\/\/petworld.ma\/index.php\/wp-json\/wp\/v2\/product_cat?post=27790"},{"taxonomy":"product_tag","embeddable":true,"href":"https:\/\/petworld.ma\/index.php\/wp-json\/wp\/v2\/product_tag?post=27790"}],"curies":[{"name":"wp","href":"https:\/\/api.w.org\/{rel}","templated":true}]}}