{"id":27894,"date":"2025-09-24T09:28:47","date_gmt":"2025-09-24T09:28:47","guid":{"rendered":"https:\/\/petworld.ma\/?post_type=product&#038;p=27894"},"modified":"2026-01-18T11:12:28","modified_gmt":"2026-01-18T11:12:28","slug":"souris-en-peluche-avec-anneaux","status":"publish","type":"product","link":"https:\/\/petworld.ma\/index.php\/produit\/souris-en-peluche-avec-anneaux\/","title":{"rendered":"Souris en Peluche avec Anneau LeoPet"},"content":{"rendered":"<div class=\"tabs\">\n<div id=\"tab-content\" class=\"tab-content\">\n<div id=\"description\" class=\"tab-pane fade in active\" role=\"tabpanel\">\n<div class=\"product-description\">\n<div class=\"tabs product-tabs\">\n<div id=\"product-infos-tabs-content\" class=\"tab-content\">\n<div id=\"description\" class=\"tab-pane in active\" role=\"tabpanel\">\n<div class=\"product-description\">\n<div class=\"rte-content\">\n<div class=\"product-tabs__content__slice\">\n<div class=\"product-tabs__content__cms\">\n<p><span dir=\"auto\">\u2022 Design mignon, amusant et color\u00e9<\/span><br \/>\n<span dir=\"auto\">\u2022 Poche \u00e0 friandises pour cacher la friandise<\/span><br \/>\n<span dir=\"auto\">\u2022 Doux et c\u00e2lin pour plus de confort<\/span><br \/>\n<span dir=\"auto\">\u2022 Os en caoutchouc r\u00e9sistant au milieu du jouet pour les chiots qui font leurs dents<\/span><br \/>\n<span dir=\"auto\">\u2022 Couineur cach\u00e9 pour plus de plaisir de jeu<\/span><br \/>\n<span dir=\"auto\">\u2022 Multi-textures \u2013 peluche et caoutchouc, mat\u00e9riau de haute qualit\u00e9<\/span><br \/>\n<span dir=\"auto\">\u2022 Taille : 12 cm (H) x 12 cm (L) x 5 cm (P)<\/span><\/p>\n<\/div>\n<\/div>\n<div class=\"product-tabs__content__slice\">\n<div id=\"product__description\" class=\"product-tabs__content__cms\">\n<p><span dir=\"auto\">Remarque : en raison de sa petite taille, ce jouet ne convient pas aux chiens de moyenne, grande et tr\u00e8s grande taille, quel que soit leur \u00e2ge. Ce jouet est r\u00e9sistant mais pas indestructible ; retirez-le imm\u00e9diatement s&rsquo;il est endommag\u00e9.<\/span><\/p>\n<\/div>\n<\/div>\n<\/div>\n<\/div>\n<\/div>\n<\/div>\n<\/div>\n<\/div>\n<\/div>\n<\/div>\n<\/div>\n<section class=\"page-product-box clearfix\"><\/section>\n","protected":false},"excerpt":{"rendered":"<p>\u2022 Design mignon, amusant et color\u00e9 \u2022 Poche \u00e0 friandises pour cacher la friandise \u2022 Doux et c\u00e2lin pour plus de confort \u2022 Os en caoutchouc r\u00e9sistant au milieu du jouet pour les chiots qui font leurs dents \u2022 Couineur cach\u00e9 pour plus de plaisir de jeu \u2022 Multi-textures \u2013 peluche et caoutchouc, mat\u00e9riau de [&#8230;]\n","protected":false},"featured_media":27899,"template":"","meta":{"jetpack_publicize_message":"","jetpack_publicize_feature_enabled":true,"jetpack_social_post_already_shared":true,"jetpack_social_options":{"image_generator_settings":{"template":"highway","default_image_id":0,"font":"","enabled":false},"version":2}},"product_brand":[],"product_cat":[106],"product_tag":[],"class_list":{"0":"post-27894","1":"product","2":"type-product","3":"status-publish","4":"has-post-thumbnail","6":"product_cat-jouet-et-dressage","8":"first","9":"instock","10":"sale","11":"taxable","12":"shipping-taxable","13":"purchasable","14":"product-type-simple"},"supplier_id":5588,"supplier_sku":"GH952785","barcode":null,"atum_controlled":true,"out_stock_date":null,"out_stock_threshold":null,"inheritable":false,"inbound_stock":0,"stock_on_hold":0,"sold_today":0,"sales_last_days":0,"reserved_stock":0,"customer_returns":0,"warehouse_damage":0,"lost_in_post":0,"other_logs":0,"out_stock_days":0,"lost_sales":0,"has_location":false,"update_date":"2026-05-09T00:20:55","atum_locations":[],"atum_stock_status":"instock","restock_status":false,"low_stock_amount":1,"sales_update_date":"2026-05-09T00:20:55","calc_backorders":null,"jetpack_publicize_connections":[],"jetpack_sharing_enabled":true,"batches":[],"_links":{"self":[{"href":"https:\/\/petworld.ma\/index.php\/wp-json\/wp\/v2\/product\/27894","targetHints":{"allow":["GET"]}}],"collection":[{"href":"https:\/\/petworld.ma\/index.php\/wp-json\/wp\/v2\/product"}],"about":[{"href":"https:\/\/petworld.ma\/index.php\/wp-json\/wp\/v2\/types\/product"}],"wp:featuredmedia":[{"embeddable":true,"href":"https:\/\/petworld.ma\/index.php\/wp-json\/wp\/v2\/media\/27899"}],"wp:attachment":[{"href":"https:\/\/petworld.ma\/index.php\/wp-json\/wp\/v2\/media?parent=27894"}],"wp:term":[{"taxonomy":"product_brand","embeddable":true,"href":"https:\/\/petworld.ma\/index.php\/wp-json\/wp\/v2\/product_brand?post=27894"},{"taxonomy":"product_cat","embeddable":true,"href":"https:\/\/petworld.ma\/index.php\/wp-json\/wp\/v2\/product_cat?post=27894"},{"taxonomy":"product_tag","embeddable":true,"href":"https:\/\/petworld.ma\/index.php\/wp-json\/wp\/v2\/product_tag?post=27894"}],"curies":[{"name":"wp","href":"https:\/\/api.w.org\/{rel}","templated":true}]}}