{"id":28117,"date":"2025-09-28T21:13:07","date_gmt":"2025-09-28T21:13:07","guid":{"rendered":"https:\/\/petworld.ma\/?post_type=product&#038;p=28117"},"modified":"2026-03-12T17:09:42","modified_gmt":"2026-03-12T17:09:42","slug":"mousse-nettoyante-purepaws-pour-chiens-et-chats-150ml","status":"publish","type":"product","link":"https:\/\/petworld.ma\/index.php\/produit\/mousse-nettoyante-purepaws-pour-chiens-et-chats-150ml\/","title":{"rendered":"Mousse nettoyante PurePaws pour chiens et chats 150Ml"},"content":{"rendered":"<p><span dir=\"auto\">La formule douce sans rin\u00e7age de Pure Paws est parfaite pour nettoyer les pattes sales\/boueuses de vos chats et chiens ou surtout apr\u00e8s les promenades quotidiennes.<\/span><\/p>\n<ul>\n<li><span dir=\"auto\">La t\u00eate de brosse sp\u00e9ciale en silicone nettoie et masse les pattes de votre animal en douceur. La formule Pure Paws est sans alcool ni parfum, garantissant ainsi une peau sans dess\u00e9chement ni irritation.<\/span><\/li>\n<li><span dir=\"auto\">Enrichi en extrait d&rsquo;Aloe Vera, il procure un effet rafra\u00eechissant et hydratant, gardant les pattes de votre animal douces et souples.<\/span><\/li>\n<li><span dir=\"auto\">Avec l&rsquo;ajout de D-Panth\u00e9nol, Pure Paws aide \u00e0 r\u00e9parer les pattes us\u00e9es et endommag\u00e9es, favorisant la gu\u00e9rison et restaurant leur \u00e9tat naturel.<\/span><\/li>\n<li><span dir=\"auto\">La t\u00eate de brosse en silicone amovible peut \u00eatre facilement lav\u00e9e lorsqu&rsquo;elle est sale, garantissant ainsi une bonne hygi\u00e8ne pour votre animal.<\/span><\/li>\n<li><span dir=\"auto\">Il ne contient pas de parfum, de produits chimiques nocifs et toxiques, de colorants, de parab\u00e8nes,<\/span><\/li>\n<\/ul>\n","protected":false},"excerpt":{"rendered":"<p>La formule douce sans rin\u00e7age de Pure Paws est parfaite pour nettoyer les pattes sales\/boueuses de vos chats et chiens ou surtout apr\u00e8s les promenades quotidiennes. La t\u00eate de brosse sp\u00e9ciale en silicone nettoie et masse les pattes de votre animal en douceur. La formule Pure Paws est sans alcool ni parfum, garantissant ainsi une [&#8230;]\n","protected":false},"featured_media":28118,"template":"","meta":{"jetpack_publicize_message":"","jetpack_publicize_feature_enabled":true,"jetpack_social_post_already_shared":true,"jetpack_social_options":{"image_generator_settings":{"template":"highway","default_image_id":0,"font":"","enabled":false},"version":2}},"product_brand":[],"product_cat":[225,224],"product_tag":[],"class_list":{"0":"post-28117","1":"product","2":"type-product","3":"status-publish","4":"has-post-thumbnail","6":"product_cat-lingettes-serviettes-hygiene-et-soins-pour-chat","7":"product_cat-lingettes-serviettes","9":"first","10":"instock","11":"taxable","12":"shipping-taxable","13":"purchasable","14":"product-type-simple"},"supplier_id":5589,"supplier_sku":"PA441","barcode":null,"atum_controlled":true,"out_stock_date":null,"out_stock_threshold":null,"inheritable":false,"inbound_stock":0,"stock_on_hold":0,"sold_today":0,"sales_last_days":0,"reserved_stock":0,"customer_returns":0,"warehouse_damage":0,"lost_in_post":0,"other_logs":0,"out_stock_days":0,"lost_sales":0,"has_location":false,"update_date":"2026-05-14T00:03:44","atum_locations":[],"atum_stock_status":"instock","restock_status":false,"low_stock_amount":5,"sales_update_date":"2026-05-14T00:03:44","calc_backorders":null,"jetpack_publicize_connections":[],"jetpack_sharing_enabled":true,"batches":[{"id":"5534","date_created":"2025-09-28 21:17:35","date_expiry":"2027-04-16 00:00:00","user_id":"1","batch_number":"PurePaw160427","location":"","quantity":"18.0000","quantity_available":"17.0000","units":"1","status":"active","order_ids":"[30568]","supplier":"Zoolux","po":{"id":"5488","date_created":"2025-09-28 21:17:35","batch_id":"5534","po_number":"","supplier":"Zoolux","cost":null,"regular_price":null,"sale_price":null,"price_margin":null,"price_discount":null}}],"_links":{"self":[{"href":"https:\/\/petworld.ma\/index.php\/wp-json\/wp\/v2\/product\/28117","targetHints":{"allow":["GET"]}}],"collection":[{"href":"https:\/\/petworld.ma\/index.php\/wp-json\/wp\/v2\/product"}],"about":[{"href":"https:\/\/petworld.ma\/index.php\/wp-json\/wp\/v2\/types\/product"}],"wp:featuredmedia":[{"embeddable":true,"href":"https:\/\/petworld.ma\/index.php\/wp-json\/wp\/v2\/media\/28118"}],"wp:attachment":[{"href":"https:\/\/petworld.ma\/index.php\/wp-json\/wp\/v2\/media?parent=28117"}],"wp:term":[{"taxonomy":"product_brand","embeddable":true,"href":"https:\/\/petworld.ma\/index.php\/wp-json\/wp\/v2\/product_brand?post=28117"},{"taxonomy":"product_cat","embeddable":true,"href":"https:\/\/petworld.ma\/index.php\/wp-json\/wp\/v2\/product_cat?post=28117"},{"taxonomy":"product_tag","embeddable":true,"href":"https:\/\/petworld.ma\/index.php\/wp-json\/wp\/v2\/product_tag?post=28117"}],"curies":[{"name":"wp","href":"https:\/\/api.w.org\/{rel}","templated":true}]}}