{"id":28574,"date":"2025-10-06T15:58:30","date_gmt":"2025-10-06T15:58:30","guid":{"rendered":"https:\/\/petworld.ma\/?post_type=product&#038;p=28574"},"modified":"2026-05-11T14:58:01","modified_gmt":"2026-05-11T14:58:01","slug":"dixie-pipette-antiparasitaire-2-ml-pour-chien-15kg","status":"publish","type":"product","link":"https:\/\/petworld.ma\/index.php\/produit\/dixie-pipette-antiparasitaire-2-ml-pour-chien-15kg\/","title":{"rendered":"Dixie Pipette antiparasitaire 2 ml pour chien &gt;15Kg"},"content":{"rendered":"<p><span dir=\"auto\">Anti-puces sp\u00e9cifique pour chiens, con\u00e7u pour prot\u00e9ger votre chien des infestations externes les plus courantes. Gr\u00e2ce \u00e0 sa formule \u00e0 base de perm\u00e9thrine, il est efficace contre les puces, les tiques et les poux, et poss\u00e8de \u00e9galement une action r\u00e9pulsive contre les moustiques et les phl\u00e9botomes, les insectes responsables de la leishmaniose. Son application est tr\u00e8s simple\u00a0: il suffit de verser le contenu de la pipette directement sur la peau du chien, en suivant les instructions figurant sur l&#8217;emballage. Une fois appliqu\u00e9, le produit offre une protection longue dur\u00e9e\u00a0: il combat les puces et les tiques jusqu&rsquo;\u00e0 4\u00a0semaines, \u00e9loigne les moustiques jusqu&rsquo;\u00e0 3\u00a0semaines et repousse les phl\u00e9botomes pendant environ une semaine. Si n\u00e9cessaire, le traitement peut \u00eatre r\u00e9p\u00e9t\u00e9 au moins 7\u00a0jours apr\u00e8s l&rsquo;application pr\u00e9c\u00e9dente, garantissant ainsi une protection continue, notamment pendant les mois les plus chauds ou dans les zones particuli\u00e8rement infest\u00e9es.<\/span><\/p>\n","protected":false},"excerpt":{"rendered":"<p>Vendu \u00e0 l&rsquo;unit\u00e9<\/p>\n","protected":false},"featured_media":28575,"template":"","meta":{"jetpack_publicize_message":"","jetpack_publicize_feature_enabled":true,"jetpack_social_post_already_shared":true,"jetpack_social_options":{"image_generator_settings":{"template":"highway","default_image_id":0,"font":"","enabled":false},"version":2}},"product_brand":[],"product_cat":[228],"product_tag":[],"class_list":{"0":"post-28574","1":"product","2":"type-product","3":"status-publish","4":"has-post-thumbnail","6":"product_cat-antiparasitaires-vermifuges","8":"first","9":"instock","10":"taxable","11":"shipping-taxable","12":"purchasable","13":"product-type-simple"},"supplier_id":5592,"supplier_sku":"","barcode":null,"atum_controlled":true,"out_stock_date":null,"out_stock_threshold":null,"inheritable":false,"inbound_stock":0,"stock_on_hold":0,"sold_today":0,"sales_last_days":0,"reserved_stock":0,"customer_returns":0,"warehouse_damage":0,"lost_in_post":0,"other_logs":0,"out_stock_days":0,"lost_sales":0,"has_location":false,"update_date":"2026-05-15T00:02:50","atum_locations":[],"atum_stock_status":"instock","restock_status":false,"low_stock_amount":1,"sales_update_date":"2026-05-15T00:02:50","calc_backorders":null,"jetpack_publicize_connections":[],"jetpack_sharing_enabled":true,"batches":[],"_links":{"self":[{"href":"https:\/\/petworld.ma\/index.php\/wp-json\/wp\/v2\/product\/28574","targetHints":{"allow":["GET"]}}],"collection":[{"href":"https:\/\/petworld.ma\/index.php\/wp-json\/wp\/v2\/product"}],"about":[{"href":"https:\/\/petworld.ma\/index.php\/wp-json\/wp\/v2\/types\/product"}],"wp:featuredmedia":[{"embeddable":true,"href":"https:\/\/petworld.ma\/index.php\/wp-json\/wp\/v2\/media\/28575"}],"wp:attachment":[{"href":"https:\/\/petworld.ma\/index.php\/wp-json\/wp\/v2\/media?parent=28574"}],"wp:term":[{"taxonomy":"product_brand","embeddable":true,"href":"https:\/\/petworld.ma\/index.php\/wp-json\/wp\/v2\/product_brand?post=28574"},{"taxonomy":"product_cat","embeddable":true,"href":"https:\/\/petworld.ma\/index.php\/wp-json\/wp\/v2\/product_cat?post=28574"},{"taxonomy":"product_tag","embeddable":true,"href":"https:\/\/petworld.ma\/index.php\/wp-json\/wp\/v2\/product_tag?post=28574"}],"curies":[{"name":"wp","href":"https:\/\/api.w.org\/{rel}","templated":true}]}}