{"id":30179,"date":"2025-11-22T12:19:12","date_gmt":"2025-11-22T12:19:12","guid":{"rendered":"https:\/\/petworld.ma\/?post_type=product&#038;p=30179"},"modified":"2026-04-26T13:11:18","modified_gmt":"2026-04-26T13:11:18","slug":"complement-collagen-rosehip-pour-chat-et-chien-140-g","status":"publish","type":"product","link":"https:\/\/petworld.ma\/index.php\/produit\/complement-collagen-rosehip-pour-chat-et-chien-140-g\/","title":{"rendered":"Canvit BARF Compl\u00e9ment Collagen And Rosehip Pour Chat et Chien 140 g &#8211;"},"content":{"rendered":"<p><span dir=\"auto\">Le collag\u00e8ne hydrolys\u00e9 est une prot\u00e9ine hautement digestible et assimilable, naturellement pr\u00e9sente dans les tissus conjonctifs et les os. L&rsquo;\u00e9glantier est riche en vitamine C, qui favorise la synth\u00e8se du collag\u00e8ne. L&rsquo;association de ces substances naturelles contribue \u00e0 renforcer et \u00e0 r\u00e9g\u00e9n\u00e9rer les articulations, les ligaments et les tendons. Collag\u00e8ne et \u00c9glantier convient aux chiens de tous \u00e2ges.<\/span><\/p>\n<p><span dir=\"auto\">Aliments compl\u00e9mentaires pour chiens et chats.<\/span><\/p>\n<h4><strong><span dir=\"auto\">Composition:<\/span><\/strong><\/h4>\n<p><span dir=\"auto\">Hydrolysat de collag\u00e8ne (95 % de collag\u00e8ne hydrolys\u00e9 utilisable), cynorrhodons s\u00e9ch\u00e9s.<\/span><\/p>\n<h4><strong><span dir=\"auto\">Constituants analytiques :<\/span><\/strong><\/h4>\n<p><span dir=\"auto\">prot\u00e9ines brutes 61,11 %, cendres brutes 3,77 %, fibres brutes 6,54 %, teneur en mati\u00e8res grasses 0,74 %.<\/span><\/p>\n<h4><strong><span dir=\"auto\">Guide d&rsquo;alimentation\u00a0:<\/span><\/strong><\/h4>\n<p><span dir=\"auto\">M\u00e9langez la quantit\u00e9 recommand\u00e9e \u00e0 l&rsquo;alimentation habituelle de votre chien. Une utilisation prolong\u00e9e est recommand\u00e9e pour des r\u00e9sultats optimaux.<\/span><\/p>\n<h4><strong><span dir=\"auto\">Dosage pour 10 kg de poids corporel :<\/span><\/strong><\/h4>\n<p><span dir=\"auto\">\u00bd cuill\u00e8re \u00e0 caf\u00e9 par jour<\/span><\/p>\n<h4><strong><span dir=\"auto\">Emballer:<\/span><\/strong><\/h4>\n<p><span dir=\"auto\">Flacon de 800 g pour chiens jusqu&rsquo;\u00e0 10 kg\u00a0: dur\u00e9e d&rsquo;utilisation de 5 mois<\/span><br \/>\n<span dir=\"auto\">Flacon de 140 g pour chiens jusqu&rsquo;\u00e0 10 kg : dur\u00e9e d&rsquo;utilisation de 1 mois.<\/span><\/p>\n<h4><strong><span dir=\"auto\">Stockage:<\/span><\/strong><\/h4>\n<p><span dir=\"auto\">\u00c0 conserver dans un endroit sec et sombre, dans son emballage d&rsquo;origine scell\u00e9.<\/span><\/p>\n<h4><strong><span dir=\"auto\">Table d&rsquo;alimentation :<\/span><\/strong><\/h4>\n<table class=\"table-feed\">\n<tbody>\n<tr>\n<th><\/th>\n<th><span dir=\"auto\">Dose journali\u00e8re :<\/span><\/th>\n<\/tr>\n<tr>\n<td><span dir=\"auto\">Petits chiens et chats (1-10 kg)<\/span><\/td>\n<td><span dir=\"auto\">\u00bd cuill\u00e8re \u00e0 caf\u00e9<\/span><\/td>\n<\/tr>\n<tr>\n<td><span dir=\"auto\">Chiens de taille moyenne (10-25 kg)<\/span><\/td>\n<td><span dir=\"auto\">1 cuill\u00e8re \u00e0 caf\u00e9<\/span><\/td>\n<\/tr>\n<tr>\n<td><span dir=\"auto\">Chiens de grande taille (25-45 kg)<\/span><\/td>\n<td><span dir=\"auto\">2 cuill\u00e8res \u00e0 caf\u00e9<\/span><\/td>\n<\/tr>\n<tr>\n<td><span dir=\"auto\">Chiens de tr\u00e8s grande taille (plus de 45 kg)<\/span><\/td>\n<td><span dir=\"auto\">3 cuill\u00e8res \u00e0 caf\u00e9<\/span><\/td>\n<\/tr>\n<\/tbody>\n<\/table>\n","protected":false},"excerpt":{"rendered":"<p>Collag\u00e8ne hydrolys\u00e9 et cynorrhodon s\u00e9ch\u00e9 (vitamine C) pour renforcer et r\u00e9g\u00e9n\u00e9rer les articulations, les ligaments et les tendons.<\/p>\n","protected":false},"featured_media":30180,"template":"","meta":{"jetpack_publicize_message":"","jetpack_publicize_feature_enabled":true,"jetpack_social_post_already_shared":true,"jetpack_social_options":{"image_generator_settings":{"template":"highway","default_image_id":0,"font":"","enabled":false},"version":2}},"product_brand":[],"product_cat":[218,219],"product_tag":[],"class_list":{"0":"post-30179","1":"product","2":"type-product","3":"status-publish","4":"has-post-thumbnail","6":"product_cat-complement-alimentaire","7":"product_cat-complement-alimentaire-hygiene-et-soins-pour-chat","9":"first","10":"instock","11":"taxable","12":"shipping-taxable","13":"purchasable","14":"product-type-simple"},"supplier_id":5590,"supplier_sku":"","barcode":null,"atum_controlled":true,"out_stock_date":null,"out_stock_threshold":null,"inheritable":false,"inbound_stock":0,"stock_on_hold":0,"sold_today":0,"sales_last_days":0,"reserved_stock":0,"customer_returns":0,"warehouse_damage":0,"lost_in_post":0,"other_logs":0,"out_stock_days":0,"lost_sales":0,"has_location":false,"update_date":"2026-05-11T00:22:50","atum_locations":[],"atum_stock_status":"instock","restock_status":false,"low_stock_amount":2,"sales_update_date":"2026-05-11T00:22:50","calc_backorders":null,"jetpack_publicize_connections":[],"jetpack_sharing_enabled":true,"batches":[{"id":"6137","date_created":"2025-11-12 14:28:38","date_expiry":"2026-06-30 00:00:00","user_id":"2760","batch_number":"Canvit BARF Compl\u00e9ment Collagen & Rosehip Pour Chat et Chien140 g300626","location":"","quantity":"4.0000","quantity_available":"0.0000","units":"1","status":"archived","order_ids":"[30893,31013,31970,32083]","supplier":"Brit","po":{"id":"6084","date_created":"2025-11-12 14:28:38","batch_id":"6137","po_number":"","supplier":"Brit","cost":null,"regular_price":null,"sale_price":null,"price_margin":null,"price_discount":null}},{"id":"7795","date_created":"2026-02-19 11:24:33","date_expiry":"2027-06-30 00:00:00","user_id":"2760","batch_number":"Canvit BARF Compl\u00e9ment Collagen & Rosehip Pour Chat et Chien140 g300627","location":"","quantity":"2.0000","quantity_available":"0.0000","units":"1","status":"archived","order_ids":"[36162,38148]","supplier":"Brit","po":{"id":"7730","date_created":"2026-02-19 11:24:34","batch_id":"7795","po_number":"","supplier":"Brit","cost":null,"regular_price":null,"sale_price":null,"price_margin":null,"price_discount":null}},{"id":"7970","date_created":"2026-02-26 15:36:49","date_expiry":"2027-11-30 00:00:00","user_id":"2760","batch_number":"Canvit BARF Compl\u00e9ment Collagen & Rosehip Pour Chat et Chien140 g301127","location":"","quantity":"10.0000","quantity_available":"9.0000","units":"1","status":"active","order_ids":"[40752]","supplier":"Brit","po":{"id":"7908","date_created":"2026-02-26 15:36:50","batch_id":"7970","po_number":"","supplier":"Brit","cost":null,"regular_price":null,"sale_price":null,"price_margin":null,"price_discount":null}}],"_links":{"self":[{"href":"https:\/\/petworld.ma\/index.php\/wp-json\/wp\/v2\/product\/30179","targetHints":{"allow":["GET"]}}],"collection":[{"href":"https:\/\/petworld.ma\/index.php\/wp-json\/wp\/v2\/product"}],"about":[{"href":"https:\/\/petworld.ma\/index.php\/wp-json\/wp\/v2\/types\/product"}],"wp:featuredmedia":[{"embeddable":true,"href":"https:\/\/petworld.ma\/index.php\/wp-json\/wp\/v2\/media\/30180"}],"wp:attachment":[{"href":"https:\/\/petworld.ma\/index.php\/wp-json\/wp\/v2\/media?parent=30179"}],"wp:term":[{"taxonomy":"product_brand","embeddable":true,"href":"https:\/\/petworld.ma\/index.php\/wp-json\/wp\/v2\/product_brand?post=30179"},{"taxonomy":"product_cat","embeddable":true,"href":"https:\/\/petworld.ma\/index.php\/wp-json\/wp\/v2\/product_cat?post=30179"},{"taxonomy":"product_tag","embeddable":true,"href":"https:\/\/petworld.ma\/index.php\/wp-json\/wp\/v2\/product_tag?post=30179"}],"curies":[{"name":"wp","href":"https:\/\/api.w.org\/{rel}","templated":true}]}}