{"id":30211,"date":"2025-11-12T16:01:33","date_gmt":"2025-11-12T16:01:33","guid":{"rendered":"https:\/\/petworld.ma\/?post_type=product&#038;p=30211"},"modified":"2026-04-10T20:56:05","modified_gmt":"2026-04-10T20:56:05","slug":"purina-gourmet-revelations-mousselines-au-boeuf-nappee-de-sauce-pour-chat-4-x-57g","status":"publish","type":"product","link":"https:\/\/petworld.ma\/index.php\/produit\/purina-gourmet-revelations-mousselines-au-boeuf-nappee-de-sauce-pour-chat-4-x-57g\/","title":{"rendered":"Purina Gourmet R\u00e9v\u00e9lations Mousselines au Boeuf napp\u00e9e de Sauce pour Chat (4 x 57g)"},"content":{"rendered":"<p><strong>GOURMET<sup>\u00ae<\/sup>\u00a0REVELATIONS<sup>\u00ae<\/sup>\u00a0: Une collection de mets succulents, dans une forme parfaite pour un moment d&rsquo;exception pour vous et votre chat. Chaque mousseline, d\u00e9licate et raffin\u00e9e, est \u00e9labor\u00e9e avec des ingr\u00e9dients de haute qualit\u00e9, et napp\u00e9e de sauce pour offrir \u00e0 votre chat une exp\u00e9rience gustative unique. GOURMET<sup>\u00ae<\/sup>\u00a0REVELATIONS<sup>\u00ae<\/sup>\u00a0: Un mets sublim\u00e9.<\/strong><\/p>\n<p><strong>Caract\u00e9ristiques<\/strong><\/p>\n<ul>\n<li>\u00c9labor\u00e9es avec des ingr\u00e9dients de haute qualit\u00e9.<\/li>\n<li>Alimentation 100 % compl\u00e8te et \u00e9quilibr\u00e9e pour chats adultes.<\/li>\n<li>Sans colorants ajout\u00e9s. Sans ar\u00f4mes artificiels ajout\u00e9s et sans conservateurs artificiels ajout\u00e9s.<\/li>\n<li>Servi en pots de 57g pour que chaque repas reste frais et pratique \u00e0 servir.<\/li>\n<li>Des mousselines d\u00e9licates et raffin\u00e9es napp\u00e9es de sauce.<\/li>\n<li>Une forme parfaite pour r\u00e9v\u00e9ler un moment d&rsquo;exception.<\/li>\n<li>Facile \u00e0 servir, sans ustensiles.<\/li>\n<li>Tous les \u00e9l\u00e9ments de cet emballage sont con\u00e7us pour \u00eatre recyclable.<\/li>\n<\/ul>\n<p><strong>Composition<\/strong><\/p>\n<p>Au B\u0153uf :<br \/>\nViandes et sous-produits animaux (46 %, dont b\u0153uf 4 %)<br \/>\nSous-produits d&rsquo;origine v\u00e9g\u00e9tale<br \/>\nSubstances min\u00e9rales<br \/>\nSucres<\/p>\n<div class=\"a-row a-expander-container a-expander-extend-container\" data-a-expander-name=\"toggle_description\">\n<div class=\"a-expander-content a-expander-extend-content a-expander-content-expanded\" data-expanded=\"true\">\n<div class=\"tab-content product--detail-tab-content\">\n<div id=\"tab-feeding-guide\" class=\"product--tab product--tab--feeding-guide tab-pane fade active show\" role=\"tabpanel\">\n<div id=\"acc-content-feeding-guide\" class=\"product--tab-content collapse visible-desktop\">\n<div class=\"field field--name-field-product-feeding-guide field--type-entity-reference-revisions field--label-hidden field__item\">\n<div class=\"product-detail-item-parent--field-product-feeding-guide paragraph paragraph--type--product-detail-item paragraph--view-mode--default\">\n<div class=\"clearfix text-formatted field field--name-field-product-detail-body field--type-text-long field--label-hidden field__items\">\n<div class=\"field__item\">\n<p><strong>Guide d&rsquo;alimentation<\/strong><\/p>\n<p>Pour un chat adulte d\u2019environ 4 kg, donnez 5 pots par jour, r\u00e9partis de pr\u00e9f\u00e9rence en au moins 2-3 repas. Les rations journali\u00e8res conseill\u00e9es sont calcul\u00e9es pour un chat \u00e0 l\u2019activit\u00e9 mod\u00e9r\u00e9e dans des conditions d\u2019environnement et de temp\u00e9rature normales. Les besoins nutritionnels peuvent varier selon le chat, il faut donc ajuster ces rations afin de le maintenir \u00e0 son poids de forme. Servir \u00e0 temp\u00e9rature ambiante. Laissez toujours de l\u2019eau fra\u00eeche et propre \u00e0 disposition de votre chat.<\/p>\n<\/div>\n<\/div>\n<\/div>\n<\/div>\n<\/div>\n<\/div>\n<\/div>\n<\/div>\n<\/div>\n","protected":false},"excerpt":{"rendered":"<div class=\"dsu-product--highlight\">\n<div class=\"field field--name-field-product-highlight field--type-string field--label-hidden field__items\">\n<ul>\n<li>\u00c9labor\u00e9es avec des ingr\u00e9dients de haute qualit\u00e9.<\/li>\n<li>Alimentation 100 % compl\u00e8te et \u00e9quilibr\u00e9e pour chats adultes.<\/li>\n<li>Sans colorants ajout\u00e9s. Sans ar\u00f4mes artificiels ajout\u00e9s et sans conservateurs artificiels ajout\u00e9s.<\/li>\n<li>Servi en pots de 57g pour que chaque repas reste frais et pratique \u00e0 servir.<\/li>\n<\/ul>\n<\/div>\n<\/div>\n","protected":false},"featured_media":30212,"template":"","meta":{"jetpack_publicize_message":"","jetpack_publicize_feature_enabled":true,"jetpack_social_post_already_shared":true,"jetpack_social_options":{"image_generator_settings":{"template":"highway","default_image_id":0,"font":"","enabled":false},"version":2}},"product_brand":[],"product_cat":[41,239],"product_tag":[],"class_list":{"0":"post-30211","1":"product","2":"type-product","3":"status-publish","4":"has-post-thumbnail","6":"product_cat-friandises-et-pate-pour-chat","7":"product_cat-pate-humides-chat","9":"first","10":"outofstock","11":"taxable","12":"shipping-taxable","13":"purchasable","14":"product-type-simple"},"supplier_id":5598,"supplier_sku":"","barcode":"7613287191946","atum_controlled":true,"out_stock_date":"2026-04-10 20:56:05","out_stock_threshold":null,"inheritable":false,"inbound_stock":0,"stock_on_hold":0,"sold_today":0,"sales_last_days":0,"reserved_stock":0,"customer_returns":0,"warehouse_damage":0,"lost_in_post":0,"other_logs":0,"out_stock_days":31,"lost_sales":14547,"has_location":false,"update_date":"2026-05-12T00:22:21","atum_locations":[],"atum_stock_status":"outofstock","restock_status":false,"low_stock_amount":5,"sales_update_date":"2026-05-12T00:22:21","calc_backorders":null,"jetpack_publicize_connections":[],"jetpack_sharing_enabled":true,"batches":[{"id":"6150","date_created":"2025-11-12 16:04:30","date_expiry":"2027-02-28 00:00:00","user_id":"9","batch_number":"GourmetRevelationsBoeuf022027","location":"","quantity":"6.0000","quantity_available":"0.0000","units":"1","status":"archived","order_ids":"[30608,30760,30818,31029,31918,32244,32466,33425,33925,34717,34787]","supplier":"Proplan","po":{"id":"6098","date_created":"2025-11-12 16:04:37","batch_id":"6150","po_number":"","supplier":"Proplan","cost":null,"regular_price":null,"sale_price":null,"price_margin":null,"price_discount":null}},{"id":"7732","date_created":"2026-02-17 14:52:05","date_expiry":"2027-02-28 00:00:00","user_id":"9","batch_number":"GourmetRevelationsBoeuf022027","location":"","quantity":"36.0000","quantity_available":"0.0000","units":"1","status":"archived","order_ids":"[36165,36326,36338,36850,37154,37494,37703,37861,37940,38324,39230]","supplier":"Rabat","po":{"id":"7667","date_created":"2026-02-17 14:52:06","batch_id":"7732","po_number":"","supplier":"Rabat","cost":null,"regular_price":null,"sale_price":null,"price_margin":null,"price_discount":null}},{"id":"7885","date_created":"2026-02-23 15:43:25","date_expiry":"2027-02-28 00:00:00","user_id":"9","batch_number":"GourmetRevelationsBoeuf022027","location":"","quantity":"44.0000","quantity_available":"0.0000","units":"1","status":"archived","order_ids":"[39230,39418]","supplier":"Casablanca","po":{"id":"7820","date_created":"2026-02-23 15:43:26","batch_id":"7885","po_number":"","supplier":"Casablanca","cost":null,"regular_price":null,"sale_price":null,"price_margin":null,"price_discount":null}}],"_links":{"self":[{"href":"https:\/\/petworld.ma\/index.php\/wp-json\/wp\/v2\/product\/30211","targetHints":{"allow":["GET"]}}],"collection":[{"href":"https:\/\/petworld.ma\/index.php\/wp-json\/wp\/v2\/product"}],"about":[{"href":"https:\/\/petworld.ma\/index.php\/wp-json\/wp\/v2\/types\/product"}],"wp:featuredmedia":[{"embeddable":true,"href":"https:\/\/petworld.ma\/index.php\/wp-json\/wp\/v2\/media\/30212"}],"wp:attachment":[{"href":"https:\/\/petworld.ma\/index.php\/wp-json\/wp\/v2\/media?parent=30211"}],"wp:term":[{"taxonomy":"product_brand","embeddable":true,"href":"https:\/\/petworld.ma\/index.php\/wp-json\/wp\/v2\/product_brand?post=30211"},{"taxonomy":"product_cat","embeddable":true,"href":"https:\/\/petworld.ma\/index.php\/wp-json\/wp\/v2\/product_cat?post=30211"},{"taxonomy":"product_tag","embeddable":true,"href":"https:\/\/petworld.ma\/index.php\/wp-json\/wp\/v2\/product_tag?post=30211"}],"curies":[{"name":"wp","href":"https:\/\/api.w.org\/{rel}","templated":true}]}}