{"id":30227,"date":"2025-11-12T19:20:53","date_gmt":"2025-11-12T19:20:53","guid":{"rendered":"https:\/\/petworld.ma\/?post_type=product&#038;p=30227"},"modified":"2026-04-13T18:13:03","modified_gmt":"2026-04-13T18:13:03","slug":"amoremio-spray-attractif-pour-chat-et-chien-500ml","status":"publish","type":"product","link":"https:\/\/petworld.ma\/index.php\/produit\/amoremio-spray-attractif-pour-chat-et-chien-500ml\/","title":{"rendered":"Amoremio Spray Attractif pour Chat et Chien 500ml"},"content":{"rendered":"<div class=\"product__description rte quick-add-hidden\">\n<p><span dir=\"auto\">Il attire les animaux domestiques pour qu&rsquo;ils fassent leurs besoins dans la zone d\u00e9sign\u00e9e que vous avez choisie\u00a0: il suffit de le vaporiser sur la surface ou l&rsquo;espace o\u00f9 vous souhaitez qu&rsquo;ils aillent.<\/span><\/p>\n<p><strong><span dir=\"auto\">Fabriqu\u00e9 en Italie\u00a0:<\/span><\/strong><span dir=\"auto\">\u00a0Ce spray attractif pour chiens, chats et chiots est enti\u00e8rement produit en Italie par Amore Mio. Ceci garantit un contr\u00f4le qualit\u00e9 rigoureux et le respect des normes italiennes en mati\u00e8re de fabrication de produits pour animaux de compagnie.<\/span><\/p>\n<p><strong><span dir=\"auto\">DRESSAGE EFFICACE\u00a0:<\/span><\/strong><span dir=\"auto\">\u00a0Utilis\u00e9 r\u00e9guli\u00e8rement, ce spray aide \u00e0 corriger les mauvaises habitudes de votre animal et encourage le comportement souhait\u00e9.<\/span><\/p>\n<p><strong><span dir=\"auto\">Facile d&rsquo;utilisation\u00a0:<\/span><\/strong><span dir=\"auto\">\u00a0vaporisez simplement la zone souhait\u00e9e \u00e0 une distance de 30 \u00e0 40\u00a0cm. Commencez par appliquer le produit directement sur un chiffon, un vieux journal ou un tapis plac\u00e9 pr\u00e8s de l&rsquo;endroit o\u00f9 votre animal dort ou se tient habituellement. D\u00e9placez ensuite progressivement ces objets \u00e0 l&rsquo;endroit indiqu\u00e9.<\/span><\/p>\n<p><strong><span dir=\"auto\">Parfum agr\u00e9able\u00a0:<\/span><\/strong><span dir=\"auto\">\u00a0Offre \u00e0 votre animal une agr\u00e9able odeur et cr\u00e9e une ambiance chaleureuse et accueillante. Cela l\u2019aide \u00e0 se diriger vers les endroits souhait\u00e9s, comme sa liti\u00e8re ou le seuil de la porte.<\/span><\/p>\n<p><strong><span dir=\"auto\">SAVEURS S\u00dbRES ET NATURELLES :<\/span><\/strong><span dir=\"auto\">\u00a0Ce spray est un m\u00e9lange de senteurs, comme la val\u00e9riane et l&rsquo;extrait de luzerne, qui sont sans danger pour les animaux et l&rsquo;environnement.<\/span><\/p>\n<\/div>\n<p>&nbsp;<\/p>\n","protected":false},"excerpt":{"rendered":"<p>Il attire les animaux domestiques pour qu&rsquo;ils fassent leurs besoins dans la zone d\u00e9sign\u00e9e que vous avez choisie\u00a0: il suffit de le vaporiser sur la surface ou l&rsquo;espace o\u00f9 vous souhaitez qu&rsquo;ils aillent. Fabriqu\u00e9 en Italie\u00a0:\u00a0Ce spray attractif pour chiens, chats et chiots est enti\u00e8rement produit en Italie par Amore Mio. Ceci garantit un contr\u00f4le [&#8230;]\n","protected":false},"featured_media":30228,"template":"","meta":{"jetpack_publicize_message":"","jetpack_publicize_feature_enabled":true,"jetpack_social_post_already_shared":true,"jetpack_social_options":{"image_generator_settings":{"template":"highway","default_image_id":0,"font":"","enabled":false},"version":2}},"product_brand":[],"product_cat":[227,106,94],"product_tag":[],"class_list":{"0":"post-30227","1":"product","2":"type-product","3":"status-publish","4":"has-post-thumbnail","6":"product_cat-couches-tapis-absorbant","7":"product_cat-jouet-et-dressage","8":"product_cat-litieres-et-bacs","10":"first","11":"outofstock","12":"sale","13":"taxable","14":"shipping-taxable","15":"purchasable","16":"product-type-simple"},"supplier_id":8770,"supplier_sku":"ART0055I","barcode":"8052190991165","atum_controlled":true,"out_stock_date":"2026-04-13 18:13:03","out_stock_threshold":null,"inheritable":false,"inbound_stock":0,"stock_on_hold":0,"sold_today":0,"sales_last_days":0,"reserved_stock":0,"customer_returns":0,"warehouse_damage":0,"lost_in_post":0,"other_logs":0,"out_stock_days":19,"lost_sales":407,"has_location":false,"update_date":"2026-05-03T00:17:39","atum_locations":[],"atum_stock_status":"outofstock","restock_status":false,"low_stock_amount":2,"sales_update_date":"2026-05-03T00:17:39","calc_backorders":null,"jetpack_publicize_connections":[],"jetpack_sharing_enabled":true,"batches":[{"id":"6155","date_created":"2025-11-12 19:27:14","date_expiry":"2027-09-30 00:00:00","user_id":"2461","batch_number":"sprayattractif092027","location":"","quantity":"15.0000","quantity_available":"3.0000","units":"1","status":"active","order_ids":"[30568,31552,32650,33755,34195,35295,35305,37735,38086,38160,38559,39096]","supplier":"GreenTown kennel","po":{"id":"6102","date_created":"2025-11-12 19:27:15","batch_id":"6155","po_number":"","supplier":"GreenTown kennel","cost":null,"regular_price":null,"sale_price":null,"price_margin":null,"price_discount":null}}],"_links":{"self":[{"href":"https:\/\/petworld.ma\/index.php\/wp-json\/wp\/v2\/product\/30227","targetHints":{"allow":["GET"]}}],"collection":[{"href":"https:\/\/petworld.ma\/index.php\/wp-json\/wp\/v2\/product"}],"about":[{"href":"https:\/\/petworld.ma\/index.php\/wp-json\/wp\/v2\/types\/product"}],"wp:featuredmedia":[{"embeddable":true,"href":"https:\/\/petworld.ma\/index.php\/wp-json\/wp\/v2\/media\/30228"}],"wp:attachment":[{"href":"https:\/\/petworld.ma\/index.php\/wp-json\/wp\/v2\/media?parent=30227"}],"wp:term":[{"taxonomy":"product_brand","embeddable":true,"href":"https:\/\/petworld.ma\/index.php\/wp-json\/wp\/v2\/product_brand?post=30227"},{"taxonomy":"product_cat","embeddable":true,"href":"https:\/\/petworld.ma\/index.php\/wp-json\/wp\/v2\/product_cat?post=30227"},{"taxonomy":"product_tag","embeddable":true,"href":"https:\/\/petworld.ma\/index.php\/wp-json\/wp\/v2\/product_tag?post=30227"}],"curies":[{"name":"wp","href":"https:\/\/api.w.org\/{rel}","templated":true}]}}