{"id":30229,"date":"2025-11-12T19:39:15","date_gmt":"2025-11-12T19:39:15","guid":{"rendered":"https:\/\/petworld.ma\/?post_type=product&#038;p=30229"},"modified":"2026-02-24T12:55:33","modified_gmt":"2026-02-24T12:55:33","slug":"amoremio-spray-repulsif-educateur-pour-chien-et-chat-500-ml","status":"publish","type":"product","link":"https:\/\/petworld.ma\/index.php\/produit\/amoremio-spray-repulsif-educateur-pour-chien-et-chat-500-ml\/","title":{"rendered":"R\u00e9pulsif Spray \u00c9ducateur pour Chien et Chat 500 ml &#8211; Amoremio"},"content":{"rendered":"<div class=\"product__description rte quick-add-hidden\">\n<p><span dir=\"auto\">Il emp\u00eache les animaux de p\u00e9n\u00e9trer dans les zones d\u00e9sign\u00e9es\u00a0: il suffit de le vaporiser sur la surface ou l\u2019espace souhait\u00e9.<\/span><\/p>\n<p><strong><span dir=\"auto\">Fabriqu\u00e9 en Italie\u00a0:<\/span><\/strong><span dir=\"auto\">\u00a0Ce spray r\u00e9pulsif pour chiens, chats et chiots est enti\u00e8rement produit en Italie par Amore Mio. Ceci garantit un contr\u00f4le qualit\u00e9 rigoureux et le respect des normes italiennes en mati\u00e8re de fabrication de produits pour animaux de compagnie.<\/span><\/p>\n<p><span dir=\"auto\">Ce spray r\u00e9pulsif est con\u00e7u pour emp\u00eacher les chiens et les chats de faire leurs besoins dans des endroits tels que les balcons, les trottoirs, les cl\u00f4tures, les pots de fleurs, les portes, les canap\u00e9s, les tapis, etc.<\/span><\/p>\n<p><span dir=\"auto\">Ce produit est sans danger pour les animaux et n&rsquo;utilise pas de gaz chimiques, dans le respect de l&rsquo;environnement.<\/span><\/p>\n<p><span dir=\"auto\">Sa formule \u00e0 base d&rsquo;huiles essentielles a un effet r\u00e9pulsif contre les chiens et les chats, cr\u00e9ant une v\u00e9ritable barri\u00e8re anti-odeurs pendant plusieurs jours.<\/span><\/p>\n<p><span dir=\"auto\">Les emp\u00eache de revenir.<\/span><\/p>\n<\/div>\n","protected":false},"excerpt":{"rendered":"<p>Il emp\u00eache les animaux de p\u00e9n\u00e9trer dans les zones d\u00e9sign\u00e9es\u00a0: il suffit de le vaporiser sur la surface ou l\u2019espace souhait\u00e9. Fabriqu\u00e9 en Italie\u00a0:\u00a0Ce spray r\u00e9pulsif pour chiens, chats et chiots est enti\u00e8rement produit en Italie par Amore Mio. Ceci garantit un contr\u00f4le qualit\u00e9 rigoureux et le respect des normes italiennes en mati\u00e8re de fabrication [&#8230;]\n","protected":false},"featured_media":30231,"template":"","meta":{"jetpack_publicize_message":"","jetpack_publicize_feature_enabled":true,"jetpack_social_post_already_shared":true,"jetpack_social_options":{"image_generator_settings":{"template":"highway","default_image_id":0,"font":"","enabled":false},"version":2}},"product_brand":[],"product_cat":[106,94],"product_tag":[],"class_list":{"0":"post-30229","1":"product","2":"type-product","3":"status-publish","4":"has-post-thumbnail","6":"product_cat-jouet-et-dressage","7":"product_cat-litieres-et-bacs","9":"first","10":"outofstock","11":"sale","12":"taxable","13":"shipping-taxable","14":"purchasable","15":"product-type-simple"},"supplier_id":5589,"supplier_sku":"","barcode":"8052190991028","atum_controlled":true,"out_stock_date":"2025-11-30 13:07:23","out_stock_threshold":null,"inheritable":false,"inbound_stock":0,"stock_on_hold":0,"sold_today":0,"sales_last_days":0,"reserved_stock":0,"customer_returns":0,"warehouse_damage":0,"lost_in_post":0,"other_logs":0,"out_stock_days":146,"lost_sales":31285,"has_location":false,"update_date":"2026-04-26T00:14:50","atum_locations":[],"atum_stock_status":"outofstock","restock_status":false,"low_stock_amount":2,"sales_update_date":"2026-04-26T00:14:49","calc_backorders":null,"jetpack_publicize_connections":[],"jetpack_sharing_enabled":true,"batches":[],"_links":{"self":[{"href":"https:\/\/petworld.ma\/index.php\/wp-json\/wp\/v2\/product\/30229","targetHints":{"allow":["GET"]}}],"collection":[{"href":"https:\/\/petworld.ma\/index.php\/wp-json\/wp\/v2\/product"}],"about":[{"href":"https:\/\/petworld.ma\/index.php\/wp-json\/wp\/v2\/types\/product"}],"wp:featuredmedia":[{"embeddable":true,"href":"https:\/\/petworld.ma\/index.php\/wp-json\/wp\/v2\/media\/30231"}],"wp:attachment":[{"href":"https:\/\/petworld.ma\/index.php\/wp-json\/wp\/v2\/media?parent=30229"}],"wp:term":[{"taxonomy":"product_brand","embeddable":true,"href":"https:\/\/petworld.ma\/index.php\/wp-json\/wp\/v2\/product_brand?post=30229"},{"taxonomy":"product_cat","embeddable":true,"href":"https:\/\/petworld.ma\/index.php\/wp-json\/wp\/v2\/product_cat?post=30229"},{"taxonomy":"product_tag","embeddable":true,"href":"https:\/\/petworld.ma\/index.php\/wp-json\/wp\/v2\/product_tag?post=30229"}],"curies":[{"name":"wp","href":"https:\/\/api.w.org\/{rel}","templated":true}]}}