{"id":31786,"date":"2025-12-10T16:43:21","date_gmt":"2025-12-10T16:43:21","guid":{"rendered":"https:\/\/petworld.ma\/?post_type=product&#038;p=31786"},"modified":"2026-05-02T13:41:36","modified_gmt":"2026-05-02T13:41:36","slug":"shampoing-pour-chien-versele-laga-anti-parasite-5kg","status":"publish","type":"product","link":"https:\/\/petworld.ma\/index.php\/produit\/shampoing-pour-chien-versele-laga-anti-parasite-5kg\/","title":{"rendered":"Shampoing pour Chien Bio PetActive Anti-Parasite 250 ML | 5L"},"content":{"rendered":"<p><strong><span dir=\"auto\">Aide \u00e0 prot\u00e9ger et \u00e0 repousser en douceur et efficacement les puces et les tiques.<\/span><\/strong><\/p>\n<p><strong>\u00a0<\/strong><span dir=\"auto\">Le shampooing Bio PetActive Herbal Guard nettoie, hydrate et revitalise en douceur la peau et le pelage des chiens. Sa formule \u00e0 base d&rsquo;agents nettoyants et d&rsquo;huiles v\u00e9g\u00e9tales contribue \u00e0 la sant\u00e9 de la peau et du poil, soulage les d\u00e9mangeaisons et offre une protection suppl\u00e9mentaire contre les insectes piqueurs comme les puces et les tiques. Les huiles v\u00e9g\u00e9tales pr\u00e9sentes dans le shampooing aident \u00e0 prot\u00e9ger et \u00e0 repousser efficacement et en douceur les puces et les tiques, de fa\u00e7on naturelle.<\/span><\/p>\n<p><span dir=\"auto\">Le neem est largement reconnu comme pesticide biologique. Ses compos\u00e9s perturbent le cycle alimentaire et reproductif de plus de 200 esp\u00e8ces d&rsquo;insectes. Ces derniers \u00e9vitent instinctivement le neem lorsqu&rsquo;il est appliqu\u00e9 sur les plantes, les animaux domestiques et les humains.<\/span><\/p>\n<p><span dir=\"auto\">Il offre \u00e9galement l&rsquo;avantage suppl\u00e9mentaire d&rsquo;\u00e9loigner les insectes ind\u00e9sirables de votre animal. Si votre animal souffre de d\u00e9mangeaisons ou d&rsquo;irritations cutan\u00e9es, un bain avec le shampooing Herbal Guard est un moyen simple de le soulager imm\u00e9diatement.<\/span><\/p>\n<ul>\n<li><span dir=\"auto\">L&rsquo;huile de menthe poivr\u00e9e a un effet mortel sur les insectes, notamment les puces et les tiques.<\/span><\/li>\n<li><span dir=\"auto\">L&rsquo;huile de menthe poivr\u00e9e est l&rsquo;un des bloqueurs d&rsquo;octopamine les plus importants pr\u00e9sents dans l&rsquo;octopamine, un neurotransmetteur cl\u00e9 que l&rsquo;on trouve chez les invert\u00e9br\u00e9s.<\/span><\/li>\n<li><span dir=\"auto\">L&rsquo;huile de menthe poivr\u00e9e bloque la production d&rsquo;octopamine, provoquant ainsi la d\u00e9faillance du syst\u00e8me nerveux central des parasites.<\/span><\/li>\n<li><span dir=\"auto\">L&rsquo;huile de citronnelle poss\u00e8de des propri\u00e9t\u00e9s antibact\u00e9riennes, antifongiques et r\u00e9pulsives contre les parasites.<\/span><\/li>\n<\/ul>\n<p>&nbsp;<\/p>\n<p><strong><em><span dir=\"auto\">Mode d&#8217;emploi\u00a0:<\/span><\/em><\/strong><em><span dir=\"auto\">\u00a0Mouillez le pelage \u00e0 l&rsquo;eau ti\u00e8de avant l&rsquo;application. Diluez une quantit\u00e9 g\u00e9n\u00e9reuse de shampoing (1 dose de shampoing pour 5 doses d&rsquo;eau). Frottez d\u00e9licatement pour r\u00e9partir la mousse sur tout le corps de votre animal. Laissez agir 3 \u00e0 5 minutes, puis rincez abondamment. Brossez le pelage et s\u00e9chez soigneusement avec une serviette.<\/span><\/em><\/p>\n","protected":false},"excerpt":{"rendered":"<p><strong><span dir=\"auto\">Aide \u00e0 prot\u00e9ger et \u00e0 repousser en douceur et efficacement les puces et les tiques.<\/span><\/strong><\/p>\n","protected":false},"featured_media":31787,"template":"","meta":{"jetpack_publicize_message":"","jetpack_publicize_feature_enabled":true,"jetpack_social_post_already_shared":true,"jetpack_social_options":{"image_generator_settings":{"template":"highway","default_image_id":0,"font":"","enabled":false},"version":2}},"product_brand":[],"product_cat":[214],"product_tag":[],"class_list":{"0":"post-31786","1":"product","2":"type-product","3":"status-publish","4":"has-post-thumbnail","6":"product_cat-parfums-shampoing","8":"first","9":"instock","10":"sale","11":"taxable","12":"shipping-taxable","13":"purchasable","14":"product-type-variable"},"supplier_id":5589,"supplier_sku":"PA439","barcode":null,"atum_controlled":true,"out_stock_date":null,"out_stock_threshold":null,"inheritable":true,"inbound_stock":0,"stock_on_hold":0,"sold_today":0,"sales_last_days":1,"reserved_stock":0,"customer_returns":0,"warehouse_damage":0,"lost_in_post":0,"other_logs":0,"out_stock_days":0,"lost_sales":0,"has_location":false,"update_date":"2026-05-07T00:18:00","atum_locations":[],"atum_stock_status":"instock","restock_status":false,"low_stock_amount":2,"sales_update_date":"2026-05-07T00:17:59","calc_backorders":null,"jetpack_publicize_connections":[],"jetpack_sharing_enabled":true,"batches":[{"id":"6610","date_created":"2025-12-10 16:48:58","date_expiry":"2028-04-15 00:00:00","user_id":"50","batch_number":"Shampoing5L150428","location":"","quantity":"5.0000","quantity_available":"2.0000","units":"1","status":"active","order_ids":"[33075,33630,34445]","supplier":"Zooluxe","po":{"id":"6555","date_created":"2025-12-10 16:48:59","batch_id":"6610","po_number":"","supplier":"Zooluxe","cost":null,"regular_price":null,"sale_price":null,"price_margin":null,"price_discount":null}}],"_links":{"self":[{"href":"https:\/\/petworld.ma\/index.php\/wp-json\/wp\/v2\/product\/31786","targetHints":{"allow":["GET"]}}],"collection":[{"href":"https:\/\/petworld.ma\/index.php\/wp-json\/wp\/v2\/product"}],"about":[{"href":"https:\/\/petworld.ma\/index.php\/wp-json\/wp\/v2\/types\/product"}],"wp:featuredmedia":[{"embeddable":true,"href":"https:\/\/petworld.ma\/index.php\/wp-json\/wp\/v2\/media\/31787"}],"wp:attachment":[{"href":"https:\/\/petworld.ma\/index.php\/wp-json\/wp\/v2\/media?parent=31786"}],"wp:term":[{"taxonomy":"product_brand","embeddable":true,"href":"https:\/\/petworld.ma\/index.php\/wp-json\/wp\/v2\/product_brand?post=31786"},{"taxonomy":"product_cat","embeddable":true,"href":"https:\/\/petworld.ma\/index.php\/wp-json\/wp\/v2\/product_cat?post=31786"},{"taxonomy":"product_tag","embeddable":true,"href":"https:\/\/petworld.ma\/index.php\/wp-json\/wp\/v2\/product_tag?post=31786"}],"curies":[{"name":"wp","href":"https:\/\/api.w.org\/{rel}","templated":true}]}}