{"id":32492,"date":"2025-12-24T13:05:35","date_gmt":"2025-12-24T13:05:35","guid":{"rendered":"https:\/\/petworld.ma\/?post_type=product&#038;p=32492"},"modified":"2026-04-22T14:20:22","modified_gmt":"2026-04-22T14:20:22","slug":"hills-science-plan-croquettes-feline-hairball-and-perfect-coat-7kg-promo","status":"publish","type":"product","link":"https:\/\/petworld.ma\/index.php\/produit\/hills-science-plan-croquettes-feline-hairball-and-perfect-coat-7kg-promo\/","title":{"rendered":"Hill&rsquo;s Science Plan Croquettes Feline Hairball And Perfect Coat &#8211; 7kg Promo"},"content":{"rendered":"<p>Hill&rsquo;s Science Plan Hairball &amp; Perfect Coat au Poulet aide le chat adulte \u00e0 \u00e9viter la formation de boules de poils et \u00e0 am\u00e9liorer la beaut\u00e9 de son pelage. Riche en acides gras essentiels Om\u00e9ga-6, cet aliment favorise une peau et un pelage sains et brillants.<\/p>\n<p>Notre technologie Advanced\u00a0Fibre\u00a0 anti-boules de poils r\u00e9duit les boules de poils en facilitant leur passage naturel dans l\u2019intestin.<\/p>\n<p>Formul\u00e9 avec des prot\u00e9ines de haute qualit\u00e9, cet aliment garantit un repas \u00e9quilibr\u00e9 et d\u00e9licieux, avec des avantages en mati\u00e8re de contr\u00f4le des boules de poils pour le bien-\u00eatre g\u00e9n\u00e9ral du chat.<\/p>\n<p>&nbsp;<\/p>\n<p>Hill\u2019s\u00a0Science\u00a0Plan est une alimentation pour chat saine et totalement \u00e9quilibr\u00e9e, fond\u00e9e sur la science pour offrir au chat la meilleure vie possible.<\/p>\n<h3><strong>Les avantages des croquettes pour chat\u00a0Hill&rsquo;s Science Plan Hairball &amp; Perfect Coat :\u00a0<\/strong><\/h3>\n<ul>\n<li>Aide \u00e0 r\u00e9duire la formation de boules de poils gr\u00e2ce \u00e0 la technologie Advanced\u00a0Fibre<\/li>\n<li>Une peau et un pelage magnifiques gr\u00e2ce \u00e0 la vitamine\u00a0E et aux acides gras Om\u00e9ga-6<\/li>\n<li>Des prot\u00e9ines de haute qualit\u00e9 pour un repas savoureux et nutritif<\/li>\n<li>Un go\u00fbt d\u00e9licieux et de grands bienfaits pour la sant\u00e9 de votre chat<\/li>\n<li>Une exp\u00e9rience savoureuse pour votre chat, bas\u00e9e sur des donn\u00e9es scientifiques fiables<\/li>\n<\/ul>\n<p><strong>COMPOSITION\u00a0:<\/strong>\u00a0Prot\u00e9ines d\u00e9shydrat\u00e9es de poulet et de dinde (poulet 17\u00a0%\u00a0; teneur totale en volaille 26\u00a0%), ma\u00efs, farine de gluten de ma\u00efs, brisures de riz, graisses animales, cellulose, huile v\u00e9g\u00e9tale, mati\u00e8res min\u00e9rales, hydrolysat, farine de son de pois, huile de poisson.<\/p>\n<p><strong>CONSTITUANTS ANALYTIQUES\u00a0:<\/strong>\u00a0Prot\u00e9ines 30,8\u00a0%, Teneur en mati\u00e8res grasses 18,5\u00a0%, Cellulose brute 7,7\u00a0%, Cendres brutes 4,9\u00a0%, Acides gras Om\u00e9ga-6 3,5\u00a0%, Calcium 0,73\u00a0%, Phosphore 0,62\u00a0%, Sodium 0,30\u00a0%, Potassium 0,72\u00a0%, Magn\u00e9sium 0,06\u00a0%\u00a0; par kg\u00a0: Vitamine\u00a0A 8366\u00a0UI Vitamine\u00a0D3 712\u00a0UI, Vitamine\u00a0E 845\u00a0mg, Vitamine\u00a0C 100\u00a0mg, B\u00eata-carot\u00e8ne 2,6\u00a0mg.<\/p>\n<p><strong>ADDITIFS PAR KG\u00a0:<\/strong>\u00a0Additifs nutritionnels\u00a0: 3b103 (Fer) 57,7\u00a0mg, 3b202 (Iode) 1,4\u00a0mg, 3b405 (Cuivre) 5,7\u00a0mg, 3b502 (Mangan\u00e8se) 6,0\u00a0mg, 3b603 (Zinc) 101\u00a0mg, 3b801 (S\u00e9l\u00e9nium) 0,1\u00a0mg, avec un antioxydant naturel.<\/p>\n","protected":false},"excerpt":{"rendered":"<p>Hill&rsquo;s Science Plan Hairball &amp; Perfect Coat au Poulet aide \u00e0 lutter contre les boules de poils, \u00e0 faire briller le pelage et \u00e0 am\u00e9liorer la sant\u00e9 de la peau. La technologie Advanced\u00a0Fibre\u00a0 facilite le passage naturel des boules de poils dans l\u2019intestin. Avec des acides gras Om\u00e9ga-6 pour un pelage beau et sain.<\/p>\n","protected":false},"featured_media":32619,"template":"","meta":{"jetpack_publicize_message":"","jetpack_publicize_feature_enabled":true,"jetpack_social_post_already_shared":true,"jetpack_social_options":{"image_generator_settings":{"template":"highway","default_image_id":0,"font":"","enabled":false},"version":2}},"product_brand":[],"product_cat":[40,187],"product_tag":[],"class_list":{"0":"post-32492","1":"product","2":"type-product","3":"status-publish","4":"has-post-thumbnail","6":"product_cat-coquettes-pour-chat","7":"product_cat-destockage","9":"first","10":"outofstock","11":"sale","12":"taxable","13":"shipping-taxable","14":"purchasable","15":"product-type-simple"},"supplier_id":5603,"supplier_sku":"","barcode":null,"atum_controlled":true,"out_stock_date":"2026-04-22 14:20:23","out_stock_threshold":null,"inheritable":false,"inbound_stock":0,"stock_on_hold":0,"sold_today":0,"sales_last_days":2,"reserved_stock":0,"customer_returns":0,"warehouse_damage":0,"lost_in_post":0,"other_logs":0,"out_stock_days":0,"lost_sales":0,"has_location":false,"update_date":"2026-04-23T09:03:50","atum_locations":[],"atum_stock_status":"outofstock","restock_status":false,"low_stock_amount":0,"sales_update_date":"2026-04-23T09:03:49","calc_backorders":null,"jetpack_publicize_connections":[],"jetpack_sharing_enabled":true,"batches":[{"id":"6904","date_created":"2025-12-24 13:21:15","date_expiry":"2027-01-10 00:00:00","user_id":"2461","batch_number":"Hill\\\\\\'s Science Plan Croquettes Feline Hairball And Perfect Coat - 7kg Promo100127","location":"","quantity":"2.0000","quantity_available":"0.0000","units":"1","status":"archived","order_ids":"[39887,40540]","supplier":"HILLS","po":{"id":"6843","date_created":"2025-12-24 13:21:16","batch_id":"6904","po_number":"","supplier":"HILLS","cost":null,"regular_price":null,"sale_price":null,"price_margin":null,"price_discount":null}}],"_links":{"self":[{"href":"https:\/\/petworld.ma\/index.php\/wp-json\/wp\/v2\/product\/32492","targetHints":{"allow":["GET"]}}],"collection":[{"href":"https:\/\/petworld.ma\/index.php\/wp-json\/wp\/v2\/product"}],"about":[{"href":"https:\/\/petworld.ma\/index.php\/wp-json\/wp\/v2\/types\/product"}],"wp:featuredmedia":[{"embeddable":true,"href":"https:\/\/petworld.ma\/index.php\/wp-json\/wp\/v2\/media\/32619"}],"wp:attachment":[{"href":"https:\/\/petworld.ma\/index.php\/wp-json\/wp\/v2\/media?parent=32492"}],"wp:term":[{"taxonomy":"product_brand","embeddable":true,"href":"https:\/\/petworld.ma\/index.php\/wp-json\/wp\/v2\/product_brand?post=32492"},{"taxonomy":"product_cat","embeddable":true,"href":"https:\/\/petworld.ma\/index.php\/wp-json\/wp\/v2\/product_cat?post=32492"},{"taxonomy":"product_tag","embeddable":true,"href":"https:\/\/petworld.ma\/index.php\/wp-json\/wp\/v2\/product_tag?post=32492"}],"curies":[{"name":"wp","href":"https:\/\/api.w.org\/{rel}","templated":true}]}}