{"id":32502,"date":"2025-12-24T13:42:47","date_gmt":"2025-12-24T13:42:47","guid":{"rendered":"https:\/\/petworld.ma\/?post_type=product&#038;p=32502"},"modified":"2026-04-16T19:47:31","modified_gmt":"2026-04-16T19:47:31","slug":"hills-science-plan-aliment-sec-pour-chiot-de-grande-race-2-5kg-14-5kg-promo","status":"publish","type":"product","link":"https:\/\/petworld.ma\/index.php\/produit\/hills-science-plan-aliment-sec-pour-chiot-de-grande-race-2-5kg-14-5kg-promo\/","title":{"rendered":"Hill\u2019s Science Plan Aliment Sec Pour Chiot De Grande Race (2.5kg | 14.5kg) Promo"},"content":{"rendered":"<p><strong>Hill&rsquo;s Science Plan\u00a0ALIMENT POUR CHIOT DE GRANDE RACE au POULET est un aliment complet pour les chiots jusqu&rsquo;\u00e0 18 mois qui atteindront 25 kg ou plus \u00e0 l&rsquo;\u00e2ge adulte.<\/strong><\/p>\n<p><strong>Aliment sec pour chiots de grande race, recette au poulet, avec du calcium pour une croissance osseuse contr\u00f4l\u00e9e. Avec du DHA pour favoriser le d\u00e9veloppement des yeux et des fonctions c\u00e9r\u00e9brales et des min\u00e9raux \u00e9quilibr\u00e9s pour des os et des dents solides<\/strong><\/p>\n<p><strong>Description<\/strong><\/p>\n<ul type=\"disc\">\n<li><strong>\u00a0DHA issu de l&rsquo;huile de poisson pour un d\u00e9veloppement sain du cerveau et des yeux.<\/strong><\/li>\n<li><strong>\u00a0Prot\u00e9ine de haute qualit\u00e9 pour la construction de muscles maigres.<\/strong><\/li>\n<li><strong>\u00a0Min\u00e9raux \u00e9quilibr\u00e9s pour des os et des dents solides.<\/strong><\/li>\n<\/ul>\n<p>&nbsp;<\/p>\n<div class=\"productAwareRichText richText component section schema-ingredients-tab first odd col-xs-12 col-lg-12 col-lg-offset-0 initialized\">\n<div class=\"component-content\">\n<div class=\"richText-content\">\n<p>COMPOSITION : Ma\u00efs, prot\u00e9ines d\u00e9shydrat\u00e9es de poulet et de dinde (poulet 19%; total volaille 29%), riz de brasserie, hydrolysat, graisses animales, oeufs entiers en poudre, cellulose, pulpe de betterave s\u00e9ch\u00e9e, substances min\u00e9rales, graines de lin, huile de poisson (1,3%), huile v\u00e9g\u00e9tale.<\/p>\n<\/div>\n<\/div>\n<\/div>\n<div class=\"productAwareRichText richText component section default-style even col-xs-12 col-lg-12 col-lg-offset-0 initialized\">\n<div class=\"component-content\">\n<div class=\"richText-content\">\n<p>CONSTITUANTS ANALYTIQUES : Prot\u00e9ines 28,8%, Teneur en mati\u00e8res grasses 14,6%, Cellulose brute 2,9%, Cendres brutes 6,1%, DHA 0,15%, Calcium 1,0%, Phosphore 0,82%, Sodium 0,47%, Potassium 0,74%, Magn\u00e9sium 0,09%; par kg : Vitamine A 9 664UI, Vitamine D3 718UI, Vitamine E 600mg, Vitamine C 125mg, B\u00eata-carot\u00e8ne 1,5mg.<\/p>\n<\/div>\n<\/div>\n<\/div>\n<div class=\"productAwareRichText richText component section default-style odd last col-xs-12 col-lg-12 col-lg-offset-0 initialized\">\n<div class=\"component-content\">\n<div class=\"richText-content\">\n<p>ADDITIFS PAR KG : Additifs nutritionnels : 3b103 (Fer) 59,9mg, 3b202 (Iode) 1,5mg, 3b405 (Cuivre) 5,9mg, 3b502 (Mangan\u00e8se) 6,2mg, 3b603 (Zinc) 124mg, 3b801 (S\u00e9l\u00e9nium) 0,2mg, avec un antioxydant naturel.<\/p>\n<div class=\"conditionalBox box component section default-style first odd col-xs-12 col-lg-8 col-lg-offset-2\">\n<div id=\"01279301215\" class=\"component-content\">\n<div class=\"paragraphSystem content\">\n<div class=\"productAwareRichText richText component section default-style first odd last col-xs-12 col-lg-12 col-lg-offset-0 initialized\">\n<div class=\"component-content\">\n<div class=\"richText-content\">\n<h3>Croissance de 10 \u00e0 12 mois Ration mixte sec \/ humide Guide alimentaire<\/h3>\n<table>\n<tbody>\n<tr>\n<td>Poids du chien (kg)<\/td>\n<td>Quantit\u00e9 journali\u00e8re &#8211; 370 g Bo\u00eetes<\/td>\n<td><\/td>\n<td>Quantit\u00e9 journali\u00e8re &#8211; g<\/td>\n<\/tr>\n<tr>\n<td>20<\/td>\n<td>1<\/td>\n<td>+<\/td>\n<td>235 g<\/td>\n<\/tr>\n<tr>\n<td>30<\/td>\n<td>1<\/td>\n<td>+<\/td>\n<td>365 g<\/td>\n<\/tr>\n<tr>\n<td>40<\/td>\n<td>2<\/td>\n<td>+<\/td>\n<td>350 g<\/td>\n<\/tr>\n<tr>\n<td>50<\/td>\n<td>2<\/td>\n<td>+<\/td>\n<td>460 g<\/td>\n<\/tr>\n<tr>\n<td>80+<\/td>\n<td>2<\/td>\n<td>+<\/td>\n<td>96 g par 10 kgs<\/td>\n<\/tr>\n<\/tbody>\n<\/table>\n<h3>Croissance 13 to 18 months Ration mixte sec \/ humide Guide alimentaire<\/h3>\n<table>\n<tbody>\n<tr>\n<td>Poids du chien (kg)<\/td>\n<td>Quantit\u00e9 journali\u00e8re &#8211; 370 g Bo\u00eetes<\/td>\n<td><\/td>\n<td>Quantit\u00e9 journali\u00e8re &#8211; g<\/td>\n<\/tr>\n<tr>\n<td>20<\/td>\n<td>1<\/td>\n<td>+<\/td>\n<td>195 g<\/td>\n<\/tr>\n<tr>\n<td>30<\/td>\n<td>1<\/td>\n<td>+<\/td>\n<td>315 g<\/td>\n<\/tr>\n<tr>\n<td>40<\/td>\n<td>2<\/td>\n<td>+<\/td>\n<td>290 g<\/td>\n<\/tr>\n<tr>\n<td>50<\/td>\n<td>2<\/td>\n<td>+<\/td>\n<td>390 g<\/td>\n<\/tr>\n<tr>\n<td>60<\/td>\n<td>2<\/td>\n<td>+<\/td>\n<td>485 g<\/td>\n<\/tr>\n<tr>\n<td>70<\/td>\n<td>2<\/td>\n<td>+<\/td>\n<td>575 g<\/td>\n<\/tr>\n<tr>\n<td>80<\/td>\n<td>2<\/td>\n<td>+<\/td>\n<td>665 g<\/td>\n<\/tr>\n<tr>\n<td>80+<\/td>\n<td>2<\/td>\n<td>+<\/td>\n<td>84 g par 10 kgs<\/td>\n<\/tr>\n<\/tbody>\n<\/table>\n<h3>Croissance de 4 \u00e0 9 mois Ration mixte sec \/ humide Guide alimentaire<\/h3>\n<table>\n<tbody>\n<tr>\n<td>Poids du chien (kg)<\/td>\n<td>Quantit\u00e9 journali\u00e8re &#8211; 370 g Bo\u00eetes<\/td>\n<td><\/td>\n<td>Quantit\u00e9 journali\u00e8re &#8211; g<\/td>\n<\/tr>\n<tr>\n<td>10<\/td>\n<td>1<\/td>\n<td>+<\/td>\n<td>140 g<\/td>\n<\/tr>\n<tr>\n<td>20<\/td>\n<td>1<\/td>\n<td>+<\/td>\n<td>325 g<\/td>\n<\/tr>\n<tr>\n<td>30<\/td>\n<td>2<\/td>\n<td>+<\/td>\n<td>355 g<\/td>\n<\/tr>\n<tr>\n<td>40<\/td>\n<td>2<\/td>\n<td>+<\/td>\n<td>505 g<\/td>\n<\/tr>\n<tr>\n<td>80+<\/td>\n<td>2<\/td>\n<td>+<\/td>\n<td>128 g par 10 kgs<\/td>\n<\/tr>\n<\/tbody>\n<\/table>\n<h3>Croissance avant 4 mois Ration mixte sec \/ humide Guide alimentaire<\/h3>\n<table>\n<tbody>\n<tr>\n<td>Poids du chien (kg)<\/td>\n<td>Quantit\u00e9 journali\u00e8re &#8211; 370 g Bo\u00eetes<\/td>\n<td><\/td>\n<td>Quantit\u00e9 journali\u00e8re &#8211; g<\/td>\n<\/tr>\n<tr>\n<td>1<\/td>\n<td>0.25<\/td>\n<td>+<\/td>\n<td>25 g<\/td>\n<\/tr>\n<tr>\n<td>2<\/td>\n<td>0.5<\/td>\n<td>+<\/td>\n<td>30 g<\/td>\n<\/tr>\n<tr>\n<td>4<\/td>\n<td>1<\/td>\n<td>+<\/td>\n<td>30 g<\/td>\n<\/tr>\n<tr>\n<td>5<\/td>\n<td>1<\/td>\n<td>+<\/td>\n<td>60 g<\/td>\n<\/tr>\n<tr>\n<td>10<\/td>\n<td>1<\/td>\n<td>+<\/td>\n<td>195 g<\/td>\n<\/tr>\n<tr>\n<td>20<\/td>\n<td>2<\/td>\n<td>+<\/td>\n<td>285 g<\/td>\n<\/tr>\n<tr>\n<td>80+<\/td>\n<td>2<\/td>\n<td>+<\/td>\n<td>159 g par 10 kgs<\/td>\n<\/tr>\n<\/tbody>\n<\/table>\n<h3>Croissance<\/h3>\n<table>\n<tbody>\n<tr>\n<td>Poids du chien (kg)<\/td>\n<td>Quantit\u00e9 journali\u00e8re &#8211; (g) &#8211; Croissance 13 to 18 months<\/td>\n<td>Quantit\u00e9 journali\u00e8re &#8211; (g) &#8211; Croissance de 10 \u00e0 12 mois<\/td>\n<td>Quantit\u00e9 journali\u00e8re &#8211; (g) &#8211; Croissance de 4 \u00e0 9 mois<\/td>\n<td>Quantit\u00e9 journali\u00e8re &#8211; (g) &#8211; Croissance avant 4 mois<\/td>\n<\/tr>\n<tr>\n<td>1<\/td>\n<td><\/td>\n<td><\/td>\n<td><\/td>\n<td>60<\/td>\n<\/tr>\n<tr>\n<td>2<\/td>\n<td><\/td>\n<td><\/td>\n<td><\/td>\n<td>100<\/td>\n<\/tr>\n<tr>\n<td>4<\/td>\n<td><\/td>\n<td><\/td>\n<td><\/td>\n<td>165<\/td>\n<\/tr>\n<tr>\n<td>5<\/td>\n<td><\/td>\n<td><\/td>\n<td><\/td>\n<td>195<\/td>\n<\/tr>\n<tr>\n<td>10<\/td>\n<td><\/td>\n<td><\/td>\n<td>270<\/td>\n<td>325<\/td>\n<\/tr>\n<tr>\n<td>20<\/td>\n<td>330<\/td>\n<td>365<\/td>\n<td>460<\/td>\n<td>550<\/td>\n<\/tr>\n<tr>\n<td>30<\/td>\n<td>445<\/td>\n<td>495<\/td>\n<td>620<\/td>\n<td>745<\/td>\n<\/tr>\n<tr>\n<td>40<\/td>\n<td>555<\/td>\n<td>615<\/td>\n<td>770<\/td>\n<td><\/td>\n<\/tr>\n<tr>\n<td>50<\/td>\n<td>655<\/td>\n<td>730<\/td>\n<td>910<\/td>\n<td><\/td>\n<\/tr>\n<tr>\n<td>60<\/td>\n<td>750<\/td>\n<td>835<\/td>\n<td><\/td>\n<td><\/td>\n<\/tr>\n<tr>\n<td>70<\/td>\n<td>845<\/td>\n<td><\/td>\n<td><\/td>\n<td><\/td>\n<\/tr>\n<tr>\n<td>80<\/td>\n<td>930<\/td>\n<td><\/td>\n<td><\/td>\n<td><\/td>\n<\/tr>\n<tr>\n<td>90<\/td>\n<td>1020<\/td>\n<td><\/td>\n<td><\/td>\n<td><\/td>\n<\/tr>\n<tr>\n<td>80+<\/td>\n<td>113 par 10 kgs<\/td>\n<td><\/td>\n<td><\/td>\n<td><\/td>\n<\/tr>\n<\/tbody>\n<\/table>\n<\/div>\n<\/div>\n<\/div>\n<\/div>\n<\/div>\n<\/div>\n<div class=\"conditionalBox box component section default-style even col-xs-12 col-lg-8 col-lg-offset-2\">\n<div id=\"278911827\" class=\"component-content\">\n<div class=\"paragraphSystem content\">\n<p>&nbsp;<\/p>\n<div class=\"productAwareRichText richText component section default-style first odd last col-xs-12 col-lg-12 col-lg-offset-0 initialized\">\n<div class=\"component-content\">\n<div class=\"richText-content\">\n<p>CONSEILS UTILES Ajustez les quantit\u00e9s au besoin pour maintenir le poids id\u00e9al de votre chien. En cas de doute, consultez votre v\u00e9t\u00e9rinaire. Lors de la premi\u00e8re utilisation de cet aliment, veillez \u00e0 bien effectuer une transition alimentaire en m\u00e9langeant des quantit\u00e9s croissantes du nouvel aliment avec des quantit\u00e9s d\u00e9croissantes de l\u2019ancien sur une p\u00e9riode de 7 jours. Mettez toujours une gamelle d\u2019eau fraiche \u00e0 sa disposition! Les besoins nutritionnels de votre animal peuvent changer avec l&rsquo;\u00e2ge. Demandez conseil \u00e0 votre v\u00e9t\u00e9rinaire \u00e0 chaque consultation. Pour pr\u00e9venir les risques d\u2019\u00e9touffement, gardez l\u2019emballage hors de la port\u00e9e des animaux et des enfants.<\/p>\n<\/div>\n<\/div>\n<\/div>\n<\/div>\n<\/div>\n<\/div>\n<\/div>\n<\/div>\n<\/div>\n<p><a href=\"https:\/\/wa.me\/212708052510\" target=\"_blank\" rel=\"noopener noreferrer\"><img loading=\"lazy\" decoding=\"async\" class=\"fr-fic fr-dib aligncenter\" src=\"https:\/\/cdn.youcan.shop\/stores\/d0742d556df94ddbc7ae4c9810aff04b\/others\/kNLMaObNUxeCj2SHGEa7NnOys3GlH3NHgGkeeraJ.png\" width=\"310\" height=\"82\" data-name=\"stores\/d0742d556df94ddbc7ae4c9810aff04b\/others\/kNLMaObNUxeCj2SHGEa7NnOys3GlH3NHgGkeeraJ.png\" \/><\/a><\/p>\n","protected":false},"excerpt":{"rendered":"<p>Hill&rsquo;s Science Plan\u00a0ALIMENT POUR CHIOT DE GRANDE RACE au POULET est un aliment complet pour les chiots jusqu&rsquo;\u00e0 18 mois qui atteindront 25 kg ou plus \u00e0 l&rsquo;\u00e2ge adulte. Aliment sec pour chiots de grande race, recette au poulet, avec du calcium pour une croissance osseuse contr\u00f4l\u00e9e. Avec du DHA pour favoriser le d\u00e9veloppement des [&#8230;]\n","protected":false},"featured_media":32617,"template":"","meta":{"jetpack_publicize_message":"","jetpack_publicize_feature_enabled":true,"jetpack_social_post_already_shared":true,"jetpack_social_options":{"image_generator_settings":{"template":"highway","default_image_id":0,"font":"","enabled":false},"version":2}},"product_brand":[],"product_cat":[26,187],"product_tag":[],"class_list":{"0":"post-32502","1":"product","2":"type-product","3":"status-publish","4":"has-post-thumbnail","6":"product_cat-croquettes","7":"product_cat-destockage","9":"first","10":"instock","11":"sale","12":"taxable","13":"shipping-taxable","14":"purchasable","15":"product-type-variable"},"supplier_id":5603,"supplier_sku":"","barcode":null,"atum_controlled":true,"out_stock_date":null,"out_stock_threshold":null,"inheritable":true,"inbound_stock":0,"stock_on_hold":0,"sold_today":0,"sales_last_days":1,"reserved_stock":0,"customer_returns":0,"warehouse_damage":0,"lost_in_post":0,"other_logs":0,"out_stock_days":0,"lost_sales":0,"has_location":false,"update_date":"2026-04-24T13:41:45","atum_locations":[],"atum_stock_status":"instock","restock_status":false,"low_stock_amount":0,"sales_update_date":"2026-04-23T10:42:08","calc_backorders":null,"jetpack_publicize_connections":[],"jetpack_sharing_enabled":true,"batches":[],"_links":{"self":[{"href":"https:\/\/petworld.ma\/index.php\/wp-json\/wp\/v2\/product\/32502","targetHints":{"allow":["GET"]}}],"collection":[{"href":"https:\/\/petworld.ma\/index.php\/wp-json\/wp\/v2\/product"}],"about":[{"href":"https:\/\/petworld.ma\/index.php\/wp-json\/wp\/v2\/types\/product"}],"wp:featuredmedia":[{"embeddable":true,"href":"https:\/\/petworld.ma\/index.php\/wp-json\/wp\/v2\/media\/32617"}],"wp:attachment":[{"href":"https:\/\/petworld.ma\/index.php\/wp-json\/wp\/v2\/media?parent=32502"}],"wp:term":[{"taxonomy":"product_brand","embeddable":true,"href":"https:\/\/petworld.ma\/index.php\/wp-json\/wp\/v2\/product_brand?post=32502"},{"taxonomy":"product_cat","embeddable":true,"href":"https:\/\/petworld.ma\/index.php\/wp-json\/wp\/v2\/product_cat?post=32502"},{"taxonomy":"product_tag","embeddable":true,"href":"https:\/\/petworld.ma\/index.php\/wp-json\/wp\/v2\/product_tag?post=32502"}],"curies":[{"name":"wp","href":"https:\/\/api.w.org\/{rel}","templated":true}]}}