{"id":32508,"date":"2025-12-24T14:19:48","date_gmt":"2025-12-24T14:19:48","guid":{"rendered":"https:\/\/petworld.ma\/?post_type=product&#038;p=32508"},"modified":"2026-05-09T11:32:55","modified_gmt":"2026-05-09T11:32:55","slug":"leopet-herbe-a-chats-100g","status":"publish","type":"product","link":"https:\/\/petworld.ma\/index.php\/produit\/leopet-herbe-a-chats-100g\/","title":{"rendered":"LeoPet &#8211; Herbe \u00e0 Chats 100g"},"content":{"rendered":"<p><strong>L\u2019herbe Leopet pour chats<\/strong><br \/>\nL\u2019herbe Leopet est pr\u00eate en une semaine et est une source de fibres qui favorise la digestion et le transit intestinal, \u00e9tant un rem\u00e8de contre les boules de poils et tr\u00e8s riche en min\u00e9raux et vitamines.<\/p>\n<p><strong>Composition\u00a0:<\/strong>\u00a0Vermiculite, graines d\u2019orge<\/p>\n<p><strong>Instructions\u00a0:<\/strong><br \/>\n\u2022 Ouvrez l\u2019emballage et nivelez soigneusement la surface.<br \/>\n\u2022 Ajouter environ 300 ml d\u2019eau uniform\u00e9ment.<br \/>\n\u2022 Exposez dans un endroit lumineux, pas en contact direct avec les rayons du soleil.<br \/>\n\u2022 Dans les jours suivants, gardez toujours le substrat humide.<br \/>\n\u2022 Apr\u00e8s environ 7\/8 jours, l\u2019herbe est pr\u00eate pour votre chat.<\/p>\n","protected":false},"excerpt":{"rendered":"<p>Pr\u00eate en seulement une semaine, l&rsquo;herbe \u00e0 chat Leopet \u00e0 la fibre de coco.<br \/>\nFabriqu\u00e9e en Italie.<\/p>\n","protected":false},"featured_media":32509,"template":"","meta":{"jetpack_publicize_message":"","jetpack_publicize_feature_enabled":true,"jetpack_social_post_already_shared":true,"jetpack_social_options":{"image_generator_settings":{"template":"highway","default_image_id":0,"font":"","enabled":false},"version":2}},"product_brand":[],"product_cat":[219],"product_tag":[],"class_list":{"0":"post-32508","1":"product","2":"type-product","3":"status-publish","4":"has-post-thumbnail","6":"product_cat-complement-alimentaire-hygiene-et-soins-pour-chat","8":"first","9":"instock","10":"taxable","11":"shipping-taxable","12":"purchasable","13":"product-type-simple"},"supplier_id":5588,"supplier_sku":"","barcode":null,"atum_controlled":true,"out_stock_date":null,"out_stock_threshold":null,"inheritable":false,"inbound_stock":0,"stock_on_hold":0,"sold_today":0,"sales_last_days":1,"reserved_stock":0,"customer_returns":0,"warehouse_damage":0,"lost_in_post":0,"other_logs":0,"out_stock_days":0,"lost_sales":0,"has_location":false,"update_date":"2026-05-15T00:04:24","atum_locations":[],"atum_stock_status":"instock","restock_status":false,"low_stock_amount":2,"sales_update_date":"2026-05-15T00:04:24","calc_backorders":null,"jetpack_publicize_connections":[],"jetpack_sharing_enabled":true,"batches":[],"_links":{"self":[{"href":"https:\/\/petworld.ma\/index.php\/wp-json\/wp\/v2\/product\/32508","targetHints":{"allow":["GET"]}}],"collection":[{"href":"https:\/\/petworld.ma\/index.php\/wp-json\/wp\/v2\/product"}],"about":[{"href":"https:\/\/petworld.ma\/index.php\/wp-json\/wp\/v2\/types\/product"}],"wp:featuredmedia":[{"embeddable":true,"href":"https:\/\/petworld.ma\/index.php\/wp-json\/wp\/v2\/media\/32509"}],"wp:attachment":[{"href":"https:\/\/petworld.ma\/index.php\/wp-json\/wp\/v2\/media?parent=32508"}],"wp:term":[{"taxonomy":"product_brand","embeddable":true,"href":"https:\/\/petworld.ma\/index.php\/wp-json\/wp\/v2\/product_brand?post=32508"},{"taxonomy":"product_cat","embeddable":true,"href":"https:\/\/petworld.ma\/index.php\/wp-json\/wp\/v2\/product_cat?post=32508"},{"taxonomy":"product_tag","embeddable":true,"href":"https:\/\/petworld.ma\/index.php\/wp-json\/wp\/v2\/product_tag?post=32508"}],"curies":[{"name":"wp","href":"https:\/\/api.w.org\/{rel}","templated":true}]}}