{"id":32906,"date":"2025-12-31T10:17:18","date_gmt":"2025-12-31T10:17:18","guid":{"rendered":"https:\/\/petworld.ma\/?post_type=product&#038;p=32906"},"modified":"2026-02-19T11:14:37","modified_gmt":"2026-02-19T11:14:37","slug":"gilet-en-tricot-pour-chat-et-chien-xs-s-m-l-xl-xxl","status":"publish","type":"product","link":"https:\/\/petworld.ma\/index.php\/produit\/gilet-en-tricot-pour-chat-et-chien-xs-s-m-l-xl-xxl\/","title":{"rendered":"Gilet en Tricot Pour Chat et Chien ( XS | S | M | L | XL | XXL )"},"content":{"rendered":"<h1 class=\"a-size-base-plus a-text-bold\">\u00c0 propos de cet article<\/h1>\n<ul class=\"a-unordered-list a-vertical a-spacing-mini\">\n<li class=\"a-spacing-mini\"><span class=\"a-list-item\">Notre jolie chemise pour chien\/chat est fabriqu\u00e9e en mat\u00e9riau doux, durable et respirant qui peut absorber l&rsquo;humidit\u00e9 et l&rsquo;\u00e9vacuer.<\/span><\/li>\n<li class=\"a-spacing-mini\"><span class=\"a-list-item\">Mat\u00e9riau l\u00e9ger et doux qui emp\u00eachera votre animal de compagnie de surchauffer.<\/span><\/li>\n<li class=\"a-spacing-mini\"><span class=\"a-list-item\">T-shirt pour chien id\u00e9al pour les activit\u00e9s de plein air et d&rsquo;int\u00e9rieur, couleur vive et design unique qui rend votre chien accrocheur dans la foule.<\/span><\/li>\n<li class=\"a-spacing-mini\"><span class=\"a-list-item\">Le gilet classique pour animal de compagnie est con\u00e7u pour un usage quotidien, un usage de base, tr\u00e8s mignon et toujours \u00e0 la mode.<\/span><\/li>\n<li class=\"a-spacing-mini\"><span class=\"a-list-item\">Convient pour les petits chiens\/chats, pas pour les grands chiens, si votre animal est tr\u00e8s occup\u00e9 et poilu, pour le rendre plus confortable \u00e0 porter, nous recommandons une taille plus grande.<\/span><\/li>\n<\/ul>\n<p><span class=\"a-list-item\">\u00a0<\/span><\/p>\n<h3><strong><span class=\"a-list-item\">Les tailles <\/span><\/strong><\/h3>\n<p><strong data-start=\"86\" data-end=\"92\">XS<\/strong> : longueur du dos 16 cm, tour de poitrine 28 cm, tour de cou 21 cm, poid entre 0.5Kg &#8211; 1Kg<br data-start=\"159\" data-end=\"162\" \/><strong data-start=\"162\" data-end=\"167\" data-is-only-node=\"\">S<\/strong> : longueur du dos 20 cm, tour de poitrine 30 cm, tour de cou 22 cm, poid entre 1.5kg &#8211; 2kg<br data-start=\"234\" data-end=\"237\" \/><strong data-start=\"237\" data-end=\"242\">M<\/strong> : longueur du dos 23 cm, tour de poitrine 32 cm, tour de cou 24 cm, poid entre 2kg &#8211; 3kg<br data-start=\"309\" data-end=\"312\" \/><strong data-start=\"312\" data-end=\"317\">L<\/strong> : longueur du dos 27 cm, tour de poitrine 40 cm, tour de cou 28 cm, poid entre 3kg &#8211; 3.5kg<br data-start=\"384\" data-end=\"387\" \/><strong data-start=\"387\" data-end=\"393\">XL<\/strong> : longueur du dos 31 cm, tour de poitrine 42 cm, tour de cou 30 cm, poid entre 3.5kg &#8211; 5kg<br data-start=\"460\" data-end=\"463\" \/><strong data-start=\"463\" data-end=\"470\">XXL<\/strong> : longueur du dos 34 cm, tour de poitrine 44 cm, tour de cou 32 cm, poid entre 5kg &#8211; 8kg<\/p>\n","protected":false},"excerpt":{"rendered":"<p>\u00c0 propos de cet article Notre jolie chemise pour chien\/chat est fabriqu\u00e9e en mat\u00e9riau doux, durable et respirant qui peut absorber l&rsquo;humidit\u00e9 et l&rsquo;\u00e9vacuer. Mat\u00e9riau l\u00e9ger et doux qui emp\u00eachera votre animal de compagnie de surchauffer. T-shirt pour chien id\u00e9al pour les activit\u00e9s de plein air et d&rsquo;int\u00e9rieur, couleur vive et design unique qui rend [&#8230;]\n","protected":false},"featured_media":32907,"template":"","meta":{"jetpack_publicize_message":"","jetpack_publicize_feature_enabled":true,"jetpack_social_post_already_shared":true,"jetpack_social_options":{"image_generator_settings":{"template":"highway","default_image_id":0,"font":"","enabled":false},"version":2}},"product_brand":[],"product_cat":[92,233],"product_tag":[],"class_list":{"0":"post-32906","1":"product","2":"type-product","3":"status-publish","4":"has-post-thumbnail","6":"product_cat-harnais-et-laisses-pour-chien","7":"product_cat-colliers-harnais","9":"first","10":"instock","11":"sale","12":"taxable","13":"shipping-taxable","14":"purchasable","15":"product-type-variable"},"supplier_id":null,"supplier_sku":"","barcode":null,"atum_controlled":true,"out_stock_date":null,"out_stock_threshold":null,"inheritable":true,"inbound_stock":0,"stock_on_hold":0,"sold_today":0,"sales_last_days":0,"reserved_stock":0,"customer_returns":0,"warehouse_damage":0,"lost_in_post":0,"other_logs":0,"out_stock_days":0,"lost_sales":0,"has_location":false,"update_date":"2026-04-04T10:33:54","atum_locations":[],"atum_stock_status":"instock","restock_status":false,"low_stock_amount":"","sales_update_date":"2026-04-04T10:33:54","calc_backorders":null,"jetpack_publicize_connections":[],"jetpack_sharing_enabled":true,"batches":[],"_links":{"self":[{"href":"https:\/\/petworld.ma\/index.php\/wp-json\/wp\/v2\/product\/32906","targetHints":{"allow":["GET"]}}],"collection":[{"href":"https:\/\/petworld.ma\/index.php\/wp-json\/wp\/v2\/product"}],"about":[{"href":"https:\/\/petworld.ma\/index.php\/wp-json\/wp\/v2\/types\/product"}],"wp:featuredmedia":[{"embeddable":true,"href":"https:\/\/petworld.ma\/index.php\/wp-json\/wp\/v2\/media\/32907"}],"wp:attachment":[{"href":"https:\/\/petworld.ma\/index.php\/wp-json\/wp\/v2\/media?parent=32906"}],"wp:term":[{"taxonomy":"product_brand","embeddable":true,"href":"https:\/\/petworld.ma\/index.php\/wp-json\/wp\/v2\/product_brand?post=32906"},{"taxonomy":"product_cat","embeddable":true,"href":"https:\/\/petworld.ma\/index.php\/wp-json\/wp\/v2\/product_cat?post=32906"},{"taxonomy":"product_tag","embeddable":true,"href":"https:\/\/petworld.ma\/index.php\/wp-json\/wp\/v2\/product_tag?post=32906"}],"curies":[{"name":"wp","href":"https:\/\/api.w.org\/{rel}","templated":true}]}}