{"id":34183,"date":"2026-01-24T14:16:28","date_gmt":"2026-01-24T14:16:28","guid":{"rendered":"https:\/\/petworld.ma\/?post_type=product&#038;p=34183"},"modified":"2026-02-24T12:55:21","modified_gmt":"2026-02-24T12:55:21","slug":"camon-spray-repulsif-dinterieur-300ml","status":"publish","type":"product","link":"https:\/\/petworld.ma\/index.php\/produit\/camon-spray-repulsif-dinterieur-300ml\/","title":{"rendered":"Camon Spray R\u00e9pulsif d&rsquo;int\u00e9rieur 300ml"},"content":{"rendered":"<h4><span dir=\"auto\">Ce r\u00e9pulsif d&rsquo;int\u00e9rieur est la solution id\u00e9ale pour corriger les mauvaises habitudes de votre chien et de votre chat.<\/span><br \/>\n<span dir=\"auto\">Parfait pour toutes les surfaces, il signale instantan\u00e9ment que la zone est interdite.<\/span><br \/>\n<span dir=\"auto\">Quelques pulv\u00e9risations suffisent et votre animal comprendra vite.<\/span><\/h4>\n<p><strong><span dir=\"auto\">Contenance\u00a0:<\/span><\/strong><span dir=\"auto\">\u00a0300\u00a0ml.<\/span><\/p>\n<p><span dir=\"auto\">Fabriqu\u00e9 en Italie.<\/span><\/p>\n","protected":false},"excerpt":{"rendered":"<p class=\"h1\">Spray Pour \u00c9loigner Les Chiens Et Les Chats &#8211; \u00c0 L&rsquo;int\u00e9rieur<\/p>\n","protected":false},"featured_media":34184,"template":"","meta":{"jetpack_publicize_message":"","jetpack_publicize_feature_enabled":true,"jetpack_social_post_already_shared":true,"jetpack_social_options":{"image_generator_settings":{"template":"highway","default_image_id":0,"font":"","enabled":false},"version":2}},"product_brand":[],"product_cat":[106,94],"product_tag":[],"class_list":{"0":"post-34183","1":"product","2":"type-product","3":"status-publish","4":"has-post-thumbnail","6":"product_cat-jouet-et-dressage","7":"product_cat-litieres-et-bacs","9":"first","10":"outofstock","11":"taxable","12":"shipping-taxable","13":"purchasable","14":"product-type-simple"},"supplier_id":8770,"supplier_sku":"LA300","barcode":"8019808135175","atum_controlled":true,"out_stock_date":"2026-02-12 11:46:06","out_stock_threshold":null,"inheritable":false,"inbound_stock":0,"stock_on_hold":0,"sold_today":0,"sales_last_days":0,"reserved_stock":0,"customer_returns":0,"warehouse_damage":0,"lost_in_post":0,"other_logs":0,"out_stock_days":71,"lost_sales":2434,"has_location":false,"update_date":"2026-04-25T08:58:29","atum_locations":[],"atum_stock_status":"outofstock","restock_status":false,"low_stock_amount":2,"sales_update_date":"2026-04-25T08:58:29","calc_backorders":null,"jetpack_publicize_connections":[],"jetpack_sharing_enabled":true,"batches":[],"_links":{"self":[{"href":"https:\/\/petworld.ma\/index.php\/wp-json\/wp\/v2\/product\/34183","targetHints":{"allow":["GET"]}}],"collection":[{"href":"https:\/\/petworld.ma\/index.php\/wp-json\/wp\/v2\/product"}],"about":[{"href":"https:\/\/petworld.ma\/index.php\/wp-json\/wp\/v2\/types\/product"}],"wp:featuredmedia":[{"embeddable":true,"href":"https:\/\/petworld.ma\/index.php\/wp-json\/wp\/v2\/media\/34184"}],"wp:attachment":[{"href":"https:\/\/petworld.ma\/index.php\/wp-json\/wp\/v2\/media?parent=34183"}],"wp:term":[{"taxonomy":"product_brand","embeddable":true,"href":"https:\/\/petworld.ma\/index.php\/wp-json\/wp\/v2\/product_brand?post=34183"},{"taxonomy":"product_cat","embeddable":true,"href":"https:\/\/petworld.ma\/index.php\/wp-json\/wp\/v2\/product_cat?post=34183"},{"taxonomy":"product_tag","embeddable":true,"href":"https:\/\/petworld.ma\/index.php\/wp-json\/wp\/v2\/product_tag?post=34183"}],"curies":[{"name":"wp","href":"https:\/\/api.w.org\/{rel}","templated":true}]}}