{"id":34256,"date":"2026-01-25T15:57:57","date_gmt":"2026-01-25T15:57:57","guid":{"rendered":"https:\/\/petworld.ma\/?post_type=product&#038;p=34256"},"modified":"2026-05-09T19:02:09","modified_gmt":"2026-05-09T19:02:09","slug":"litiere-parfumee-agglomerant-et-absorbante-cat-litter-10l-pomme-lavande-cafe-savon-de-marseille","status":"publish","type":"product","link":"https:\/\/petworld.ma\/index.php\/produit\/litiere-parfumee-agglomerant-et-absorbante-cat-litter-10l-pomme-lavande-cafe-savon-de-marseille\/","title":{"rendered":"Liti\u00e8re parfum\u00e9e agglom\u00e9rant et absorbante Cat Litter 10L ( Pomme | Cafe | Baby Powder )"},"content":{"rendered":"<p><strong><span dir=\"auto\">La liti\u00e8re pour chat \u00e0 grains fins sans poussi\u00e8re<\/span><\/strong><br \/>\n<span dir=\"auto\">est cinq fois plus volumineuse qu&rsquo;une liti\u00e8re classique. Elle poss\u00e8de une capacit\u00e9 d&rsquo;absorption d&rsquo;eau et d&rsquo;odeurs exceptionnelle. Fabriqu\u00e9e enti\u00e8rement \u00e0 partir de bentonite naturelle, elle est sans additifs. S\u00e9ch\u00e9e \u00e0 haute temp\u00e9rature, elle est exempte de bact\u00e9ries et de germes. Sa structure agglom\u00e9rante compacte assure une utilisation prolong\u00e9e. \u00c9conomique et facile \u00e0 nettoyer gr\u00e2ce \u00e0 ses propri\u00e9t\u00e9s agglom\u00e9rantes, elle d\u00e9gage un doux parfum au contact d&rsquo;un liquide.<\/span><\/p>\n<p><strong><span dir=\"auto\">Caract\u00e9ristiques de la liti\u00e8re pour chats\u00a0:<\/span><\/strong><br \/>\n<span dir=\"auto\">Naturelle\u00a0: Fabriqu\u00e9e \u00e0 partir de bentonite blanche cuite \u00e0 haute temp\u00e9rature et d\u00e9poussi\u00e9r\u00e9e. Sans produits chimiques.<\/span><\/p>\n<p><strong><span dir=\"auto\">Il est hygi\u00e9nique :<\/span><\/strong><span dir=\"auto\">\u00a0il ne contient ni germes ni bact\u00e9ries car il est cuit \u00e0 haute temp\u00e9rature, trait\u00e9 thermiquement et emball\u00e9 sans contact.<\/span><\/p>\n<p><strong><span dir=\"auto\">\u00c9conomique\u00a0:<\/span><\/strong><span dir=\"auto\"> gr\u00e2ce \u00e0 ses petits amas, il dure longtemps. Parfum\u00e9e : absorbe les mauvaises odeurs et d\u00e9gage un doux parfum lorsqu\u2019elle est mouill\u00e9e.<\/span><\/p>\n<p><strong><span dir=\"auto\">Il est exempt de poussi\u00e8re :<\/span><\/strong><span dir=\"auto\">\u00a0il est purifi\u00e9 de la poussi\u00e8re lors du processus de tamisage.<\/span><\/p>\n<p><strong><span dir=\"auto\">Mode d&#8217;emploi\u00a0:<\/span><\/strong><br \/>\n<span dir=\"auto\">Cette liti\u00e8re hygi\u00e9nique pour chat absorbe les liquides et \u00e9limine les odeurs. Ne mettez pas moins de 7\u00a0cm de liti\u00e8re dans le bac. Remuez-la l\u00e9g\u00e8rement pour un r\u00e9sultat optimal. Pour \u00e9viter les odeurs, retirez les agglom\u00e9rats et les excr\u00e9ments solides \u00e0 l&rsquo;aide d&rsquo;une pelle tous les jours ou tous les deux jours. Jetez la liti\u00e8re agglom\u00e9r\u00e9e \u00e0 la poubelle, et non dans les toilettes. Il n&rsquo;est pas n\u00e9cessaire de remplacer toute la liti\u00e8re.<\/span><\/p>\n","protected":false},"excerpt":{"rendered":"<p>La liti\u00e8re pour chat \u00e0 grains fins sans poussi\u00e8re est cinq fois plus volumineuse qu&rsquo;une liti\u00e8re classique. Elle poss\u00e8de une capacit\u00e9 d&rsquo;absorption d&rsquo;eau et d&rsquo;odeurs exceptionnelle. Fabriqu\u00e9e enti\u00e8rement \u00e0 partir de bentonite naturelle, elle est sans additifs. S\u00e9ch\u00e9e \u00e0 haute temp\u00e9rature, elle est exempte de bact\u00e9ries et de germes. Sa structure agglom\u00e9rante compacte assure une [&#8230;]\n","protected":false},"featured_media":34575,"template":"","meta":{"jetpack_publicize_message":"","jetpack_publicize_feature_enabled":true,"jetpack_social_post_already_shared":true,"jetpack_social_options":{"image_generator_settings":{"template":"highway","default_image_id":0,"font":"","enabled":false},"version":2}},"product_brand":[],"product_cat":[94],"product_tag":[],"class_list":{"0":"post-34256","1":"product","2":"type-product","3":"status-publish","4":"has-post-thumbnail","6":"product_cat-litieres-et-bacs","8":"first","9":"instock","10":"taxable","11":"shipping-taxable","12":"purchasable","13":"product-type-variable"},"supplier_id":null,"supplier_sku":"","barcode":null,"atum_controlled":true,"out_stock_date":null,"out_stock_threshold":null,"inheritable":true,"inbound_stock":0,"stock_on_hold":2,"sold_today":0,"sales_last_days":13,"reserved_stock":0,"customer_returns":0,"warehouse_damage":0,"lost_in_post":0,"other_logs":0,"out_stock_days":0,"lost_sales":0,"has_location":false,"update_date":"2026-05-11T10:57:11","atum_locations":[],"atum_stock_status":"instock","restock_status":false,"low_stock_amount":"","sales_update_date":"2026-04-28T00:15:05","calc_backorders":null,"jetpack_publicize_connections":[],"jetpack_sharing_enabled":true,"batches":[],"_links":{"self":[{"href":"https:\/\/petworld.ma\/index.php\/wp-json\/wp\/v2\/product\/34256","targetHints":{"allow":["GET"]}}],"collection":[{"href":"https:\/\/petworld.ma\/index.php\/wp-json\/wp\/v2\/product"}],"about":[{"href":"https:\/\/petworld.ma\/index.php\/wp-json\/wp\/v2\/types\/product"}],"wp:featuredmedia":[{"embeddable":true,"href":"https:\/\/petworld.ma\/index.php\/wp-json\/wp\/v2\/media\/34575"}],"wp:attachment":[{"href":"https:\/\/petworld.ma\/index.php\/wp-json\/wp\/v2\/media?parent=34256"}],"wp:term":[{"taxonomy":"product_brand","embeddable":true,"href":"https:\/\/petworld.ma\/index.php\/wp-json\/wp\/v2\/product_brand?post=34256"},{"taxonomy":"product_cat","embeddable":true,"href":"https:\/\/petworld.ma\/index.php\/wp-json\/wp\/v2\/product_cat?post=34256"},{"taxonomy":"product_tag","embeddable":true,"href":"https:\/\/petworld.ma\/index.php\/wp-json\/wp\/v2\/product_tag?post=34256"}],"curies":[{"name":"wp","href":"https:\/\/api.w.org\/{rel}","templated":true}]}}