{"id":34481,"date":"2026-01-27T19:51:11","date_gmt":"2026-01-27T19:51:11","guid":{"rendered":"https:\/\/petworld.ma\/?post_type=product&#038;p=34481"},"modified":"2026-04-16T19:47:32","modified_gmt":"2026-04-16T19:47:32","slug":"balle-nouee-pour-petit-chien-ivar-turquoise-rose","status":"publish","type":"product","link":"https:\/\/petworld.ma\/index.php\/produit\/balle-nouee-pour-petit-chien-ivar-turquoise-rose\/","title":{"rendered":"Flamingo Balle Nou\u00e9e Pour Petit chien Ivar ( Turquoise | Rose )"},"content":{"rendered":"<div class=\"col-12 col-md-6\">\n<div class=\"mb-2 cms-element-text\">\n<p><span dir=\"auto\">Offrez \u00e0 votre chien le compagnon de jeu id\u00e9al avec cette balle tress\u00e9e rose et douce. Parfaite pour jouer \u00e0 la balle \u00e0 l&rsquo;int\u00e9rieur ou pour jouer seul. N&rsquo;oubliez pas que les jouets pour chiens ne sont pas indestructibles. Surveillez toujours votre ami \u00e0 quatre pattes lorsqu&rsquo;il joue.\u00a0<\/span><\/p>\n<div class=\"ai-notice-icon\" data-tippy-options=\"{&quot;content&quot;:&quot;This text was generated and translated using AI&quot;}\"><\/div>\n<\/div>\n<\/div>\n<div class=\"col-12 col-md-6\">\n<div class=\"cms-element-text\">\n<ul>\n<li><span dir=\"auto\">Mati\u00e8re : polyester<\/span><\/li>\n<li>\n<table class=\"table table-striped product-detail-properties-table product-detail-io-property-set-table accordion-body\">\n<tbody>\n<tr class=\"properties-row\">\n<td class=\"properties-value d-block d-md-table-cell\"><span dir=\"auto\">6 cm L x 6 cm l x 6 cm H<\/span><\/td>\n<\/tr>\n<\/tbody>\n<\/table>\n<\/li>\n<\/ul>\n<\/div>\n<\/div>\n","protected":false},"excerpt":{"rendered":"<p><strong>Produit d&rsquo;import d&rsquo;europe<\/strong><\/p>\n","protected":false},"featured_media":34485,"template":"","meta":{"jetpack_publicize_message":"","jetpack_publicize_feature_enabled":true,"jetpack_social_post_already_shared":true,"jetpack_social_options":{"image_generator_settings":{"template":"highway","default_image_id":0,"font":"","enabled":false},"version":2}},"product_brand":[],"product_cat":[106],"product_tag":[],"class_list":{"0":"post-34481","1":"product","2":"type-product","3":"status-publish","4":"has-post-thumbnail","6":"product_cat-jouet-et-dressage","8":"first","9":"instock","10":"sale","11":"taxable","12":"shipping-taxable","13":"purchasable","14":"product-type-variable"},"supplier_id":5603,"supplier_sku":"","barcode":null,"atum_controlled":true,"out_stock_date":"2026-01-27 19:51:11","out_stock_threshold":null,"inheritable":true,"inbound_stock":0,"stock_on_hold":0,"sold_today":0,"sales_last_days":0,"reserved_stock":0,"customer_returns":0,"warehouse_damage":0,"lost_in_post":0,"other_logs":0,"out_stock_days":98,"lost_sales":0,"has_location":false,"update_date":"2026-05-06T00:17:23","atum_locations":[],"atum_stock_status":"instock","restock_status":false,"low_stock_amount":"","sales_update_date":"2026-05-06T00:17:22","calc_backorders":null,"jetpack_publicize_connections":[],"jetpack_sharing_enabled":true,"batches":[],"_links":{"self":[{"href":"https:\/\/petworld.ma\/index.php\/wp-json\/wp\/v2\/product\/34481","targetHints":{"allow":["GET"]}}],"collection":[{"href":"https:\/\/petworld.ma\/index.php\/wp-json\/wp\/v2\/product"}],"about":[{"href":"https:\/\/petworld.ma\/index.php\/wp-json\/wp\/v2\/types\/product"}],"wp:featuredmedia":[{"embeddable":true,"href":"https:\/\/petworld.ma\/index.php\/wp-json\/wp\/v2\/media\/34485"}],"wp:attachment":[{"href":"https:\/\/petworld.ma\/index.php\/wp-json\/wp\/v2\/media?parent=34481"}],"wp:term":[{"taxonomy":"product_brand","embeddable":true,"href":"https:\/\/petworld.ma\/index.php\/wp-json\/wp\/v2\/product_brand?post=34481"},{"taxonomy":"product_cat","embeddable":true,"href":"https:\/\/petworld.ma\/index.php\/wp-json\/wp\/v2\/product_cat?post=34481"},{"taxonomy":"product_tag","embeddable":true,"href":"https:\/\/petworld.ma\/index.php\/wp-json\/wp\/v2\/product_tag?post=34481"}],"curies":[{"name":"wp","href":"https:\/\/api.w.org\/{rel}","templated":true}]}}