{"id":34671,"date":"2026-01-30T00:07:03","date_gmt":"2026-01-30T00:07:03","guid":{"rendered":"https:\/\/petworld.ma\/?post_type=product&#038;p=34671"},"modified":"2026-02-11T08:17:05","modified_gmt":"2026-02-11T08:17:05","slug":"flamingo-brosse-a-dents-de-doigt-dentes-pour-chien","status":"publish","type":"product","link":"https:\/\/petworld.ma\/index.php\/produit\/flamingo-brosse-a-dents-de-doigt-dentes-pour-chien\/","title":{"rendered":"Brosse \u00e0 Dents De Doigt Dentes Pour Chien &#8211; Flamingo"},"content":{"rendered":"<div class=\"col-12 col-md-6\">\n<div class=\"mb-2 cms-element-text\">\n<div class=\"col-12 col-md-6\">\n<div class=\"mb-2 cms-element-text\">\n<p>Faites briller les dents de votre fid\u00e8le compagnon \u00e0 quatre pattes avec cette brosse \u00e0 dents et brosse de massage pour chien pratique. Ins\u00e9rez votre doigt dans la brosse et vous pouvez atteindre tous les endroits facilement ! Livr\u00e9 par 2 pi\u00e8ces dans une couleur al\u00e9atoire.<\/p>\n<div class=\"ai-notice-icon\" data-tippy-options=\"{&quot;content&quot;:&quot;Ce texte a \\u00e9t\\u00e9 g\\u00e9n\\u00e9r\\u00e9 et traduit \\u00e0 l'aide de l'IA&quot;}\"><\/div>\n<\/div>\n<\/div>\n<div class=\"col-12 col-md-6\">\n<div class=\"cms-element-text\">\n<ul>\n<li>Mat\u00e9riau : synth\u00e9tique<\/li>\n<li>La brosse aide \u00e0 lutter contre le tartre et la coloration<\/li>\n<li>L&rsquo;autre brosse sert \u00e0 masser les gencives<\/li>\n<\/ul>\n<\/div>\n<\/div>\n<\/div>\n<\/div>\n","protected":false},"excerpt":{"rendered":"<p>Faites briller les dents de votre fid\u00e8le compagnon \u00e0 quatre pattes avec cette brosse \u00e0 dents et brosse de massage pour chien pratique. Ins\u00e9rez votre doigt dans la brosse et vous pouvez atteindre tous les endroits facilement ! Livr\u00e9 par 2 pi\u00e8ces dans une couleur al\u00e9atoire. Mat\u00e9riau : synth\u00e9tique La brosse aide \u00e0 lutter contre [&#8230;]\n","protected":false},"featured_media":34679,"template":"","meta":{"jetpack_publicize_message":"","jetpack_publicize_feature_enabled":true,"jetpack_social_post_already_shared":true,"jetpack_social_options":{"image_generator_settings":{"template":"highway","default_image_id":0,"font":"","enabled":false},"version":2}},"product_brand":[],"product_cat":[216,217],"product_tag":[],"class_list":{"0":"post-34671","1":"product","2":"type-product","3":"status-publish","4":"has-post-thumbnail","6":"product_cat-dentifrice-soin-buccal","7":"product_cat-dentifrice-soin-buccal-hygiene-et-soins","9":"first","10":"instock","11":"taxable","12":"shipping-taxable","13":"purchasable","14":"product-type-simple"},"supplier_id":8770,"supplier_sku":"5312083","barcode":null,"atum_controlled":true,"out_stock_date":null,"out_stock_threshold":null,"inheritable":false,"inbound_stock":0,"stock_on_hold":0,"sold_today":0,"sales_last_days":0,"reserved_stock":0,"customer_returns":0,"warehouse_damage":0,"lost_in_post":0,"other_logs":0,"out_stock_days":0,"lost_sales":0,"has_location":false,"update_date":"2026-05-13T00:20:27","atum_locations":[],"atum_stock_status":"instock","restock_status":false,"low_stock_amount":5,"sales_update_date":"2026-05-13T00:20:27","calc_backorders":null,"jetpack_publicize_connections":[],"jetpack_sharing_enabled":true,"batches":[],"_links":{"self":[{"href":"https:\/\/petworld.ma\/index.php\/wp-json\/wp\/v2\/product\/34671","targetHints":{"allow":["GET"]}}],"collection":[{"href":"https:\/\/petworld.ma\/index.php\/wp-json\/wp\/v2\/product"}],"about":[{"href":"https:\/\/petworld.ma\/index.php\/wp-json\/wp\/v2\/types\/product"}],"wp:featuredmedia":[{"embeddable":true,"href":"https:\/\/petworld.ma\/index.php\/wp-json\/wp\/v2\/media\/34679"}],"wp:attachment":[{"href":"https:\/\/petworld.ma\/index.php\/wp-json\/wp\/v2\/media?parent=34671"}],"wp:term":[{"taxonomy":"product_brand","embeddable":true,"href":"https:\/\/petworld.ma\/index.php\/wp-json\/wp\/v2\/product_brand?post=34671"},{"taxonomy":"product_cat","embeddable":true,"href":"https:\/\/petworld.ma\/index.php\/wp-json\/wp\/v2\/product_cat?post=34671"},{"taxonomy":"product_tag","embeddable":true,"href":"https:\/\/petworld.ma\/index.php\/wp-json\/wp\/v2\/product_tag?post=34671"}],"curies":[{"name":"wp","href":"https:\/\/api.w.org\/{rel}","templated":true}]}}