{"id":35171,"date":"2026-02-05T20:38:06","date_gmt":"2026-02-05T20:38:06","guid":{"rendered":"https:\/\/petworld.ma\/?post_type=product&#038;p=35171"},"modified":"2026-03-12T17:24:44","modified_gmt":"2026-03-12T17:24:44","slug":"lait-en-poudre-spectrum-care-pour-chiot-150-g","status":"publish","type":"product","link":"https:\/\/petworld.ma\/index.php\/produit\/lait-en-poudre-spectrum-care-pour-chiot-150-g\/","title":{"rendered":"Lait en poudre Spectrum Care pour Chiot 150 g"},"content":{"rendered":"<p><span dir=\"auto\">Ce lait en poudre est con\u00e7u pour les chiots s\u00e9par\u00e9s de leur m\u00e8re tr\u00e8s jeunes. Il r\u00e9pond aux besoins nutritionnels des chiots orphelins et\u00a0<\/span><strong><span dir=\"auto\">est recommand\u00e9 pour les chiots \u00e2g\u00e9s de 1 \u00e0 90 jours.<\/span><\/strong><span dir=\"auto\">\u00a0Sa teneur en vitamines, min\u00e9raux et prot\u00e9ines convient \u00e0 une utilisation comme aliment compl\u00e9mentaire pendant la gestation et la lactation. Il peut \u00e9galement remplacer le lait maternel pour couvrir les besoins en prot\u00e9ines, vitamines, min\u00e9raux et mati\u00e8res grasses des jeunes chiots.<\/span><\/p>\n<p><strong><span dir=\"auto\">Principaux avantages<\/span><\/strong><span dir=\"auto\">\u00a0:<\/span><\/p>\n<ol>\n<li><strong><span dir=\"auto\">Formule riche en nutriments<\/span><\/strong><span dir=\"auto\">\u00a0: Contient un m\u00e9lange \u00e9quilibr\u00e9 de vitamines essentielles (A, D, E, complexe B), de min\u00e9raux (calcium, phosphore) et de taurine, assurant une croissance et un d\u00e9veloppement optimaux pour les chiots.<\/span><\/li>\n<li><strong><span dir=\"auto\">Soutien aux chiennes allaitantes<\/span><\/strong><span dir=\"auto\">\u00a0: Aide les chiennes allaitantes \u00e0 maintenir leur niveau d&rsquo;\u00e9nergie et leur sant\u00e9 pendant la lactation, favorisant ainsi la production de lait et la r\u00e9cup\u00e9ration g\u00e9n\u00e9rale apr\u00e8s la mise bas.<\/span><\/li>\n<li><strong><span dir=\"auto\">Enrichi en taurine<\/span><\/strong><span dir=\"auto\">\u00a0: La taurine est essentielle au bon d\u00e9veloppement du c\u0153ur, des yeux et du cerveau du chiot, lui permettant ainsi de devenir un chien fort et actif.<\/span><\/li>\n<li><strong><span dir=\"auto\">Soutient la sant\u00e9 immunitaire<\/span><\/strong><span dir=\"auto\">\u00a0: Les vitamines et les min\u00e9raux contenus dans cette formule contribuent \u00e0 renforcer le syst\u00e8me immunitaire des chiots et de leurs m\u00e8res, favorisant ainsi la r\u00e9sistance aux maladies.<\/span><\/li>\n<li><strong><span dir=\"auto\">Facile \u00e0 dig\u00e9rer<\/span><\/strong><span dir=\"auto\">\u00a0: Ce lait en poudre est con\u00e7u pour une digestion facile, ce qui en fait un choix parfait pour les chiots en transition du lait maternel ou pour les m\u00e8res ayant besoin d&rsquo;un soutien suppl\u00e9mentaire.<\/span><\/li>\n<li><strong><span dir=\"auto\">Id\u00e9al pour le sevrage et la suppl\u00e9mentation<\/span><\/strong><span dir=\"auto\">\u00a0: Id\u00e9al pour le sevrage des chiots ou pour compl\u00e9ter l&rsquo;alimentation des chiennes ayant besoin d&rsquo;une nutrition suppl\u00e9mentaire pendant la lactation.<\/span><\/li>\n<\/ol>\n<p><strong><span dir=\"auto\">Ingr\u00e9dient inactif<\/span><\/strong><\/p>\n<p><span dir=\"auto\">Lait en poudre, prot\u00e9ines de lactos\u00e9rum, amidon, fructo-oligosaccharides, farine de riz.<\/span><\/p>\n<div id=\"heading-2\" class=\"card-header\"><b><span dir=\"auto\">Composants nutritionnels<\/span><\/b><\/div>\n<div id=\"collapse-2\" class=\"collapse show\" data-parent=\"#accordion\" aria-labelledby=\"heading-2\">\n<div class=\"card-body\">\n<table class=\"table table-striped\" width=\"333\">\n<tbody>\n<tr>\n<td><span dir=\"auto\">Prot\u00e9ine<\/span><\/td>\n<td><span dir=\"auto\">10,60%<\/span><\/td>\n<\/tr>\n<tr>\n<td><span dir=\"auto\">teneur en mati\u00e8res grasses<\/span><\/td>\n<td><span dir=\"auto\">4,90%<\/span><\/td>\n<\/tr>\n<tr>\n<td><span dir=\"auto\">Fibres brutes<\/span><\/td>\n<td><span dir=\"auto\">3%<\/span><\/td>\n<\/tr>\n<tr>\n<td><span dir=\"auto\">Cendres brutes<\/span><\/td>\n<td><span dir=\"auto\">4,30%<\/span><\/td>\n<\/tr>\n<tr>\n<td><span dir=\"auto\">Humidit\u00e9<\/span><\/td>\n<td><span dir=\"auto\">9,90%<\/span><\/td>\n<\/tr>\n<\/tbody>\n<\/table>\n<\/div>\n<\/div>\n<div><\/div>\n<div>\n<p><strong><span dir=\"auto\">Conditionnement<\/span><\/strong><span dir=\"auto\">\u00a0: Disponible en sachets ou bo\u00eetes refermables pratiques pour pr\u00e9server la fra\u00eecheur et assurer une conservation optimale.<\/span><\/p>\n<p><strong><span dir=\"auto\">Convient \u00e0<\/span><\/strong><span dir=\"auto\">\u00a0: Toutes les races de chiots et de chiennes allaitantes, en particulier celles ayant besoin d&rsquo;un soutien nutritionnel suppl\u00e9mentaire pendant leur croissance ou leur lactation.<\/span><\/p>\n<p><strong><span dir=\"auto\">Attention<\/span><\/strong><span dir=\"auto\">\u00a0: Toujours fournir de l\u2019eau fra\u00eeche avec le lait en poudre. Consultez un v\u00e9t\u00e9rinaire avant utilisation, surtout si votre chien souffre d\u2019un probl\u00e8me de sant\u00e9 ou prend des m\u00e9dicaments.<\/span><\/p>\n<\/div>\n<div id=\"collapse-2\" class=\"collapse show\" data-parent=\"#accordion\" aria-labelledby=\"heading-2\">\n<div class=\"card-body\">\n<div id=\"heading-4\" class=\"card-header\"><strong><span dir=\"auto\">Recommandations et mises en garde nutritionnelles<\/span><\/strong><\/div>\n<div id=\"collapse-4\" class=\"collapse show\" data-parent=\"#accordion\" aria-labelledby=\"heading-4\">\n<div class=\"card-body\">\n<p><span dir=\"auto\">Ajoutez 100 ml de lait en poudre pour chats \u00e0 un demi-verre d&rsquo;eau ti\u00e8de et laissez dissoudre compl\u00e8tement avant de donner \u00e0 consommer. Vous pouvez pr\u00e9parer une nouvelle solution toutes les 4 heures. Chaque pr\u00e9paration doit \u00eatre consomm\u00e9e dans les 45 minutes.<\/span><\/p>\n<\/div>\n<\/div>\n<\/div>\n<\/div>\n<div>\n<div><\/div>\n<\/div>\n","protected":false},"excerpt":{"rendered":"<p>La poudre de lait multivitamin\u00e9e et taurine Spectrum est un compl\u00e9ment alimentaire sp\u00e9cialement formul\u00e9 pour soutenir la sant\u00e9 et le bien-\u00eatre des chiots et des chiennes allaitantes. Cette poudre de lait de qualit\u00e9 sup\u00e9rieure apporte les nutriments, vitamines et min\u00e9raux essentiels \u00e0 la croissance, au d\u00e9veloppement et \u00e0 la vitalit\u00e9 g\u00e9n\u00e9rale de votre chienne pendant les \u00e9tapes cruciales de sa vie et de sa gestation.<\/p>\n","protected":false},"featured_media":35174,"template":"","meta":{"jetpack_publicize_message":"","jetpack_publicize_feature_enabled":true,"jetpack_social_post_already_shared":true,"jetpack_social_options":{"image_generator_settings":{"template":"highway","default_image_id":0,"font":"","enabled":false},"version":2}},"product_brand":[],"product_cat":[221],"product_tag":[],"class_list":{"0":"post-35171","1":"product","2":"type-product","3":"status-publish","4":"has-post-thumbnail","6":"product_cat-lait-maternel-aliments-pour-chiens","8":"first","9":"instock","10":"taxable","11":"shipping-taxable","12":"purchasable","13":"product-type-simple"},"supplier_id":5589,"supplier_sku":"SPC-0115","barcode":null,"atum_controlled":true,"out_stock_date":null,"out_stock_threshold":null,"inheritable":false,"inbound_stock":0,"stock_on_hold":0,"sold_today":0,"sales_last_days":0,"reserved_stock":0,"customer_returns":0,"warehouse_damage":0,"lost_in_post":0,"other_logs":0,"out_stock_days":0,"lost_sales":0,"has_location":false,"update_date":"2026-05-08T20:36:24","atum_locations":[],"atum_stock_status":"instock","restock_status":false,"low_stock_amount":5,"sales_update_date":"2026-05-08T20:36:24","calc_backorders":null,"jetpack_publicize_connections":[],"jetpack_sharing_enabled":true,"batches":[{"id":"7945","date_created":"2026-02-26 12:23:39","date_expiry":"2027-08-17 00:00:00","user_id":"2461","batch_number":"Lait en poudre Spectrum Care pour Chiot 150 g170827","location":"","quantity":"24.0000","quantity_available":"24.0000","units":"1","status":"active","order_ids":"[]","supplier":"Zoolux","po":{"id":"7883","date_created":"2026-02-26 12:23:40","batch_id":"7945","po_number":"","supplier":"Zoolux","cost":null,"regular_price":null,"sale_price":null,"price_margin":null,"price_discount":null}}],"_links":{"self":[{"href":"https:\/\/petworld.ma\/index.php\/wp-json\/wp\/v2\/product\/35171","targetHints":{"allow":["GET"]}}],"collection":[{"href":"https:\/\/petworld.ma\/index.php\/wp-json\/wp\/v2\/product"}],"about":[{"href":"https:\/\/petworld.ma\/index.php\/wp-json\/wp\/v2\/types\/product"}],"wp:featuredmedia":[{"embeddable":true,"href":"https:\/\/petworld.ma\/index.php\/wp-json\/wp\/v2\/media\/35174"}],"wp:attachment":[{"href":"https:\/\/petworld.ma\/index.php\/wp-json\/wp\/v2\/media?parent=35171"}],"wp:term":[{"taxonomy":"product_brand","embeddable":true,"href":"https:\/\/petworld.ma\/index.php\/wp-json\/wp\/v2\/product_brand?post=35171"},{"taxonomy":"product_cat","embeddable":true,"href":"https:\/\/petworld.ma\/index.php\/wp-json\/wp\/v2\/product_cat?post=35171"},{"taxonomy":"product_tag","embeddable":true,"href":"https:\/\/petworld.ma\/index.php\/wp-json\/wp\/v2\/product_tag?post=35171"}],"curies":[{"name":"wp","href":"https:\/\/api.w.org\/{rel}","templated":true}]}}