{"id":35179,"date":"2026-02-05T21:35:18","date_gmt":"2026-02-05T21:35:18","guid":{"rendered":"https:\/\/petworld.ma\/?post_type=product&#038;p=35179"},"modified":"2026-03-12T17:20:07","modified_gmt":"2026-03-12T17:20:07","slug":"king-patee-pour-chat-morceaux-de-saumon-en-sauce-400-g","status":"publish","type":"product","link":"https:\/\/petworld.ma\/index.php\/produit\/king-patee-pour-chat-morceaux-de-saumon-en-sauce-400-g\/","title":{"rendered":"King P\u00e2t\u00e9e pour Chat Morceaux de Saumon en Sauce 400 g"},"content":{"rendered":"<div id=\"primary\" class=\"content-area\">\n<p>&nbsp;<\/p>\n<div id=\"product-62305\" class=\"product type-product post-62305 status-publish first instock product_cat-cat-supplies-store product_cat-cat-food-and-treats product_cat-king product_cat-wet-cat-food product_tag-canned-food product_tag-cat product_tag-catfood product_tag-new-arrivals product_tag-wet-food has-post-thumbnail shipping-taxable purchasable product-type-simple\">\n<div class=\"woocommerce-tabs wc-tabs-wrapper\">\n<div id=\"tab-description\" class=\"woocommerce-Tabs-panel woocommerce-Tabs-panel--description panel entry-content wc-tab\" role=\"tabpanel\" aria-labelledby=\"tab-title-description\">\n<p><span dir=\"auto\">Offrez \u00e0 votre f\u00e9lin une exp\u00e9rience culinaire royale avec\u00a0\u00a0<\/span><strong><span dir=\"auto\">la p\u00e2t\u00e9e King Cat au saumon 400g<\/span><\/strong><span dir=\"auto\">\u00a0\u2013 un repas d\u00e9licieux et riche en prot\u00e9ines, pr\u00e9par\u00e9 \u00e0 partir de poulet de haute qualit\u00e9 pour garder votre chat en bonne sant\u00e9, heureux et satisfait.<\/span><\/p>\n<p><span dir=\"auto\">Pr\u00e9par\u00e9 avec soin, ce repas offre une alimentation \u00e9quilibr\u00e9e qui favorise la force musculaire, une bonne digestion et une vitalit\u00e9 g\u00e9n\u00e9rale. Sa texture moelleuse et son irr\u00e9sistible go\u00fbt de poulet le rendent id\u00e9al m\u00eame pour les palais les plus difficiles.<\/span><\/p>\n<p><strong><span dir=\"auto\">Principaux avantages\u00a0:<\/span><\/strong><\/p>\n<ul>\n<li><span dir=\"auto\">Pr\u00e9par\u00e9 avec du poulet de premi\u00e8re qualit\u00e9 pour un apport optimal en prot\u00e9ines<\/span><\/li>\n<li><span dir=\"auto\">Favorise la sant\u00e9 musculaire et le maintien d&rsquo;un niveau d&rsquo;\u00e9nergie optimal.<\/span><\/li>\n<li><span dir=\"auto\">Les chats adorent sa texture douce et savoureuse<\/span><\/li>\n<li><span dir=\"auto\">Fournit une nutrition compl\u00e8te et \u00e9quilibr\u00e9e<\/span><\/li>\n<li><span dir=\"auto\">Id\u00e9al pour les chats adultes de toutes races<\/span><\/li>\n<\/ul>\n<p><strong><span dir=\"auto\">Ingr\u00e9dients :<\/span><\/strong><span dir=\"auto\">\u00a0Morceaux de viande au saumon en sauce \/ Aliment compl\u00e9mentaire pour chats adultes.<\/span><\/p>\n<p><strong><span dir=\"auto\">Composition :<\/span><\/strong><span dir=\"auto\">\u00a0Poissons et d\u00e9riv\u00e9s de poissons (saumon 4%), c\u00e9r\u00e9ales, substances min\u00e9rales, d\u00e9riv\u00e9s d&rsquo;origine v\u00e9g\u00e9tale.<\/span><\/p>\n<p><strong><span dir=\"auto\">Constituants analytiques :<\/span><\/strong><span dir=\"auto\">\u00a0\u00a0Prot\u00e9ines brutes 7 %, mati\u00e8res grasses brutes 5 %, fibres brutes 0,5 %, cendres brutes 2,5 %, humidit\u00e9 82 %.<\/span><\/p>\n<p><strong><span dir=\"auto\">Guide d&rsquo;alimentation :<\/span><\/strong><\/p>\n<ol>\n<li><span dir=\"auto\">Servir \u00e0 temp\u00e9rature ambiante.<\/span><\/li>\n<li><span dir=\"auto\">De l&rsquo;eau potable propre et fra\u00eeche doit \u00eatre disponible en permanence.<\/span><\/li>\n<li><span dir=\"auto\">Une fois ouvert, couvrir et conserver au r\u00e9frig\u00e9rateur et consommer dans les 2 jours.<\/span><\/li>\n<li><span dir=\"auto\">Il ne convient pas \u00e0 la consommation humaine.<\/span><\/li>\n<li><span dir=\"auto\">Ajustez la portion en fonction du poids et du niveau d&rsquo;activit\u00e9 de votre chat.<\/span><\/li>\n<\/ol>\n<p>&nbsp;<\/p>\n<\/div>\n<\/div>\n<\/div>\n<p>&nbsp;<\/p>\n<\/div>\n","protected":false},"excerpt":{"rendered":"<div class=\"elementor-element elementor-element-1a60c1e elementor-widget elementor-widget-product-description-short elementor-widget-text-editor\" data-id=\"1a60c1e\" data-element_type=\"widget\" data-widget_type=\"product-description-short.default\">\n<div class=\"elementor-widget-container\">\n<div class=\"ce-product-description-short\">\n<div class=\"woocommerce-product-details__short-description\">\n<p><span dir=\"auto\">Offrez \u00e0 votre f\u00e9lin une exp\u00e9rience culinaire royale avec\u00a0\u00a0<\/span><strong><span dir=\"auto\">la p\u00e2t\u00e9e King Cat au saumon 400g<\/span><\/strong><span dir=\"auto\">\u00a0\u2013 un repas d\u00e9licieux et riche en prot\u00e9ines, pr\u00e9par\u00e9 \u00e0 partir de poulet de haute qualit\u00e9 pour garder votre chat en bonne sant\u00e9, heureux et satisfait.<\/span><\/p>\n<\/div>\n<div class=\"qib-container\"><\/div>\n<\/div>\n<\/div>\n<\/div>\n","protected":false},"featured_media":35180,"template":"","meta":{"jetpack_publicize_message":"","jetpack_publicize_feature_enabled":true,"jetpack_social_post_already_shared":true,"jetpack_social_options":{"image_generator_settings":{"template":"highway","default_image_id":0,"font":"","enabled":false},"version":2}},"product_brand":[],"product_cat":[239],"product_tag":[],"class_list":{"0":"post-35179","1":"product","2":"type-product","3":"status-publish","4":"has-post-thumbnail","6":"product_cat-pate-humides-chat","8":"first","9":"outofstock","10":"taxable","11":"shipping-taxable","12":"purchasable","13":"product-type-simple"},"supplier_id":5589,"supplier_sku":"KNK-202","barcode":null,"atum_controlled":true,"out_stock_date":"2026-03-12 17:20:07","out_stock_threshold":null,"inheritable":false,"inbound_stock":0,"stock_on_hold":0,"sold_today":0,"sales_last_days":0,"reserved_stock":0,"customer_returns":0,"warehouse_damage":0,"lost_in_post":0,"other_logs":0,"out_stock_days":61,"lost_sales":0,"has_location":false,"update_date":"2026-05-13T00:23:29","atum_locations":[],"atum_stock_status":"outofstock","restock_status":false,"low_stock_amount":24,"sales_update_date":"2026-05-13T00:23:29","calc_backorders":null,"jetpack_publicize_connections":[],"jetpack_sharing_enabled":true,"batches":[{"id":"7560","date_created":"2026-02-05 21:40:13","date_expiry":"2028-12-31 00:00:00","user_id":"2461","batch_number":"KingPateSaumon400g311228","location":"","quantity":"24.0000","quantity_available":"0.0000","units":"1","status":"archived","order_ids":"[35240,35496,35655,35669,36088,36336]","supplier":"Zooluxe","po":{"id":"7496","date_created":"2026-02-05 21:40:15","batch_id":"7560","po_number":"","supplier":"Zooluxe","cost":null,"regular_price":null,"sale_price":null,"price_margin":null,"price_discount":null}}],"_links":{"self":[{"href":"https:\/\/petworld.ma\/index.php\/wp-json\/wp\/v2\/product\/35179","targetHints":{"allow":["GET"]}}],"collection":[{"href":"https:\/\/petworld.ma\/index.php\/wp-json\/wp\/v2\/product"}],"about":[{"href":"https:\/\/petworld.ma\/index.php\/wp-json\/wp\/v2\/types\/product"}],"wp:featuredmedia":[{"embeddable":true,"href":"https:\/\/petworld.ma\/index.php\/wp-json\/wp\/v2\/media\/35180"}],"wp:attachment":[{"href":"https:\/\/petworld.ma\/index.php\/wp-json\/wp\/v2\/media?parent=35179"}],"wp:term":[{"taxonomy":"product_brand","embeddable":true,"href":"https:\/\/petworld.ma\/index.php\/wp-json\/wp\/v2\/product_brand?post=35179"},{"taxonomy":"product_cat","embeddable":true,"href":"https:\/\/petworld.ma\/index.php\/wp-json\/wp\/v2\/product_cat?post=35179"},{"taxonomy":"product_tag","embeddable":true,"href":"https:\/\/petworld.ma\/index.php\/wp-json\/wp\/v2\/product_tag?post=35179"}],"curies":[{"name":"wp","href":"https:\/\/api.w.org\/{rel}","templated":true}]}}