{"id":35461,"date":"2026-02-09T17:42:47","date_gmt":"2026-02-09T17:42:47","guid":{"rendered":"https:\/\/petworld.ma\/?post_type=product&#038;p=35461"},"modified":"2026-04-03T16:44:25","modified_gmt":"2026-04-03T16:44:25","slug":"special-cat-mousse-thon-et-poissons-de-mer-400g","status":"publish","type":"product","link":"https:\/\/petworld.ma\/index.php\/produit\/special-cat-mousse-thon-et-poissons-de-mer-400g\/","title":{"rendered":"Special Cat Mousse Thon et Poissons de Mer 400g"},"content":{"rendered":"<div class=\"field__item\">\n<div class=\"field__item\">\n<p>Mousse premium au Thon et poissons de mer pour les chats.<br \/>\nDigeste et app\u00e9tissante, les chats en raffolent.<\/p>\n<ul>\n<li>Mousse au Thon et poissons de mer<\/li>\n<li>Formul\u00e9 pour les chats adultes<\/li>\n<li>Fait avec de la viande fra\u00eeche<\/li>\n<li>Enrichi en vitamines A, E et D3<\/li>\n<\/ul>\n<\/div>\n<\/div>\n","protected":false},"excerpt":{"rendered":"<p>Mousse premium au Thon et poissons de mer pour les chats. Digeste et app\u00e9tissante, les chats en raffolent. Mousse au Thon et poissons de mer Formul\u00e9 pour les chats adultes Fait avec de la viande fra\u00eeche Enrichi en vitamines A, E et D3<\/p>\n","protected":false},"featured_media":35463,"template":"","meta":{"jetpack_publicize_message":"","jetpack_publicize_feature_enabled":true,"jetpack_social_post_already_shared":true,"jetpack_social_options":{"image_generator_settings":{"template":"highway","default_image_id":0,"font":"","enabled":false},"version":2}},"product_brand":[],"product_cat":[239],"product_tag":[],"class_list":{"0":"post-35461","1":"product","2":"type-product","3":"status-publish","4":"has-post-thumbnail","6":"product_cat-pate-humides-chat","8":"first","9":"instock","10":"sale","11":"taxable","12":"shipping-taxable","13":"purchasable","14":"product-type-simple"},"supplier_id":5588,"supplier_sku":"007467","barcode":null,"atum_controlled":true,"out_stock_date":null,"out_stock_threshold":null,"inheritable":false,"inbound_stock":0,"stock_on_hold":1,"sold_today":0,"sales_last_days":8,"reserved_stock":0,"customer_returns":0,"warehouse_damage":0,"lost_in_post":0,"other_logs":0,"out_stock_days":0,"lost_sales":0,"has_location":false,"update_date":"2026-04-05T22:10:26","atum_locations":[],"atum_stock_status":"instock","restock_status":false,"low_stock_amount":24,"sales_update_date":"2026-04-05T22:10:25","calc_backorders":null,"jetpack_publicize_connections":[],"jetpack_sharing_enabled":true,"batches":[{"id":"7603","date_created":"2026-02-09 18:05:19","date_expiry":"2029-10-21 00:00:00","user_id":"2461","batch_number":"Special Cat Mousse Thon et Poissons de Mer 400g211029","location":"","quantity":"168.0000","quantity_available":"120.0000","units":"1","status":"active","order_ids":"[35669,35730,36156,36868,36901,37029,37083,37145,37223,37379,38017,38068,38277,38431,38512,38633,38639,38878]","supplier":"mera","po":{"id":"7538","date_created":"2026-02-09 18:05:19","batch_id":"7603","po_number":"","supplier":"mera","cost":null,"regular_price":null,"sale_price":null,"price_margin":null,"price_discount":null}}],"_links":{"self":[{"href":"https:\/\/petworld.ma\/index.php\/wp-json\/wp\/v2\/product\/35461","targetHints":{"allow":["GET"]}}],"collection":[{"href":"https:\/\/petworld.ma\/index.php\/wp-json\/wp\/v2\/product"}],"about":[{"href":"https:\/\/petworld.ma\/index.php\/wp-json\/wp\/v2\/types\/product"}],"wp:featuredmedia":[{"embeddable":true,"href":"https:\/\/petworld.ma\/index.php\/wp-json\/wp\/v2\/media\/35463"}],"wp:attachment":[{"href":"https:\/\/petworld.ma\/index.php\/wp-json\/wp\/v2\/media?parent=35461"}],"wp:term":[{"taxonomy":"product_brand","embeddable":true,"href":"https:\/\/petworld.ma\/index.php\/wp-json\/wp\/v2\/product_brand?post=35461"},{"taxonomy":"product_cat","embeddable":true,"href":"https:\/\/petworld.ma\/index.php\/wp-json\/wp\/v2\/product_cat?post=35461"},{"taxonomy":"product_tag","embeddable":true,"href":"https:\/\/petworld.ma\/index.php\/wp-json\/wp\/v2\/product_tag?post=35461"}],"curies":[{"name":"wp","href":"https:\/\/api.w.org\/{rel}","templated":true}]}}