{"id":36063,"date":"2026-02-19T09:52:51","date_gmt":"2026-02-19T09:52:51","guid":{"rendered":"https:\/\/petworld.ma\/?post_type=product&#038;p=36063"},"modified":"2026-03-23T11:37:58","modified_gmt":"2026-03-23T11:37:58","slug":"royal-canin-siamois-adulte-2-kg-baril-gratuit","status":"publish","type":"product","link":"https:\/\/petworld.ma\/index.php\/produit\/royal-canin-siamois-adulte-2-kg-baril-gratuit\/","title":{"rendered":"Royal Canin Siamois Adulte 2 Kg + Baril Gratuit"},"content":{"rendered":"<div>\n<div>\n<h2>Aliment complet et \u00e9quilibr\u00e9 pour chats- Sp\u00e9cial chats adultes Siamois &#8211; \u00c0 partir de 12 mois.<\/h2>\n<\/div>\n<\/div>\n<div>ROYAL CANIN\u00ae Siamese Adult est formul\u00e9 pour r\u00e9pondre aux besoins sp\u00e9cifiques des chats Siamois adultes tel que le v\u00f4tre. Lorsque vous donnez cette alimentation \u00e0 votre chat, vous \u00eates certain qu\u2019il re\u00e7oit tout l\u2019apport nutritionnel dont il a besoin. \u00a0 Adapt\u00e9 aux chats Siamois adultes \u00e2g\u00e9s de plus de 12 mois, ROYAL CANIN\u00ae Siamese Adult contient une teneur accrue en prot\u00e9ines (38 %) et une teneur mod\u00e9r\u00e9e en graisses (16 %) afin de contribuer \u00e0 entretenir sa morphologie \u00e0 la fois svelte, muscl\u00e9e et souple. Il est \u00e9galement enrichi en L-Carnitine, un nutriment essentiel \u00e0 la bonne sant\u00e9 du m\u00e9tabolisme des lipides. \u00a0 Les croquettes sp\u00e9cialement con\u00e7ues en forme de tube conviennent tout particuli\u00e8rement au museau long et \u00e9troit de votre chat Siamois et sont faciles \u00e0 saisir. Elles favorisent \u00e9galement une mastication prolong\u00e9e, ce qui aide \u00e0 pr\u00e9server une bonne hygi\u00e8ne buccale. \u00a0 ROYAL CANIN\u00ae Siamese Adult contient des prot\u00e9ines hautement digestibles ainsi que des pr\u00e9biotiques pour soutenir le bon \u00e9quilibre de la flore intestinale. De plus, cette formule contient des min\u00e9raux soigneusement dos\u00e9s qui contribuent \u00e0 la bonne sant\u00e9 du syst\u00e8me urinaire de votre chat.<\/div>\n<div><\/div>\n<div><strong>\u00a0 \u00a0BENEFICES :<\/strong><\/div>\n<div>\n<div data-gtm-vis-first-on-screen-40760133_376=\"91903\" data-gtm-vis-first-on-screen-40760133_379=\"91903\" data-gtm-vis-has-fired-40760133_376=\"1\" data-gtm-vis-has-fired-40760133_379=\"1\" data-gtm-vis-recent-on-screen-40760133_376=\"91903\" data-gtm-vis-recent-on-screen-40760133_379=\"91903\" data-gtm-vis-total-visible-time-40760133_376=\"500\" data-gtm-vis-total-visible-time-40760133_379=\"500\" data-tms=\"Product description\">\n<div>\n<div>\n<div>\n<div>\n<ul>\n<li>\n<div>Sp\u00e9cial m\u00e2choire Siamois<\/div>\n<div>Cette croquette exclusive en forme de tube est adapt\u00e9e au museau long et \u00e9troit du chat Siamois. Elle facilite la pr\u00e9hension et encourage la mastication pour aider \u00e0 r\u00e9duire la vitesse d\u2019ingestion.<\/div>\n<\/li>\n<li>\n<div>Corps svelte et muscl\u00e9<\/div>\n<div>Le chat Siamois poss\u00e8de une silhouette \u00e9l\u00e9gante et athl\u00e9tique. Une teneur renforc\u00e9e en prot\u00e9ines (38 %) et un niveau mod\u00e9r\u00e9 de mati\u00e8res grasses (16 %) aident \u00e0 pr\u00e9server son corps long, svelte et muscl\u00e9. Enrichi en L-carnitine, qui contribue au m\u00e9tabolisme des graisses.<\/div>\n<\/li>\n<li>\n<div>Sant\u00e9 digestive<\/div>\n<div>Des prot\u00e9ines hautement digestibles (L.I.P.*) pour contribuer \u00e0 une bonne digestion, et des pr\u00e9biotiques pour aider \u00e0 favoriser l\u2019\u00e9quilibre de la flore intestinale. *L.I.P.\u00a0: prot\u00e9ines s\u00e9lectionn\u00e9es pour leur tr\u00e8s haute digestibilit\u00e9.<\/div>\n<\/li>\n<li>\n<div>Pelage sain et brillant<\/div>\n<div>Le chat Siamois poss\u00e8de un pelage caract\u00e9ristique tr\u00e8s court et brillant, couch\u00e9 sur le corps. ROYAL CANIN\u00ae Siamese Adult contient une combinaison de nutriments sp\u00e9cifiques comprenant des acides amin\u00e9s, des vitamines, des acides gras om\u00e9ga-3 et om\u00e9ga-6 pour aider \u00e0 maintenir la sant\u00e9 de la peau et la brillance du pelage.<\/div>\n<\/li>\n<li>\n<div>Sant\u00e9 urinaire<\/div>\n<div>Formul\u00e9 avec un \u00e9quilibre de min\u00e9raux pour contribuer \u00e0 la sant\u00e9 du syst\u00e8me urinaire du chat adulte.<\/div>\n<\/li>\n<\/ul>\n<p><strong>\u00a0 \u00a0 INFORMATIONS NUTRITIONELLES :<\/strong><\/p>\n<div data-gtm-vis-first-on-screen-40760133_376=\"91903\" data-gtm-vis-first-on-screen-40760133_379=\"91903\" data-gtm-vis-has-fired-40760133_376=\"1\" data-gtm-vis-has-fired-40760133_379=\"1\" data-gtm-vis-recent-on-screen-40760133_376=\"91903\" data-gtm-vis-recent-on-screen-40760133_379=\"91903\" data-gtm-vis-total-visible-time-40760133_376=\"500\" data-gtm-vis-total-visible-time-40760133_379=\"500\" data-tms=\"Product description\">\n<div>\n<div>\n<div>\n<div>\n<p>\u00a0Composition : prot\u00e9ines de volaille d\u00e9shydrat\u00e9es, isolat de prot\u00e9ines v\u00e9g\u00e9tales*, ma\u00efs, bl\u00e9, graisses animales, gluten de ma\u00efs, riz, hydrolysat de prot\u00e9ines animales, pulpe de betterave, sels min\u00e9raux, huile de poisson, levures et composants de levures, fructo-oligosaccharides, huile de soja, hydrolysat de levure (source de manno-oligosaccharides), huile de bourrache, extrait de rose d\u2019Inde (source de lut\u00e9ine).<\/p>\n<p>Additifs (au kg) : Additifs nutritionnels : Vitamine A : 31000 UI, Vitamine D3 : 800 UI, E1 (Fer) : 38 mg, E2 (Iode) : 3,8 mg, E4 (Cuivre) : 12 mg, E5 (Mangan\u00e8se) : 50 mg, E6 (Zinc) : 150 mg, E8 (S\u00e9l\u00e9nium) : 0,08 mg, L-carnitine : 50 mg &#8211; Additifs technologiques : Clinoptilolite d\u2019origine s\u00e9dimentaire : 10 g &#8211; Conservateurs &#8211; Antioxyg\u00e8nes.<\/p>\n<p>Constituants analytiques \u00a0: Prot\u00e9ine : 38 % &#8211; Teneur en mati\u00e8res grasses : 16 % &#8211; Cendres brutes : 7,7 % &#8211; Cellulose brute : 1,4 % &#8211; Au kg : Acides gras om\u00e9ga-6 : 37,7 g &#8211; Acides gras om\u00e9ga-3 : 7,9 g.<\/p>\n<p>Mode d\u2019emploi \u00a0: voir tableau. Num\u00e9ro de lot et d\u2019identifiant usine, \u00e0 utiliser de pr\u00e9f\u00e9rence avant : voir sur l\u2019emballage. \u00c0 conserver dans un endroit sec et frais.<\/p>\n<p><strong>\u00a0 \u00a0RATIONS :<\/strong><\/p>\n<div data-gtm-vis-first-on-screen-40760133_376=\"91903\" data-gtm-vis-first-on-screen-40760133_379=\"91903\" data-gtm-vis-has-fired-40760133_376=\"1\" data-gtm-vis-has-fired-40760133_379=\"1\" data-gtm-vis-recent-on-screen-40760133_376=\"91903\" data-gtm-vis-recent-on-screen-40760133_379=\"91903\" data-gtm-vis-total-visible-time-40760133_376=\"500\" data-gtm-vis-total-visible-time-40760133_379=\"500\" data-tms=\"Product description\">\n<div>\n<div>\n<div>\n<div>\n<div>\n<table>\n<thead>\n<tr>\n<th>Poids du chat<\/th>\n<th>Faibles besoins \u00e9nerg\u00e9tiques<\/th>\n<th>Besoins \u00e9nerg\u00e9tiques mod\u00e9r\u00e9s\/actifs<\/th>\n<\/tr>\n<\/thead>\n<tbody>\n<tr>\n<td>3 kg<\/td>\n<td>33g (ou 12 g + 1 sachet)<\/td>\n<td>42g (ou 21 g + 1 sachet)<\/td>\n<\/tr>\n<tr>\n<td>4 kg<\/td>\n<td>41g (ou 20 g + 1 sachet)<\/td>\n<td>51g (ou 30 g + 1 sachet)<\/td>\n<\/tr>\n<tr>\n<td>5 kg<\/td>\n<td>48g (ou 27 g + 1 sachet)<\/td>\n<td>60g (ou 39 g + 1 sachet)<\/td>\n<\/tr>\n<tr>\n<td>6 kg<\/td>\n<td>55g (ou 34 g + 1 sachet)<\/td>\n<td>68g (ou 47 g + 1 sachet)<\/td>\n<\/tr>\n<\/tbody>\n<\/table>\n<p><a href=\"https:\/\/wa.me\/212708052510\" target=\"_blank\" rel=\"noopener noreferrer\"><img loading=\"lazy\" decoding=\"async\" class=\"fr-fic fr-dib aligncenter\" src=\"https:\/\/cdn.youcan.shop\/stores\/d0742d556df94ddbc7ae4c9810aff04b\/others\/r5hjqrxBbxhy3j9atXrV8SqpPwgpV6Ed1Gz0pfAO.png\" width=\"311\" height=\"82\" data-name=\"stores\/d0742d556df94ddbc7ae4c9810aff04b\/others\/r5hjqrxBbxhy3j9atXrV8SqpPwgpV6Ed1Gz0pfAO.png\" \/><\/a><\/p>\n<\/div>\n<\/div>\n<\/div>\n<\/div>\n<\/div>\n<\/div>\n<\/div>\n<\/div>\n<\/div>\n<\/div>\n<\/div>\n<\/div>\n<\/div>\n<\/div>\n<\/div>\n<\/div>\n<\/div>\n","protected":false},"excerpt":{"rendered":"<p>Aliment complet et \u00e9quilibr\u00e9 pour chats- Sp\u00e9cial chats adultes Siamois &#8211; \u00c0 partir de 12 mois. ROYAL CANIN\u00ae Siamese Adult est formul\u00e9 pour r\u00e9pondre aux besoins sp\u00e9cifiques des chats Siamois adultes tel que le v\u00f4tre. Lorsque vous donnez cette alimentation \u00e0 votre chat, vous \u00eates certain qu\u2019il re\u00e7oit tout l\u2019apport nutritionnel dont il a besoin. [&#8230;]\n","protected":false},"featured_media":36100,"template":"","meta":{"jetpack_publicize_message":"","jetpack_publicize_feature_enabled":true,"jetpack_social_post_already_shared":true,"jetpack_social_options":{"image_generator_settings":{"template":"highway","default_image_id":0,"font":"","enabled":false},"version":2}},"product_brand":[],"product_cat":[40,187],"product_tag":[],"class_list":{"0":"post-36063","1":"product","2":"type-product","3":"status-publish","4":"has-post-thumbnail","6":"product_cat-coquettes-pour-chat","7":"product_cat-destockage","9":"first","10":"instock","11":"taxable","12":"shipping-taxable","13":"purchasable","14":"product-type-simple"},"supplier_id":5587,"supplier_sku":"100093-600","barcode":null,"atum_controlled":true,"out_stock_date":null,"out_stock_threshold":null,"inheritable":false,"inbound_stock":0,"stock_on_hold":0,"sold_today":0,"sales_last_days":1,"reserved_stock":0,"customer_returns":0,"warehouse_damage":0,"lost_in_post":0,"other_logs":0,"out_stock_days":0,"lost_sales":0,"has_location":false,"update_date":"2026-04-05T12:58:04","atum_locations":[],"atum_stock_status":"instock","restock_status":false,"low_stock_amount":4,"sales_update_date":"2026-04-05T12:58:04","calc_backorders":null,"jetpack_publicize_connections":[],"jetpack_sharing_enabled":true,"batches":[{"id":"7781","date_created":"2026-02-19 10:00:14","date_expiry":"2027-03-03 00:00:00","user_id":"2760","batch_number":"Royal Canin Siamois Adulte 2 Kg + Baril Gratuit030327","location":"","quantity":"12.0000","quantity_available":"12.0000","units":"1","status":"active","order_ids":null,"supplier":"Royal Canin","po":{"id":"7716","date_created":"2026-02-19 10:00:14","batch_id":"7781","po_number":"","supplier":"Royal Canin","cost":null,"regular_price":null,"sale_price":null,"price_margin":null,"price_discount":null}},{"id":"7931","date_created":"2026-02-24 20:55:25","date_expiry":"2027-03-03 00:00:00","user_id":"2760","batch_number":"Royal Canin Siamois Adulte 2 Kg + Baril Gratuit030327","location":"","quantity":"1.0000","quantity_available":"0.0000","units":"1","status":"archived","order_ids":"[38103]","supplier":"Royal Canin","po":{"id":"7869","date_created":"2026-02-24 20:55:26","batch_id":"7931","po_number":"","supplier":"Royal Canin","cost":null,"regular_price":null,"sale_price":null,"price_margin":null,"price_discount":null}},{"id":"8052","date_created":"2026-02-28 21:50:40","date_expiry":"2027-03-03 00:00:00","user_id":"2760","batch_number":"Royal Canin Siamois Adulte 2 Kg + Baril Gratuit030327","location":"","quantity":"1.0000","quantity_available":"1.0000","units":"1","status":"active","order_ids":null,"supplier":"Royal Canin","po":{"id":"7990","date_created":"2026-02-28 21:50:41","batch_id":"8052","po_number":"","supplier":"Royal Canin","cost":null,"regular_price":null,"sale_price":null,"price_margin":null,"price_discount":null}}],"_links":{"self":[{"href":"https:\/\/petworld.ma\/index.php\/wp-json\/wp\/v2\/product\/36063","targetHints":{"allow":["GET"]}}],"collection":[{"href":"https:\/\/petworld.ma\/index.php\/wp-json\/wp\/v2\/product"}],"about":[{"href":"https:\/\/petworld.ma\/index.php\/wp-json\/wp\/v2\/types\/product"}],"wp:featuredmedia":[{"embeddable":true,"href":"https:\/\/petworld.ma\/index.php\/wp-json\/wp\/v2\/media\/36100"}],"wp:attachment":[{"href":"https:\/\/petworld.ma\/index.php\/wp-json\/wp\/v2\/media?parent=36063"}],"wp:term":[{"taxonomy":"product_brand","embeddable":true,"href":"https:\/\/petworld.ma\/index.php\/wp-json\/wp\/v2\/product_brand?post=36063"},{"taxonomy":"product_cat","embeddable":true,"href":"https:\/\/petworld.ma\/index.php\/wp-json\/wp\/v2\/product_cat?post=36063"},{"taxonomy":"product_tag","embeddable":true,"href":"https:\/\/petworld.ma\/index.php\/wp-json\/wp\/v2\/product_tag?post=36063"}],"curies":[{"name":"wp","href":"https:\/\/api.w.org\/{rel}","templated":true}]}}