{"id":36143,"date":"2026-02-20T10:10:04","date_gmt":"2026-02-20T10:10:04","guid":{"rendered":"https:\/\/petworld.ma\/?post_type=product&#038;p=36143"},"modified":"2026-03-24T10:05:19","modified_gmt":"2026-03-24T10:05:19","slug":"brit-care-pochons-en-sauce-pour-chaton-filets-de-saumon-85g","status":"publish","type":"product","link":"https:\/\/petworld.ma\/index.php\/produit\/brit-care-pochons-en-sauce-pour-chaton-filets-de-saumon-85g\/","title":{"rendered":"Brit Care Pochons en Sauce Pour Chaton Filets de Saumon 85g"},"content":{"rendered":"<div class=\"hidden-xs\">\n<div class=\"hidden-xs\">\n<div class=\"hidden-xs\">\n<div class=\"hidden-xs\">\n<p>Sachet pour chatons. Filets en gel\u00e9e avec saumon. Avec carotte et romarin.<\/p>\n<p>Nourriture humide de qualit\u00e9 sup\u00e9rieure compl\u00e8te pour chatons.<\/p>\n<p>Ces pochettes d\u00e9licates pour augmenter la diversit\u00e9 de l\u2019alimentation du chat sont parfaites pour les chats tr\u00e8s difficiles et les chats avec une prise alimentaire probl\u00e9matique. Pour une meilleure sensation dans le ventre du chat, ils contiennent \u00e9galement du romarin et des carottes pour favoriser une bonne digestion.<\/p>\n<p>SANS c\u00e9r\u00e9ales<\/p>\n<p>85 % de viande en filets<\/p>\n<p>Haute app\u00e9tence &#8211; convient \u00e9galement aux chats difficiles<\/p>\n<p>Carottes et romarin pour une bonne digestion<\/p>\n<p><strong>Composition<\/strong> :<\/p>\n<p>filets avec 85% de viande (62% poulet, 15% foie, 8% saumon), lignocellulose, 1% argousier s\u00e9ch\u00e9, 0,5% capucine s\u00e9ch\u00e9e, carbonate de calcium, farine de pois. Constituants analytiques : prot\u00e9ines brutes 7,5%, mati\u00e8res grasses brutes 4,0%, fibres brutes 0,5%, cendres brutes 2,2%, humidit\u00e9 82,0%, calcium 0,2%, phosphore 0,2%, sodium 0,25%.<\/p>\n<\/div>\n<\/div>\n<\/div>\n<\/div>\n","protected":false},"excerpt":{"rendered":"<p>Sachet pour chatons. Filets en gel\u00e9e avec saumon. Avec carotte et romarin. Nourriture humide de qualit\u00e9 sup\u00e9rieure compl\u00e8te pour chatons. Ces pochettes d\u00e9licates pour augmenter la diversit\u00e9 de l\u2019alimentation du chat sont parfaites pour les chats tr\u00e8s difficiles et les chats avec une prise alimentaire probl\u00e9matique. Pour une meilleure sensation dans le ventre du chat, [&#8230;]\n","protected":false},"featured_media":36144,"template":"","meta":{"jetpack_publicize_message":"","jetpack_publicize_feature_enabled":true,"jetpack_social_post_already_shared":true,"jetpack_social_options":{"image_generator_settings":{"template":"highway","default_image_id":0,"font":"","enabled":false},"version":2}},"product_brand":[],"product_cat":[239],"product_tag":[],"class_list":{"0":"post-36143","1":"product","2":"type-product","3":"status-publish","4":"has-post-thumbnail","6":"product_cat-pate-humides-chat","8":"first","9":"instock","10":"taxable","11":"shipping-taxable","12":"purchasable","13":"product-type-simple"},"supplier_id":5590,"supplier_sku":"","barcode":null,"atum_controlled":true,"out_stock_date":null,"out_stock_threshold":null,"inheritable":false,"inbound_stock":0,"stock_on_hold":0,"sold_today":0,"sales_last_days":0,"reserved_stock":0,"customer_returns":0,"warehouse_damage":0,"lost_in_post":0,"other_logs":0,"out_stock_days":0,"lost_sales":0,"has_location":false,"update_date":"2026-04-09T12:01:32","atum_locations":[],"atum_stock_status":"instock","restock_status":false,"low_stock_amount":24,"sales_update_date":"2026-04-09T12:01:32","calc_backorders":null,"jetpack_publicize_connections":[],"jetpack_sharing_enabled":true,"batches":[{"id":"7826","date_created":"2026-02-20 10:15:44","date_expiry":"2027-09-09 00:00:00","user_id":"2760","batch_number":"Brit Care Pochons en Sauce Pour Chaton Filets de Saumon 85g090927","location":"","quantity":"48.0000","quantity_available":"36.0000","units":"1","status":"active","order_ids":"[36124,37614,37824,37970,38121]","supplier":"Brit","po":{"id":"7761","date_created":"2026-02-20 10:15:44","batch_id":"7826","po_number":"","supplier":"Brit","cost":null,"regular_price":null,"sale_price":null,"price_margin":null,"price_discount":null}}],"_links":{"self":[{"href":"https:\/\/petworld.ma\/index.php\/wp-json\/wp\/v2\/product\/36143","targetHints":{"allow":["GET"]}}],"collection":[{"href":"https:\/\/petworld.ma\/index.php\/wp-json\/wp\/v2\/product"}],"about":[{"href":"https:\/\/petworld.ma\/index.php\/wp-json\/wp\/v2\/types\/product"}],"wp:featuredmedia":[{"embeddable":true,"href":"https:\/\/petworld.ma\/index.php\/wp-json\/wp\/v2\/media\/36144"}],"wp:attachment":[{"href":"https:\/\/petworld.ma\/index.php\/wp-json\/wp\/v2\/media?parent=36143"}],"wp:term":[{"taxonomy":"product_brand","embeddable":true,"href":"https:\/\/petworld.ma\/index.php\/wp-json\/wp\/v2\/product_brand?post=36143"},{"taxonomy":"product_cat","embeddable":true,"href":"https:\/\/petworld.ma\/index.php\/wp-json\/wp\/v2\/product_cat?post=36143"},{"taxonomy":"product_tag","embeddable":true,"href":"https:\/\/petworld.ma\/index.php\/wp-json\/wp\/v2\/product_tag?post=36143"}],"curies":[{"name":"wp","href":"https:\/\/api.w.org\/{rel}","templated":true}]}}