{"id":36258,"date":"2026-02-22T16:52:21","date_gmt":"2026-02-22T16:52:21","guid":{"rendered":"https:\/\/petworld.ma\/?post_type=product&#038;p=36258"},"modified":"2026-04-07T11:33:05","modified_gmt":"2026-04-07T11:33:05","slug":"shampoing-sec-biogance-waterless-pour-chat-150ml","status":"publish","type":"product","link":"https:\/\/petworld.ma\/index.php\/produit\/shampoing-sec-biogance-waterless-pour-chat-150ml\/","title":{"rendered":"Shampoing sec BIOGANCE Waterless pour chat  &#8211; 150Ml"},"content":{"rendered":"<div class=\"woocommerce-product-details__short-description\">\n<p>Le shampooing sec Waterless pour chat est formul\u00e9 \u00e0 base d\u2019un complexe naturel de poudres v\u00e9g\u00e9tales. Il nettoie, d\u00e9sodorise et d\u00e9graisse en douceur.<\/p>\n<\/div>\n<div>\n<div class=\"a15-single-product-actions\"><strong>Ses actions:<\/strong><\/p>\n<ul>\n<li class=\"a15-title-grey\">Nettoie sans rin\u00e7age<\/li>\n<li class=\"a15-title-grey\">D\u00e9sodorise<\/li>\n<li class=\"a15-title-grey\">D\u00e9graisse en douceur<\/li>\n<\/ul>\n<\/div>\n<div class=\"a15-single-product-biogance+\">\n<h4><strong>LE + BIOGANCE:<\/strong><\/h4>\n<p>BIOGANCE\u00ae est un laboratoire fran\u00e7ais, expert et pionnier des produits d\u2019hygi\u00e8ne et de soin Bio et naturels pour animaux de compagnie. Notre \u00e9quipe recherche et d\u00e9veloppement puise son inspiration des bienfaits des plantes aromatiques et m\u00e9dicinales pour d\u00e9velopper des formules respectueuses du bien-\u00eatre de nos animaux et de notre environnement. Choisir BIOGANCE c\u2019est la garantie de :<\/p>\n<p>&#8211; Produits avec 98 % d\u2019ingr\u00e9dients bio et naturels ;<br \/>\n&#8211; Formules sans phtalate, sans paraben et sans ph\u00e9noxy\u00e9thanol ;<br \/>\n&#8211; Emballages 100 % recyclables ;<br \/>\n&#8211; Fabrication 100% fran\u00e7aise au c\u0153ur de l\u2019Anjou ;<br \/>\n&#8211; Une tra\u00e7abilit\u00e9 et une qualit\u00e9 maitris\u00e9es par les certifications ISO 22716 ;<br \/>\n&#8211; Soutenir un laboratoire 100% ind\u00e9pendant et familial ;<br \/>\n&#8211; Soutenir notre d\u00e9marche durable et \u00e9coresponsable ;<br \/>\n&#8211; Empreinte carbone r\u00e9duite et b\u00e2timent \u00e0 \u00e9nergie positive.<\/p>\n<h4><strong>Conseils d\u2019utilisation:<\/strong><\/h4>\n<p><span class=\"a15-title-grey\">Vaporiser \u00e0 30 cm en brossant, laisser agir 2 minutes puis brosser pour retirer la poudre restante.<\/p>\n<p>Convient \u00e0 tous types de pelages.<br \/>\nId\u00e9al entre les bains.<\/p>\n<p>Eviter le contact avec les yeux. Usage externe uniquement.<\/p>\n<p>DANGER : EC 931-254-9 HYDROCARBONS, C6, ISOALKANES &#8211; A\u00e9rosol extr\u00eamement inflammable. R\u00e9cipient sous pression: peut \u00e9clater sous l\u2019effet de la chaleur. Provoque une irritation cutan\u00e9e. Peut provoquer somnolence ou vertiges. Toxique pour les organismes aquatiques, entra\u00eene des effets n\u00e9fastes \u00e0 long terme. En cas de consultation d\u2019un m\u00e9decin, garder \u00e0 disposition le r\u00e9cipient ou l\u2019\u00e9tiquette. Tenir hors de port\u00e9e des enfants. Tenir \u00e0 l\u2019\u00e9cart de la chaleur, des surfaces chaudes, des \u00e9tincelles, des flammes nues et de toute autre source d\u2019inflammation. Ne pas fumer. Ne pas vaporiser sur une flamme nue ou sur toute autre source d\u2019ignition. Ne pas perforer, ni br\u00fbler, m\u00eame apr\u00e8s usage. Utiliser seulement en plein air ou dans un endroit bien ventil\u00e9. Garder sous clef. Prot\u00e9ger du rayonnement solaire. Ne pas exposer \u00e0 une temp\u00e9rature sup\u00e9rieure \u00e0 50\u00b0C\/ 122\u00b0F. \u00c9liminer le contenu\/r\u00e9cipient selon les arr\u00eat\u00e9s pr\u00e9fectoraux en vigueur. Respecter les pr\u00e9cautions d\u2019emploi.<\/span><\/p>\n<\/div>\n<h4><strong>Composition:<\/strong><\/h4>\n<p><span class=\"a15-title-grey\">Hydrocarbures aliphatiques (30% et plus), parfums, fragrances allergisantes (alpha-hexylcinnamic aldehyde (hca), amyl cinnamal\/linalool, (r)-p-mentha-1,8-diene).<\/span><\/p>\n<\/div>\n","protected":false},"excerpt":{"rendered":"<p>Shampoing sec \u00e0 base de poudres v\u00e9g\u00e9tales<\/p>\n","protected":false},"featured_media":36259,"template":"","meta":{"jetpack_publicize_message":"","jetpack_publicize_feature_enabled":true,"jetpack_social_post_already_shared":true,"jetpack_social_options":{"image_generator_settings":{"template":"highway","default_image_id":0,"font":"","enabled":false},"version":2}},"product_brand":[],"product_cat":[215],"product_tag":[],"class_list":{"0":"post-36258","1":"product","2":"type-product","3":"status-publish","4":"has-post-thumbnail","6":"product_cat-parfums-shampoing-hygiene-et-soins-pour-chat","8":"first","9":"instock","10":"sale","11":"taxable","12":"shipping-taxable","13":"purchasable","14":"product-type-simple"},"supplier_id":22725,"supplier_sku":"288444","barcode":"3770001288444","atum_controlled":true,"out_stock_date":null,"out_stock_threshold":null,"inheritable":false,"inbound_stock":0,"stock_on_hold":0,"sold_today":0,"sales_last_days":1,"reserved_stock":0,"customer_returns":0,"warehouse_damage":0,"lost_in_post":0,"other_logs":0,"out_stock_days":0,"lost_sales":0,"has_location":false,"update_date":"2026-04-14T00:08:45","atum_locations":[],"atum_stock_status":"instock","restock_status":false,"low_stock_amount":6,"sales_update_date":"2026-04-14T00:08:45","calc_backorders":null,"jetpack_publicize_connections":[],"jetpack_sharing_enabled":true,"batches":[{"id":"7868","date_created":"2026-02-22 16:57:03","date_expiry":"2029-12-24 00:00:00","user_id":"9","batch_number":"BioganceSecWaterless122029","location":"","quantity":"24.0000","quantity_available":"22.0000","units":"1","status":"active","order_ids":"[36338,39111]","supplier":"PETPLANET","po":{"id":"7804","date_created":"2026-02-22 16:57:04","batch_id":"7868","po_number":"","supplier":"PETPLANET","cost":null,"regular_price":null,"sale_price":null,"price_margin":null,"price_discount":null}}],"_links":{"self":[{"href":"https:\/\/petworld.ma\/index.php\/wp-json\/wp\/v2\/product\/36258","targetHints":{"allow":["GET"]}}],"collection":[{"href":"https:\/\/petworld.ma\/index.php\/wp-json\/wp\/v2\/product"}],"about":[{"href":"https:\/\/petworld.ma\/index.php\/wp-json\/wp\/v2\/types\/product"}],"wp:featuredmedia":[{"embeddable":true,"href":"https:\/\/petworld.ma\/index.php\/wp-json\/wp\/v2\/media\/36259"}],"wp:attachment":[{"href":"https:\/\/petworld.ma\/index.php\/wp-json\/wp\/v2\/media?parent=36258"}],"wp:term":[{"taxonomy":"product_brand","embeddable":true,"href":"https:\/\/petworld.ma\/index.php\/wp-json\/wp\/v2\/product_brand?post=36258"},{"taxonomy":"product_cat","embeddable":true,"href":"https:\/\/petworld.ma\/index.php\/wp-json\/wp\/v2\/product_cat?post=36258"},{"taxonomy":"product_tag","embeddable":true,"href":"https:\/\/petworld.ma\/index.php\/wp-json\/wp\/v2\/product_tag?post=36258"}],"curies":[{"name":"wp","href":"https:\/\/api.w.org\/{rel}","templated":true}]}}