{"id":36282,"date":"2026-02-22T21:55:58","date_gmt":"2026-02-22T21:55:58","guid":{"rendered":"https:\/\/petworld.ma\/?post_type=product&#038;p=36282"},"modified":"2026-02-22T21:58:58","modified_gmt":"2026-02-22T21:58:58","slug":"brosse-universelle-pour-chien-et-chat-2-en-1","status":"publish","type":"product","link":"https:\/\/petworld.ma\/index.php\/produit\/brosse-universelle-pour-chien-et-chat-2-en-1\/","title":{"rendered":"Brosse Universelle pour Chien et Chat 2 en 1"},"content":{"rendered":"<p><strong>Brosse universelle 2 en 1<\/strong><\/p>\n<p>Les brosses universelles ont \u00e9t\u00e9 sp\u00e9cialement con\u00e7ues avec\u00a0des tiges flexibles\u00a0pour \u00e9viter de blesser la peau. Les tiges fines et incurv\u00e9es permettent d&rsquo;\u00e9liminer les poils morts et facilitent le brossage du pelage. Le m\u00e9lange des tiges longues et courtes de la brosse universelle \u00e0 double action garantit de meilleurs r\u00e9sultats de toilettage sans aucun effort.<\/p>\n<div id=\"ProductDescription-P293\" class=\"GC12 ProductDescription\">Son manche en bois vous assure une bonne prise en main.<br \/>\nCette brosse est\u00a0parfaite pour que le pelage de votre chien reste\u00a0sain et brillant.<\/div>\n<p>Dimension: 10 cm<\/p>\n","protected":false},"excerpt":{"rendered":"<p>Brosse universelle 2 en 1 Les brosses universelles ont \u00e9t\u00e9 sp\u00e9cialement con\u00e7ues avec\u00a0des tiges flexibles\u00a0pour \u00e9viter de blesser la peau. Les tiges fines et incurv\u00e9es permettent d&rsquo;\u00e9liminer les poils morts et facilitent le brossage du pelage. Le m\u00e9lange des tiges longues et courtes de la brosse universelle \u00e0 double action garantit de meilleurs r\u00e9sultats de [&#8230;]\n","protected":false},"featured_media":36283,"template":"","meta":{"jetpack_publicize_message":"","jetpack_publicize_feature_enabled":true,"jetpack_social_post_already_shared":true,"jetpack_social_options":{"image_generator_settings":{"template":"highway","default_image_id":0,"font":"","enabled":false},"version":2}},"product_brand":[],"product_cat":[222,223],"product_tag":[],"class_list":{"0":"post-36282","1":"product","2":"type-product","3":"status-publish","4":"has-post-thumbnail","6":"product_cat-brosses-coupe-griffes","7":"product_cat-brosses-coupe-griffes-hygiene-et-soins","9":"first","10":"instock","11":"sale","12":"taxable","13":"shipping-taxable","14":"purchasable","15":"product-type-simple"},"supplier_id":22725,"supplier_sku":"277923","barcode":"8430852277923","atum_controlled":true,"out_stock_date":null,"out_stock_threshold":null,"inheritable":false,"inbound_stock":0,"stock_on_hold":0,"sold_today":0,"sales_last_days":0,"reserved_stock":0,"customer_returns":0,"warehouse_damage":0,"lost_in_post":0,"other_logs":0,"out_stock_days":0,"lost_sales":0,"has_location":false,"update_date":"2026-04-14T00:08:37","atum_locations":[],"atum_stock_status":"instock","restock_status":false,"low_stock_amount":10,"sales_update_date":"2026-04-14T00:08:37","calc_backorders":null,"jetpack_publicize_connections":[],"jetpack_sharing_enabled":true,"batches":[],"_links":{"self":[{"href":"https:\/\/petworld.ma\/index.php\/wp-json\/wp\/v2\/product\/36282","targetHints":{"allow":["GET"]}}],"collection":[{"href":"https:\/\/petworld.ma\/index.php\/wp-json\/wp\/v2\/product"}],"about":[{"href":"https:\/\/petworld.ma\/index.php\/wp-json\/wp\/v2\/types\/product"}],"wp:featuredmedia":[{"embeddable":true,"href":"https:\/\/petworld.ma\/index.php\/wp-json\/wp\/v2\/media\/36283"}],"wp:attachment":[{"href":"https:\/\/petworld.ma\/index.php\/wp-json\/wp\/v2\/media?parent=36282"}],"wp:term":[{"taxonomy":"product_brand","embeddable":true,"href":"https:\/\/petworld.ma\/index.php\/wp-json\/wp\/v2\/product_brand?post=36282"},{"taxonomy":"product_cat","embeddable":true,"href":"https:\/\/petworld.ma\/index.php\/wp-json\/wp\/v2\/product_cat?post=36282"},{"taxonomy":"product_tag","embeddable":true,"href":"https:\/\/petworld.ma\/index.php\/wp-json\/wp\/v2\/product_tag?post=36282"}],"curies":[{"name":"wp","href":"https:\/\/api.w.org\/{rel}","templated":true}]}}