{"id":36365,"date":"2026-02-23T20:18:29","date_gmt":"2026-02-23T20:18:29","guid":{"rendered":"https:\/\/petworld.ma\/?post_type=product&#038;p=36365"},"modified":"2026-03-18T12:18:50","modified_gmt":"2026-03-18T12:18:50","slug":"sheba-aliment-humide-pour-chat-a-la-volaille-selectionnee-4-x-85-g","status":"publish","type":"product","link":"https:\/\/petworld.ma\/index.php\/produit\/sheba-aliment-humide-pour-chat-a-la-volaille-selectionnee-4-x-85-g\/","title":{"rendered":"Sheba Aliment Humide Pour Chat \u00e0 La Volaille S\u00e9lectionn\u00e9e 4 x 85 g"},"content":{"rendered":"<div class=\"col-12 col\">\n<div class=\"text\">\n<div class=\"read-more-mobile\">\n<p>Un somptueux m\u00e9lange de tendres petits effil\u00e9s \u00e0 la volaille cuits dans leur jus. Une recette exceptionnelle pour encore plus de complicit\u00e9 avec votre petit f\u00e9lin.<\/p>\n<p>Aliment complet pour chats adultes.<br \/>\nSans colorants artificiels, ni conservateurs.<br \/>\nAdapt\u00e9 pour tous les chats de plus de 12 mois \u2013 adulte et senior<br \/>\nNotre produit est mis au point avec nos nutritionnistes et nos v\u00e9t\u00e9rinaires du centre de recherche WALTHAM\u00ae &#8211; Principale r\u00e9f\u00e9rence mondiale pour la nutrition et le bien-\u00eatre des animaux de compagnie pour proposer une recette exceptionnelle chaque jour.<\/p>\n<\/div>\n<\/div>\n<\/div>\n<div class=\"imageBullets vertical\">\n<div class=\"r d-flex align-items-center\">\n<div class=\"bullet\"><img decoding=\"async\" class=\"lazy entered loaded\" src=\"https:\/\/www.sheba.fr\/cdn-cgi\/image\/format=auto,q=90\/sites\/g\/files\/fnmzdf5441\/files\/migrate-product-files\/images\/bq0cnjjp8zoc2tbrre2v.png\" alt=\"Aliment pour chat adulte complet et \u00e9quilibr\u00e9\" data-src=\"\/cdn-cgi\/image\/format=auto,q=90\/sites\/g\/files\/fnmzdf5441\/files\/migrate-product-files\/images\/bq0cnjjp8zoc2tbrre2v.png\" data-ll-status=\"loaded\" \/><\/div>\n<div class=\"txt\">Aliment pour chat adulte complet et \u00e9quilibr\u00e9<\/div>\n<\/div>\n<div class=\"r d-flex align-items-center\">\n<div class=\"bullet\"><img decoding=\"async\" class=\"lazy entered loaded\" src=\"https:\/\/www.sheba.fr\/cdn-cgi\/image\/format=auto,q=90\/sites\/g\/files\/fnmzdf5441\/files\/migrate-product-files\/images\/e6j1godlbrg2q0zwwqzl.png\" alt=\"Petits effil\u00e9s \u00e0 la volaille cuits dans leur jus\" data-src=\"\/cdn-cgi\/image\/format=auto,q=90\/sites\/g\/files\/fnmzdf5441\/files\/migrate-product-files\/images\/e6j1godlbrg2q0zwwqzl.png\" data-ll-status=\"loaded\" \/><\/div>\n<div class=\"txt\">Petits effil\u00e9s \u00e0 la volaille cuits dans leur jus<\/div>\n<\/div>\n<div class=\"r d-flex align-items-center\">\n<div class=\"bullet\"><img decoding=\"async\" class=\"lazy entered loaded\" src=\"https:\/\/www.sheba.fr\/cdn-cgi\/image\/format=auto,q=90\/sites\/g\/files\/fnmzdf5441\/files\/migrate-product-files\/images\/ersmtd8zvd0lcqpi0xva.png\" alt=\"4 vari\u00e9t\u00e9s en sauce pour varier les plaisirs\" data-src=\"\/cdn-cgi\/image\/format=auto,q=90\/sites\/g\/files\/fnmzdf5441\/files\/migrate-product-files\/images\/ersmtd8zvd0lcqpi0xva.png\" data-ll-status=\"loaded\" \/><\/div>\n<div class=\"txt\">4 vari\u00e9t\u00e9s en sauce pour varier les plaisirs<\/div>\n<\/div>\n<div class=\"r d-flex align-items-center\">\n<div class=\"bullet\"><img decoding=\"async\" class=\"lazy entered loaded\" src=\"https:\/\/www.sheba.fr\/cdn-cgi\/image\/format=auto,q=90\/sites\/g\/files\/fnmzdf5441\/files\/migrate-product-files\/images\/dwcwf8hcyabumqg3ao45.png\" alt=\"Repas exceptionnel pour encore plus de complicit\u00e9 avec votre chat\" data-src=\"\/cdn-cgi\/image\/format=auto,q=90\/sites\/g\/files\/fnmzdf5441\/files\/migrate-product-files\/images\/dwcwf8hcyabumqg3ao45.png\" data-ll-status=\"loaded\" \/><\/div>\n<div class=\"txt\">Repas exceptionnel pour encore plus de complicit\u00e9 avec votre chat<\/div>\n<\/div>\n<div class=\"r d-flex align-items-center\">\n<div class=\"bullet\"><img decoding=\"async\" class=\"lazy entered loaded\" src=\"https:\/\/www.sheba.fr\/cdn-cgi\/image\/format=auto,q=90\/sites\/g\/files\/fnmzdf5441\/files\/migrate-product-files\/images\/zcypld1bztpf6fsj02ik.png\" alt=\"Sachet fra\u00eecheur pratique d'utilisation\" data-src=\"\/cdn-cgi\/image\/format=auto,q=90\/sites\/g\/files\/fnmzdf5441\/files\/migrate-product-files\/images\/zcypld1bztpf6fsj02ik.png\" data-ll-status=\"loaded\" \/><\/div>\n<div class=\"txt\">Sachet fra\u00eecheur pratique d&rsquo;utilisation<\/div>\n<\/div>\n<\/div>\n<div>\n<div class=\"proDetGuideItem proDetNavSec\">\n<div class=\"container-fluid\">\n<div class=\"row\">\n<div class=\"col-12 col\">\n<h2>INGR\u00c9DIENTS<\/h2>\n<div class=\"text\">A la Volaille : viandes et sous-produits animaux (22%, dont volaille 4%), extraits de prot\u00e9ines v\u00e9g\u00e9tales, c\u00e9r\u00e9ales, substances min\u00e9rales, sucres. Au Poulet : viandes et sous-produits animaux (22%, dont poulet 4%), extraits de prot\u00e9ines v\u00e9g\u00e9tales, c\u00e9r\u00e9ales, substances min\u00e9rales, sucres. A la Dinde : viandes et sous-produits animaux (22%, dont dinde 4%), extraits de prot\u00e9ines v\u00e9g\u00e9tales, c\u00e9r\u00e9ales, substances min\u00e9rales, sucres. Au Canard : viandes et sous-produits animaux (22%, dont canard 4%), extraits de prot\u00e9ines v\u00e9g\u00e9tales, c\u00e9r\u00e9ales, substances min\u00e9rales, sucres.<\/div>\n<\/div>\n<div>\n<h2>Analyse de la composition<\/h2>\n<\/div>\n<\/div>\n<\/div>\n<div class=\"container-fluid\">\n<div class=\"row\">\n<div class=\"col-12 col\">\n<div class=\"text\">\n<div class=\"tableText\">Additifs par kg: Additifs nutritionnels :\u00a0 Vitamine D\u2083 : 250 UI, Cuivre (Sulfate de cuivre (II) pentahydrat\u00e9) : 1.5 mg, Iode (Iodate de calcium, anhydre) : 0.28 mg, Fer (Sulfate de fer (II), monohydrat\u00e9) : 14.0 mg, Mangan\u00e8se (Sulfate manganeux, monohydrat\u00e9) : 2.8 mg, Zinc (Sulfate de zinc, monohydrat\u00e9) : 22.4 mg.<\/div>\n<\/div>\n<div>\n<div class=\"proDetGuideItem proDetNavSec\">\n<div class=\"container-fluid\">\n<div class=\"row\">\n<div class=\"col-12 col\">\n<h2>QUANTIT\u00c9S JOURNALI\u00c8RES<\/h2>\n<div class=\"text\">\n<div class=\"container-fluid table-container\">\n<div class=\"row\">\n<div class=\"col-12 col col-md-12 ingredientsTable\">\n<div class=\"tableScroll\">| Taille du chat | Sachets seulement | Sachets + croquettes | |-|-|-| |3 kg | 2 \u00bd | 1 \u00bd + 15g| |4 kg | 3 | 2 + 15g | |5 kg | 3 \u00bd | 2 + 25g | Veillez \u00e0 respecter une transition progressive et adaptez les quantit\u00e9s et le nombre de repas aux besoins de votre chat. Laissez de l\u2019eau fra\u00eeche \u00e0 disposition. Servez \u00e0 temp\u00e9rature ambiante. Une fois ouvert, se conserve 2 jours au r\u00e9frig\u00e9rateur.<\/div>\n<\/div>\n<\/div>\n<\/div>\n<\/div>\n<\/div>\n<\/div>\n<\/div>\n<\/div>\n<\/div>\n<\/div>\n<\/div>\n<\/div>\n<\/div>\n<div class=\"proDetGuideItem\">\n<div class=\"container-fluid acInner\">\n<div class=\"row\">\n<div class=\"proDetNavSec\">\n<div class=\"col-12\">\n<h2>CONSEILS POUR CHANGER L&rsquo;ALIMENTATION DE VOTRE CHAT<\/h2>\n<\/div>\n<div class=\"col-12 col-md-12\">\n<div class=\"acInner\">\n<div class=\"text\">Veillez \u00e0 respecter une transition progressive et adaptez les quantit\u00e9s aux besoins de votre chat.<\/div>\n<\/div>\n<\/div>\n<\/div>\n<\/div>\n<\/div>\n<\/div>\n<\/div>\n","protected":false},"excerpt":{"rendered":"<p>Un somptueux m\u00e9lange de tendres petits effil\u00e9s \u00e0 la volaille cuits dans leur jus. Une recette exceptionnelle pour encore plus de complicit\u00e9 avec votre petit f\u00e9lin. Aliment complet pour chats adultes. Sans colorants artificiels, ni conservateurs. Adapt\u00e9 pour tous les chats de plus de 12 mois \u2013 adulte et senior Notre produit est mis au [&#8230;]\n","protected":false},"featured_media":36366,"template":"","meta":{"jetpack_publicize_message":"","jetpack_publicize_feature_enabled":true,"jetpack_social_post_already_shared":true,"jetpack_social_options":{"image_generator_settings":{"template":"highway","default_image_id":0,"font":"","enabled":false},"version":2}},"product_brand":[],"product_cat":[239],"product_tag":[],"class_list":{"0":"post-36365","1":"product","2":"type-product","3":"status-publish","4":"has-post-thumbnail","6":"product_cat-pate-humides-chat","8":"first","9":"outofstock","10":"taxable","11":"shipping-taxable","12":"purchasable","13":"product-type-simple"},"supplier_id":5592,"supplier_sku":"","barcode":null,"atum_controlled":true,"out_stock_date":"2026-03-18 12:18:50","out_stock_threshold":null,"inheritable":false,"inbound_stock":0,"stock_on_hold":0,"sold_today":0,"sales_last_days":0,"reserved_stock":0,"customer_returns":0,"warehouse_damage":0,"lost_in_post":0,"other_logs":0,"out_stock_days":28,"lost_sales":1540,"has_location":false,"update_date":"2026-04-15T14:35:46","atum_locations":[],"atum_stock_status":"outofstock","restock_status":false,"low_stock_amount":12,"sales_update_date":"2026-04-15T14:35:46","calc_backorders":null,"jetpack_publicize_connections":[],"jetpack_sharing_enabled":true,"batches":[{"id":"7899","date_created":"2026-02-23 20:27:52","date_expiry":"2027-09-05 00:00:00","user_id":"2461","batch_number":"Sheba Aliment Humide Pour Chat \u00e0 La Volaille S\u00e9lectionn\u00e9e 4 x 85 g 050927","location":"","quantity":"26.0000","quantity_available":"13.0000","units":"1","status":"active","order_ids":"[37145,37379,37494,37720,37835,37897]","supplier":"Casablanca","po":{"id":"7834","date_created":"2026-02-23 20:27:52","batch_id":"7899","po_number":"","supplier":"Casablanca","cost":null,"regular_price":null,"sale_price":null,"price_margin":null,"price_discount":null}}],"_links":{"self":[{"href":"https:\/\/petworld.ma\/index.php\/wp-json\/wp\/v2\/product\/36365","targetHints":{"allow":["GET"]}}],"collection":[{"href":"https:\/\/petworld.ma\/index.php\/wp-json\/wp\/v2\/product"}],"about":[{"href":"https:\/\/petworld.ma\/index.php\/wp-json\/wp\/v2\/types\/product"}],"wp:featuredmedia":[{"embeddable":true,"href":"https:\/\/petworld.ma\/index.php\/wp-json\/wp\/v2\/media\/36366"}],"wp:attachment":[{"href":"https:\/\/petworld.ma\/index.php\/wp-json\/wp\/v2\/media?parent=36365"}],"wp:term":[{"taxonomy":"product_brand","embeddable":true,"href":"https:\/\/petworld.ma\/index.php\/wp-json\/wp\/v2\/product_brand?post=36365"},{"taxonomy":"product_cat","embeddable":true,"href":"https:\/\/petworld.ma\/index.php\/wp-json\/wp\/v2\/product_cat?post=36365"},{"taxonomy":"product_tag","embeddable":true,"href":"https:\/\/petworld.ma\/index.php\/wp-json\/wp\/v2\/product_tag?post=36365"}],"curies":[{"name":"wp","href":"https:\/\/api.w.org\/{rel}","templated":true}]}}