{"id":36588,"date":"2026-02-25T23:01:47","date_gmt":"2026-02-25T23:01:47","guid":{"rendered":"https:\/\/petworld.ma\/?post_type=product&#038;p=36588"},"modified":"2026-03-31T17:12:01","modified_gmt":"2026-03-31T17:12:01","slug":"purina-gourmet-perle-fine-flakes-assortiment-de-gelee-4x85-g","status":"publish","type":"product","link":"https:\/\/petworld.ma\/index.php\/produit\/purina-gourmet-perle-fine-flakes-assortiment-de-gelee-4x85-g\/","title":{"rendered":"Purina Gourmet Perle Fine Flakes Assortiment de Gel\u00e9e 4&#215;85 g"},"content":{"rendered":"<div class=\"dsu-product--options\">\n<p><strong><span dir=\"auto\">Caract\u00e9ristiques<\/span><\/strong><\/p>\n<ul>\n<li><span dir=\"auto\">Les croquettes Gourmet sont une source importante d&rsquo;hydratation pour votre chat. De plus, vous lui offrirez une alimentation vari\u00e9e, avec diff\u00e9rentes saveurs et textures pour son plus grand plaisir !<\/span><\/li>\n<li><span dir=\"auto\">Aliments 100% complets et \u00e9quilibr\u00e9s<\/span><\/li>\n<li><span dir=\"auto\">De d\u00e9licates tranches de viande ou de poisson, tr\u00e8s fines, \u00e9l\u00e9gamment servies dans une d\u00e9licieuse gel\u00e9e.<\/span><\/li>\n<li><span dir=\"auto\">Fabriqu\u00e9 avec des ingr\u00e9dients de haute qualit\u00e9<\/span><\/li>\n<\/ul>\n<p><strong><span dir=\"auto\">Composition<\/span><\/strong><\/p>\n<p><span dir=\"auto\">Avec du gibier\u00a0:<\/span><br \/>\n<span dir=\"auto\">Viandes et sous-produits animaux (dont 19\u00a0% de gibier)<\/span><br \/>\n<span dir=\"auto\">, extraits de prot\u00e9ines v\u00e9g\u00e9tales,<\/span><br \/>\n<span dir=\"auto\">poissons et sous-produits de poissons,<\/span><br \/>\n<span dir=\"auto\">min\u00e9raux,<\/span><br \/>\n<span dir=\"auto\">sucres.<\/span><\/p>\n<p><span dir=\"auto\">\u00c0 la truite :<\/span><br \/>\n<span dir=\"auto\">Viandes et sous-produits animaux,<\/span><br \/>\n<span dir=\"auto\">extraits de prot\u00e9ines v\u00e9g\u00e9tales<\/span><br \/>\n<span dir=\"auto\">, poissons et sous-produits de poissons (truite 4 %),<\/span><br \/>\n<span dir=\"auto\">substances min\u00e9rales,<\/span><br \/>\n<span dir=\"auto\">sucres.<\/span><\/p>\n<p><span dir=\"auto\">Avec de la dinde\u00a0:<\/span><br \/>\n<span dir=\"auto\">Viandes et sous-produits animaux (dont 19\u00a0% de dinde, soit 4\u00a0%),<\/span><br \/>\n<span dir=\"auto\">extraits de prot\u00e9ines v\u00e9g\u00e9tales,<\/span><br \/>\n<span dir=\"auto\">poissons et sous-produits de poissons<\/span><br \/>\n<span dir=\"auto\">, substances min\u00e9rales,<\/span><br \/>\n<span dir=\"auto\">sucres.<\/span><\/p>\n<p><span dir=\"auto\">Avec du canard\u00a0:<\/span><br \/>\n<span dir=\"auto\">Viandes et sous-produits animaux (dont 19\u00a0% de canard, soit 4\u00a0%),<\/span><br \/>\n<span dir=\"auto\">extraits de prot\u00e9ines v\u00e9g\u00e9tales,<\/span><br \/>\n<span dir=\"auto\">poissons et sous-produits de poissons<\/span><br \/>\n<span dir=\"auto\">, substances min\u00e9rales,<\/span><br \/>\n<span dir=\"auto\">sucres.<\/span><\/p>\n<p><strong><span dir=\"auto\">Mode d&#8217;emploi et portion quotidienne recommand\u00e9e<\/span><\/strong><\/p>\n<p><span dir=\"auto\">Pour un chat adulte de taille moyenne (4 kg), servez 3 \u00e0 4 sachets par jour, r\u00e9partis en au moins 2 repas.\u00a0<\/span><br \/>\n<span dir=\"auto\">Ces rations d&rsquo;entretien sont donn\u00e9es \u00e0 titre indicatif pour un chat mod\u00e9r\u00e9ment actif vivant dans des conditions environnementales normales.\u00a0<\/span><br \/>\n<span dir=\"auto\">Les besoins individuels \u00e9tant diff\u00e9rents, la quantit\u00e9 de nourriture doit \u00eatre adapt\u00e9e afin de maintenir votre chat \u00e0 un poids id\u00e9al.\u00a0<\/span><br \/>\n<span dir=\"auto\">Servez \u00e0 temp\u00e9rature ambiante. Veillez \u00e0\u00a0<\/span><br \/>\n<span dir=\"auto\">toujours laisser de l&rsquo;eau fra\u00eeche et propre \u00e0 disposition.<\/span><\/p>\n<p><span dir=\"auto\">\u00c0 consommer de pr\u00e9f\u00e9rence avant le : Num\u00e9ro de lot : voir le code sur le c\u00f4t\u00e9 de l&#8217;emballage.\u00a0<\/span><br \/>\n<span dir=\"auto\">Num\u00e9ro d&rsquo;enregistrement : voir sur les contenants individuels.\u00a0<\/span><br \/>\n<span dir=\"auto\">\u00c0 conserver dans un endroit frais et sec.\u00a0<\/span><br \/>\n<span dir=\"auto\">Les unit\u00e9s individuelles ne peuvent \u00eatre vendues s\u00e9par\u00e9ment.<\/span><\/p>\n<\/div>\n","protected":false},"excerpt":{"rendered":"<div class=\"dsu-product--options\">\n<div class=\"dsu-product--options\">\n<div class=\"dsu-product--options\">\n<div class=\"dsu-product--options\"><\/div>\n<div class=\"dsu-product--highlight\">\n<div class=\"field field--name-field-product-highlight field--type-string field--label-hidden field__items\">\n<ul>\n<li><span dir=\"auto\">Votre chat est tr\u00e8s perspicace et il est parfois tr\u00e8s difficile de le tenter.<\/span><\/li>\n<li><span dir=\"auto\">C\u2019est pourquoi GOURMET Perle a cr\u00e9\u00e9 Fine Sheets in Jelly, des recettes d\u00e9licates qui \u00e9veilleront les sens de votre chat gr\u00e2ce \u00e0 une exp\u00e9rience gustative irr\u00e9sistible au quotidien.<\/span><\/li>\n<li><span dir=\"auto\">De d\u00e9licates bouch\u00e9es de viande ou de poisson coup\u00e9es en fines tranches et \u00e9l\u00e9gamment servies dans une d\u00e9licieuse gel\u00e9e pour ravir le palais raffin\u00e9 de votre chat.<\/span><\/li>\n<\/ul>\n<\/div>\n<\/div>\n<\/div>\n<\/div>\n<\/div>\n","protected":false},"featured_media":36592,"template":"","meta":{"jetpack_publicize_message":"","jetpack_publicize_feature_enabled":true,"jetpack_social_post_already_shared":true,"jetpack_social_options":{"image_generator_settings":{"template":"highway","default_image_id":0,"font":"","enabled":false},"version":2}},"product_brand":[],"product_cat":[239],"product_tag":[],"class_list":{"0":"post-36588","1":"product","2":"type-product","3":"status-publish","4":"has-post-thumbnail","6":"product_cat-pate-humides-chat","8":"first","9":"outofstock","10":"taxable","11":"shipping-taxable","12":"purchasable","13":"product-type-simple"},"supplier_id":5592,"supplier_sku":"","barcode":null,"atum_controlled":true,"out_stock_date":"2026-03-31 17:12:01","out_stock_threshold":null,"inheritable":false,"inbound_stock":0,"stock_on_hold":0,"sold_today":0,"sales_last_days":7,"reserved_stock":0,"customer_returns":0,"warehouse_damage":0,"lost_in_post":0,"other_logs":0,"out_stock_days":11,"lost_sales":551,"has_location":false,"update_date":"2026-04-11T17:17:20","atum_locations":[],"atum_stock_status":"outofstock","restock_status":false,"low_stock_amount":12,"sales_update_date":"2026-04-11T17:17:20","calc_backorders":null,"jetpack_publicize_connections":[],"jetpack_sharing_enabled":true,"batches":[{"id":"7940","date_created":"2026-02-25 23:08:41","date_expiry":"2027-04-30 00:00:00","user_id":"2461","batch_number":"Purina Gourmet Perle Fine Flakes Assortiment de Gel\u00e9e 4x85 g 300427","location":"","quantity":"24.0000","quantity_available":"0.0000","units":"1","status":"archived","order_ids":"[37494,37502,37538,38261,38409,38530,38579,38633]","supplier":"Casablanca","po":{"id":"7878","date_created":"2026-02-25 23:08:42","batch_id":"7940","po_number":"","supplier":"Casablanca","cost":null,"regular_price":null,"sale_price":null,"price_margin":null,"price_discount":null}}],"_links":{"self":[{"href":"https:\/\/petworld.ma\/index.php\/wp-json\/wp\/v2\/product\/36588","targetHints":{"allow":["GET"]}}],"collection":[{"href":"https:\/\/petworld.ma\/index.php\/wp-json\/wp\/v2\/product"}],"about":[{"href":"https:\/\/petworld.ma\/index.php\/wp-json\/wp\/v2\/types\/product"}],"wp:featuredmedia":[{"embeddable":true,"href":"https:\/\/petworld.ma\/index.php\/wp-json\/wp\/v2\/media\/36592"}],"wp:attachment":[{"href":"https:\/\/petworld.ma\/index.php\/wp-json\/wp\/v2\/media?parent=36588"}],"wp:term":[{"taxonomy":"product_brand","embeddable":true,"href":"https:\/\/petworld.ma\/index.php\/wp-json\/wp\/v2\/product_brand?post=36588"},{"taxonomy":"product_cat","embeddable":true,"href":"https:\/\/petworld.ma\/index.php\/wp-json\/wp\/v2\/product_cat?post=36588"},{"taxonomy":"product_tag","embeddable":true,"href":"https:\/\/petworld.ma\/index.php\/wp-json\/wp\/v2\/product_tag?post=36588"}],"curies":[{"name":"wp","href":"https:\/\/api.w.org\/{rel}","templated":true}]}}