{"id":37286,"date":"2026-03-08T23:14:14","date_gmt":"2026-03-08T23:14:14","guid":{"rendered":"https:\/\/petworld.ma\/?post_type=product&#038;p=37286"},"modified":"2026-04-24T09:39:07","modified_gmt":"2026-04-24T09:39:07","slug":"pro-plan-liveclear-sterilised-adult-1-riche-en-dinde-1-5kg","status":"publish","type":"product","link":"https:\/\/petworld.ma\/index.php\/produit\/pro-plan-liveclear-sterilised-adult-1-riche-en-dinde-1-5kg\/","title":{"rendered":"Pro Plan LiveClear Sterilised Adult 1+ Riche En Dinde 1.5kg"},"content":{"rendered":"<p>PRO PLAN\u00ae LIVECLEAR\u00ae STERILISED ADULT est un aliment pour chat adulte (1an et+) qui offre une alimentation quotidienne compl\u00e8te et \u00e9quilibr\u00e9e avec un go\u00fbt savoureux.<\/p>\n<p>R\u00e9duit de mani\u00e8re efficace et sans risque les allerg\u00e8nes sur les poils et les squames de chat, d\u00e8s trois semaines d&rsquo;alimentation quotidienne.<\/p>\n<ul>\n<li>R\u00e9volutionnaire : PRO PLAN\u00ae LIVECLEAR\u00ae est formul\u00e9 sp\u00e9cifiquement pour r\u00e9duire les allerg\u00e8nes sur les poils de votre chat.<\/li>\n<li>Formul\u00e9 pour maintenir des reins en bonne sant\u00e9.<\/li>\n<li>Maintient la bonne sant\u00e9 des voies urinaires des chats st\u00e9rilis\u00e9s.<\/li>\n<li>Aide \u00e0 maintenir un poids id\u00e9al gr\u00e2ce \u00e0 une teneur \u00e9lev\u00e9e en prot\u00e9ines, des fibres et un faible niveau de glucides.<\/li>\n<\/ul>\n<p><strong>Caract\u00e9ristiques<\/strong><\/p>\n<ul>\n<li>R\u00e9volutionnaire : PRO PLAN\u00ae LIVECLEAR\u00ae est formul\u00e9 sp\u00e9cifiquement pour r\u00e9duire les allerg\u00e8nes sur les poils de votre chat.<\/li>\n<li>Formul\u00e9 pour maintenir des reins en bonne sant\u00e9.<\/li>\n<li>Maintient la bonne sant\u00e9 des voies urinaires des chats st\u00e9rilis\u00e9s.<\/li>\n<li>Aide \u00e0 maintenir un poids id\u00e9al gr\u00e2ce \u00e0 une teneur \u00e9lev\u00e9e en prot\u00e9ines, des fibres et un faible niveau de glucides.<\/li>\n<li>Les allerg\u00e8nes sont r\u00e9duits en moyenne de 47 % apr\u00e8s trois semaines d\u2019alimentation.<\/li>\n<li>Dinde de haute qualit\u00e9 en 1er ingr\u00e9dient.<\/li>\n<li>Sans colorants ajout\u00e9s. Sans ar\u00f4mes ajout\u00e9s.<\/li>\n<\/ul>\n<p><strong>Composition<\/strong><\/p>\n<p>Dinde (17 %)<br \/>\nProt\u00e9ines de volaille d\u00e9shydrat\u00e9es<br \/>\nRiz<br \/>\nFarine de prot\u00e9ines de ma\u00efs<br \/>\nGluten de bl\u00e9<br \/>\nCellulose<br \/>\nFarine basse de bl\u00e9<br \/>\nMa\u00efs, Graisse de porc<br \/>\nSubstances min\u00e9rales<br \/>\n\u0152ufs d\u00e9shydrat\u00e9s<br \/>\nHuile de poisson<br \/>\nHydrolysat<br \/>\nPoudre de jaune d&rsquo;\u0153uf (0,6 %)<br \/>\nLevure<\/p>\n<p><strong>Constituants analytiques<\/strong><\/p>\n<p>Prot\u00e9ine : 41,0 %<br \/>\nTeneur en mati\u00e8res grasses : 14,0 %<br \/>\nCendres brutes : 7,5 %<br \/>\nCellulose brute : 3,5 %<br \/>\nArginine : 2,3 %<br \/>\nAcides gras Om\u00e9ga 3 : 0,5 %<\/p>\n<p><strong>Additifs : additifs nutritionnels<\/strong><\/p>\n<p>UI\/kg :<br \/>\nVit.\u00a0A : 27500 ;<br \/>\nVit.\u00a0D3 : 910 ;<br \/>\nVit.\u00a0E : 670.<\/p>\n<p>mg\/kg :<br \/>\nVit.\u00a0C : 140 ;<br \/>\nSulfate de fer (II) monohydrat\u00e9 : (Fe: 130) ;<br \/>\nIodate de calcium anhydre : (I: 2,0) ;<br \/>\nSulfate de cuivre (II) pentahydrat\u00e9 : (Cu: 13) ;<br \/>\nSulfate manganeux monohydrat\u00e9 : (Mn: 48) ;<br \/>\nSulfate de zinc monohydrat\u00e9 : (Zn: 120) ;<br \/>\nS\u00e9l\u00e9nite de sodium : (Se: 0,14).<\/p>\n<p><strong>Guide d&rsquo;alimentation<\/strong><\/p>\n<p>Quel est le poids de votre animal ?<\/p>\n<div class=\"table-wrapper\">\n<table>\n<thead>\n<tr>\n<th><strong>Poids du chat<\/strong><\/th>\n<th><strong>Ration journali\u00e8res (g)<\/strong><\/th>\n<\/tr>\n<\/thead>\n<tbody>\n<tr>\n<td>3 kg<\/td>\n<td>40<\/td>\n<\/tr>\n<tr>\n<td>5 kg<\/td>\n<td>65<\/td>\n<\/tr>\n<tr>\n<td>7 kg<\/td>\n<td>90<\/td>\n<\/tr>\n<\/tbody>\n<\/table>\n<\/div>\n<p>Donnez cette alimentation quotidiennement pour des b\u00e9n\u00e9fices durables et conserver dans un endroit frais et sec.<\/p>\n","protected":false},"excerpt":{"rendered":"<p>PRO PLAN\u00ae LIVECLEAR\u00ae STERILISED ADULT est un aliment pour chat adulte (1an et+) qui offre une alimentation quotidienne compl\u00e8te et \u00e9quilibr\u00e9e avec un go\u00fbt savoureux. R\u00e9duit de mani\u00e8re efficace et sans risque les allerg\u00e8nes sur les poils et les squames de chat, d\u00e8s trois semaines d&rsquo;alimentation quotidienne. R\u00e9volutionnaire : PRO PLAN\u00ae LIVECLEAR\u00ae est formul\u00e9 sp\u00e9cifiquement [&#8230;]\n","protected":false},"featured_media":37288,"template":"","meta":{"jetpack_publicize_message":"","jetpack_publicize_feature_enabled":true,"jetpack_social_post_already_shared":true,"jetpack_social_options":{"image_generator_settings":{"template":"highway","default_image_id":0,"font":"","enabled":false},"version":2}},"product_brand":[],"product_cat":[36,40],"product_tag":[],"class_list":{"0":"post-37286","1":"product","2":"type-product","3":"status-publish","4":"has-post-thumbnail","6":"product_cat-chat","7":"product_cat-coquettes-pour-chat","9":"first","10":"instock","11":"taxable","12":"shipping-taxable","13":"purchasable","14":"product-type-simple"},"supplier_id":5598,"supplier_sku":"","barcode":null,"atum_controlled":true,"out_stock_date":null,"out_stock_threshold":null,"inheritable":false,"inbound_stock":0,"stock_on_hold":0,"sold_today":1,"sales_last_days":1,"reserved_stock":0,"customer_returns":0,"warehouse_damage":0,"lost_in_post":0,"other_logs":0,"out_stock_days":0,"lost_sales":0,"has_location":false,"update_date":"2026-04-24T17:28:29","atum_locations":[],"atum_stock_status":"instock","restock_status":true,"low_stock_amount":2,"sales_update_date":"2026-04-24T17:28:29","calc_backorders":0,"jetpack_publicize_connections":[],"jetpack_sharing_enabled":true,"batches":[{"id":"8169","date_created":"2026-03-09 09:30:31","date_expiry":"2026-12-31 00:00:00","user_id":"2760","batch_number":"Pro Plan LiveClear Sterilised Adult 1+ Riche En Dinde 1.5kg1226","location":"","quantity":"2.0000","quantity_available":"0.0000","units":"1","status":"archived","order_ids":"[39114,40665]","supplier":"Proplan","po":{"id":"8108","date_created":"2026-03-09 09:30:31","batch_id":"8169","po_number":"","supplier":"Proplan","cost":null,"regular_price":null,"sale_price":null,"price_margin":null,"price_discount":null}},{"id":"8837","date_created":"2026-04-15 13:06:28","date_expiry":"2026-12-31 00:00:00","user_id":"2760","batch_number":"Pro Plan LiveClear Sterilised Adult 1+ Riche En Dinde 1.5kg1226","location":"","quantity":"1.0000","quantity_available":"1.0000","units":"1","status":"active","order_ids":null,"supplier":"Proplan","po":{"id":"8764","date_created":"2026-04-15 13:06:28","batch_id":"8837","po_number":"","supplier":"Proplan","cost":null,"regular_price":null,"sale_price":null,"price_margin":null,"price_discount":null}}],"_links":{"self":[{"href":"https:\/\/petworld.ma\/index.php\/wp-json\/wp\/v2\/product\/37286","targetHints":{"allow":["GET"]}}],"collection":[{"href":"https:\/\/petworld.ma\/index.php\/wp-json\/wp\/v2\/product"}],"about":[{"href":"https:\/\/petworld.ma\/index.php\/wp-json\/wp\/v2\/types\/product"}],"wp:featuredmedia":[{"embeddable":true,"href":"https:\/\/petworld.ma\/index.php\/wp-json\/wp\/v2\/media\/37288"}],"wp:attachment":[{"href":"https:\/\/petworld.ma\/index.php\/wp-json\/wp\/v2\/media?parent=37286"}],"wp:term":[{"taxonomy":"product_brand","embeddable":true,"href":"https:\/\/petworld.ma\/index.php\/wp-json\/wp\/v2\/product_brand?post=37286"},{"taxonomy":"product_cat","embeddable":true,"href":"https:\/\/petworld.ma\/index.php\/wp-json\/wp\/v2\/product_cat?post=37286"},{"taxonomy":"product_tag","embeddable":true,"href":"https:\/\/petworld.ma\/index.php\/wp-json\/wp\/v2\/product_tag?post=37286"}],"curies":[{"name":"wp","href":"https:\/\/api.w.org\/{rel}","templated":true}]}}