{"id":37289,"date":"2026-03-08T23:21:02","date_gmt":"2026-03-08T23:21:02","guid":{"rendered":"https:\/\/petworld.ma\/?post_type=product&#038;p=37289"},"modified":"2026-04-22T13:19:51","modified_gmt":"2026-04-22T13:19:51","slug":"purina-pro-plan-veterinary-diets-hydra-care-feline-hydration-au-poulet-pour-chat-augmentant-lapport-hydrique-en-sauce-85g","status":"publish","type":"product","link":"https:\/\/petworld.ma\/index.php\/produit\/purina-pro-plan-veterinary-diets-hydra-care-feline-hydration-au-poulet-pour-chat-augmentant-lapport-hydrique-en-sauce-85g\/","title":{"rendered":"Purina Pro Plan Veterinary Diets Hydra Care\u2122 Feline Hydration Au Poulet Pour Chat Augmentant l&rsquo;Apport Hydrique &#8211; En sauce 85g"},"content":{"rendered":"<div class=\"field__item\">\n<ul>\n<li>Aliment compl\u00e9mentaire pour chats adultes formul\u00e9 pour augmenter l\u2019apport hydrique et la dilution des urines<\/li>\n<li>Prouv\u00e9 pour augmenter l\u2019apport hydrique total et favoriser l\u2019hydratation*<\/li>\n<li>Aide \u00e0 augmenter la dilution des urines et \u00e0 soutenir la bonne sant\u00e9 urinaire<\/li>\n<li>Tr\u00e8s app\u00e9tent, au go\u00fbt de poulet<\/li>\n<\/ul>\n<p><strong>Caract\u00e9ristiques<\/strong><\/p>\n<ul class=\"ak-ul\" data-indent-level=\"1\">\n<li>\n<p data-renderer-start-pos=\"184\">Aliment compl\u00e9mentaire pour chats adultes formul\u00e9 pour augmenter l\u2019apport hydrique et la dilution des urines<\/p>\n<\/li>\n<li>\n<p data-renderer-start-pos=\"296\">Prouv\u00e9 pour augmenter l\u2019apport hydrique total et favoriser l\u2019hydratation*<\/p>\n<\/li>\n<li>\n<p data-renderer-start-pos=\"560\">Aide \u00e0 augmenter la dilution des urines et \u00e0 soutenir la bonne sant\u00e9 urinaire<\/p>\n<\/li>\n<li>\n<p data-renderer-start-pos=\"641\">Tr\u00e8s app\u00e9tent, au go\u00fbt de poulet<\/p>\n<\/li>\n<\/ul>\n<p>D\u00e9couvrez PURINA<sup>\u00ae<\/sup>\u00a0PRO PLAN\u00ae<sup>\u00ae<\/sup>\u00a0Hydra Care<sup>TM<\/sup>\u00a0: L&rsquo;hydratation nouvelle g\u00e9n\u00e9ration<\/p>\n<p>PURINA<sup>\u00ae\u00a0<\/sup>PRO PLAN\u00ae Hydra Care<sup>TM<\/sup>\u00a0est un aliment compl\u00e9mentaire quotidien pour chat qui offre une texture en sauce savoureuse et l\u00e9g\u00e8re,\u00a0servie dans une troisi\u00e8me gamelle en plus de l\u2019eau et de la nourriture.<\/p>\n<p>L\u2019ajout de PURINA<sup>\u00ae<\/sup>\u00a0PRO PLAN\u00ae<sup>\u00ae<\/sup>\u00a0Hydra Care<sup>TM<\/sup>\u00a0en tant que aliment compl\u00e9mentaire quotidien incitera votre chat \u00e0 laper avec plaisir gr\u00e2ce \u00e0 sa grande saveur, en augmentant leur apport hydrique total et en diminuant la densit\u00e9 et l\u2019osmolalit\u00e9 sp\u00e9cifiques de l\u2019urine.<\/p>\n<p data-prosemirror-content-type=\"node\" data-prosemirror-node-name=\"paragraph\" data-prosemirror-node-block=\"true\" data-pm-slice=\"1 1 [&quot;bulletList&quot;,null,&quot;listItem&quot;,null]\">*Par rapport aux chats consommant uniquement de l\u2019eau en plus de leurs croquettes. Pour un b\u00e9n\u00e9fice, les chats doivent consommer quotidiennement au moins 25ml par kilo de poids corporel.<\/p>\n<div class=\"field__item\">\n<div class=\"paragraph c-pdp-ingredients paragraph-id--57926 paragraph--type--c-pdp-ingredients paragraph--view-mode--default full-component-wrapper\">\n<div class=\"ingredient-container row g-3\">\n<div class=\"ingredients-title\">Composition<\/div>\n<div class=\"ingredient-item col-6 col-lg-3 text-center\">\n<div class=\"ingredient-img\"><img decoding=\"async\" class=\"img-fluid\" title=\"\" role=\"button\" src=\"https:\/\/www.purina.fr\/sites\/default\/files\/styles\/medium\/public\/2025-11\/milk_and_milk_derivatives_192x192.jpg?itok=q102OhKl\" alt=\"Lait et produits de laiterie\" width=\"90\" height=\"90\" data-bs-toggle=\"popover\" data-bs-html=\"true\" data-bs-custom-class=\"pdp-popover\" data-bs-placement=\"bottom\" data-bs-content=\" &lt;div class=&quot;text-start&quot;&gt; &lt;div class=&quot;ingredients-title-close-btn-wrapper&quot;&gt; &lt;div class=&quot;ingredients-title&quot;&gt; Composition &lt;\/div&gt; &lt;div class=&quot;popover-header-close-btn&quot;&gt;&lt;\/div&gt; &lt;\/div&gt; &lt;div class=&quot;popover-img-mobile d-block d-sm-none mb-1&quot;&gt; &lt;img src=&quot;\/sites\/default\/files\/styles\/medium\/public\/2025-11\/milk_and_milk_derivatives_192x192.jpg?itok=q102OhKl&quot; alt=&quot;Lait et produits de laiterie&quot; class=&quot;img-fluid&quot; \/&gt; &lt;\/div&gt; &lt;div class=&quot;popover-title2&quot;&gt; Lait et produits de laiterie &lt;\/div&gt; &lt;div class=&quot;ingredients-body&quot;&gt; &lt;div class=&quot;ingredients-benefits-text&quot;&gt;Benefits&lt;\/div&gt; &lt;div class=&quot;ingredients-benefits-wrapper&quot;&gt; &lt;div class=&quot;ingredients-benefits-item d-flex align-items-center&quot;&gt; &lt;div class=&quot;ingredients-benefits-icons&quot;&gt; &lt;img src=&quot;\/sites\/default\/files\/2025-11\/variety_64x64.jpg&quot; width=&quot;24&quot; height=&quot;24&quot; alt=&quot;Vari\u00e9t\u00e9&quot; \/&gt; &lt;\/div&gt; &lt;div class=&quot;ingredients-benefits-description&quot;&gt; Vari\u00e9t\u00e9 &lt;\/div&gt; &lt;\/div&gt; &lt;\/div&gt; &lt;div class=&quot;ingredients-description mt-2&quot;&gt; &lt;p&gt;Le lait et produits de laiterie, tels que le lait \u00e9cr\u00e9m\u00e9 en poudre, sont des produits laitiers. Ils sont une bonne source de prot\u00e9ines et de calcium. Ils sont utilis\u00e9s pour apporter de la vari\u00e9t\u00e9 dans l'alimentation de votre animal.&lt;\/p&gt;&lt;p&gt;&lt;strong&gt;Allergie :&lt;\/strong&gt; Si vous savez ou soup\u00e7onnez que votre animal souffre d\u2019allergies, consultez votre v\u00e9t\u00e9rinaire.&lt;\/p&gt; &lt;\/div&gt; &lt;\/div&gt; &lt;\/div&gt; \" data-once=\"asterisk-red-popover all-images-lazy\" aria-expanded=\"false\" \/><\/div>\n<div class=\"ingredient-title2 mt-2\">Lait et produits de laiterie<\/div>\n<\/div>\n<div class=\"ingredient-item col-6 col-lg-3 text-center\">\n<div class=\"ingredient-img\"><img decoding=\"async\" class=\"img-fluid\" title=\"\" role=\"button\" src=\"https:\/\/www.purina.fr\/sites\/default\/files\/styles\/medium\/public\/2025-11\/glycerol_192x192.jpg?itok=fELnD_ja\" alt=\"Glyc\u00e9rol\" width=\"91\" height=\"91\" data-bs-toggle=\"popover\" data-bs-html=\"true\" data-bs-custom-class=\"pdp-popover\" data-bs-placement=\"bottom\" data-bs-content=\" &lt;div class=&quot;text-start&quot;&gt; &lt;div class=&quot;ingredients-title-close-btn-wrapper&quot;&gt; &lt;div class=&quot;ingredients-title&quot;&gt; Composition &lt;\/div&gt; &lt;div class=&quot;popover-header-close-btn&quot;&gt;&lt;\/div&gt; &lt;\/div&gt; &lt;div class=&quot;popover-img-mobile d-block d-sm-none mb-1&quot;&gt; &lt;img src=&quot;\/sites\/default\/files\/styles\/medium\/public\/2025-11\/glycerol_192x192.jpg?itok=fELnD_ja&quot; alt=&quot;Glyc\u00e9rol&quot; class=&quot;img-fluid&quot; \/&gt; &lt;\/div&gt; &lt;div class=&quot;popover-title2&quot;&gt; Glyc\u00e9rol &lt;\/div&gt; &lt;div class=&quot;ingredients-body&quot;&gt; &lt;div class=&quot;ingredients-benefits-text&quot;&gt;Benefits&lt;\/div&gt; &lt;div class=&quot;ingredients-benefits-wrapper&quot;&gt; &lt;div class=&quot;ingredients-benefits-item d-flex align-items-center&quot;&gt; &lt;div class=&quot;ingredients-benefits-icons&quot;&gt; &lt;img src=&quot;\/sites\/default\/files\/2025-11\/taste_texture_64x64.jpg&quot; width=&quot;24&quot; height=&quot;24&quot; alt=&quot;Texture&quot; \/&gt; &lt;\/div&gt; &lt;div class=&quot;ingredients-benefits-description&quot;&gt; Texture &lt;\/div&gt; &lt;\/div&gt; &lt;\/div&gt; &lt;div class=&quot;ingredients-description mt-2&quot;&gt; &lt;p&gt;Le glyc\u00e9rol (ou glyc\u00e9rine) est un liquide incolore, inodore, visqueux, au go\u00fbt sucr\u00e9 et absolument pas toxique. Le glyc\u00e9rol est g\u00e9n\u00e9ralement obtenu \u00e0 partir de plantes ol\u00e9agineuses o\u00f9 il se pr\u00e9sente sous forme de triglyc\u00e9rides. Il est largement utilis\u00e9 dans l'industrie alimentaire comme \u00e9dulcorant ou agent hydratant ; dans nos aliments, il permet de produire des croquettes semi-humides et moelleuses.&lt;\/p&gt;&lt;p&gt;&lt;strong&gt;Allergie :&lt;\/strong&gt; Si vous savez ou soup\u00e7onnez que votre animal souffre d\u2019allergies, consultez votre v\u00e9t\u00e9rinaire.&lt;\/p&gt; &lt;\/div&gt; &lt;\/div&gt; &lt;\/div&gt; \" data-once=\"asterisk-red-popover all-images-lazy\" aria-expanded=\"false\" \/><\/div>\n<div class=\"ingredient-title2 mt-2\">Glyc\u00e9rol<\/div>\n<\/div>\n<div class=\"ingredient-item col-6 col-lg-3 text-center\">\n<div class=\"ingredient-img\"><img decoding=\"async\" class=\"img-fluid\" title=\"\" role=\"button\" src=\"https:\/\/www.purina.fr\/sites\/default\/files\/styles\/medium\/public\/2025-11\/meat_animal_derivatives_192x192.jpg?itok=0GDLOr6O\" alt=\"Viandes et sous-produits animaux\" width=\"93\" height=\"93\" data-bs-toggle=\"popover\" data-bs-html=\"true\" data-bs-custom-class=\"pdp-popover\" data-bs-placement=\"bottom\" data-bs-content=\" &lt;div class=&quot;text-start&quot;&gt; &lt;div class=&quot;ingredients-title-close-btn-wrapper&quot;&gt; &lt;div class=&quot;ingredients-title&quot;&gt; Composition &lt;\/div&gt; &lt;div class=&quot;popover-header-close-btn&quot;&gt;&lt;\/div&gt; &lt;\/div&gt; &lt;div class=&quot;popover-img-mobile d-block d-sm-none mb-1&quot;&gt; &lt;img src=&quot;\/sites\/default\/files\/styles\/medium\/public\/2025-11\/meat_animal_derivatives_192x192.jpg?itok=0GDLOr6O&quot; alt=&quot;Viandes et sous-produits animaux&quot; class=&quot;img-fluid&quot; \/&gt; &lt;\/div&gt; &lt;div class=&quot;popover-title2&quot;&gt; Viandes et sous-produits animaux&lt;span class=&quot;asterisk-red&quot;&gt;*&lt;\/span&gt; &lt;\/div&gt; &lt;div class=&quot;popover-spec-text&quot;&gt; (poulet 0,5%) &lt;\/div&gt; &lt;div class=&quot;ingredients-body&quot;&gt; &lt;div class=&quot;ingredients-benefits-text&quot;&gt;Benefits&lt;\/div&gt; &lt;div class=&quot;ingredients-benefits-wrapper&quot;&gt; &lt;div class=&quot;ingredients-benefits-item d-flex align-items-center&quot;&gt; &lt;div class=&quot;ingredients-benefits-icons&quot;&gt; &lt;img src=&quot;\/sites\/default\/files\/2025-11\/strong_muscles_64x64.jpg&quot; width=&quot;24&quot; height=&quot;24&quot; alt=&quot;Muscles forts&quot; \/&gt; &lt;\/div&gt; &lt;div class=&quot;ingredients-benefits-description&quot;&gt; Muscles forts &lt;\/div&gt; &lt;\/div&gt; &lt;div class=&quot;ingredients-benefits-item d-flex align-items-center&quot;&gt; &lt;div class=&quot;ingredients-benefits-icons&quot;&gt; &lt;img src=&quot;\/sites\/default\/files\/2025-11\/natural_defences_64x64.jpg&quot; width=&quot;24&quot; height=&quot;24&quot; alt=&quot;D\u00e9fenses naturelles&quot; \/&gt; &lt;\/div&gt; &lt;div class=&quot;ingredients-benefits-description&quot;&gt; D\u00e9fenses naturelles &lt;\/div&gt; &lt;\/div&gt; &lt;\/div&gt; &lt;div class=&quot;ingredients-description mt-2&quot;&gt; &lt;p&gt;Les viandes et sous-produits animaux proviennent de diff\u00e9rentes parties des animaux (viandes, poumons, reins, foie\u2026), non utilis\u00e9es dans la cha\u00eene alimentaire humaine mais qui ont \u00e9t\u00e9 d\u00e9clar\u00e9es bonnes pour la consommation humaine. Ce sont d'excellentes sources de prot\u00e9ines et d'acides amin\u00e9s, qui aident votre animal \u00e0 d\u00e9velopper, entretenir ses muscles et \u00e0 soutenir ses d\u00e9fenses naturelles.&lt;\/p&gt;&lt;p&gt;&lt;strong&gt;Allergie :&lt;\/strong&gt; Si vous savez ou soup\u00e7onnez que votre animal souffre d\u2019allergies, consultez votre v\u00e9t\u00e9rinaire.&lt;\/p&gt; &lt;\/div&gt; &lt;\/div&gt; &lt;\/div&gt; \" data-once=\"asterisk-red-popover all-images-lazy\" aria-expanded=\"false\" \/><\/div>\n<div class=\"ingredient-title2 mt-2\">Viandes et sous-produits animaux<span class=\"asterisk-red\">*<\/span><\/div>\n<\/div>\n<div class=\"ingredient-item col-6 col-lg-3 text-center\">\n<div class=\"ingredient-img\"><img decoding=\"async\" class=\"img-fluid\" title=\"\" role=\"button\" src=\"https:\/\/www.purina.fr\/sites\/default\/files\/styles\/medium\/public\/2025-11\/various_sugars_192x192.jpg?itok=LRgDUlBH\" alt=\"Sucres vari\u00e9s\" width=\"92\" height=\"92\" data-bs-toggle=\"popover\" data-bs-html=\"true\" data-bs-custom-class=\"pdp-popover\" data-bs-placement=\"bottom\" data-bs-content=\" &lt;div class=&quot;text-start&quot;&gt; &lt;div class=&quot;ingredients-title-close-btn-wrapper&quot;&gt; &lt;div class=&quot;ingredients-title&quot;&gt; Composition &lt;\/div&gt; &lt;div class=&quot;popover-header-close-btn&quot;&gt;&lt;\/div&gt; &lt;\/div&gt; &lt;div class=&quot;popover-img-mobile d-block d-sm-none mb-1&quot;&gt; &lt;img src=&quot;\/sites\/default\/files\/styles\/medium\/public\/2025-11\/various_sugars_192x192.jpg?itok=LRgDUlBH&quot; alt=&quot;Sucres vari\u00e9s&quot; class=&quot;img-fluid&quot; \/&gt; &lt;\/div&gt; &lt;div class=&quot;popover-title2&quot;&gt; Sucres vari\u00e9s &lt;\/div&gt; &lt;div class=&quot;ingredients-body&quot;&gt; &lt;div class=&quot;ingredients-benefits-text&quot;&gt;Benefits&lt;\/div&gt; &lt;div class=&quot;ingredients-benefits-wrapper&quot;&gt; &lt;div class=&quot;ingredients-benefits-item d-flex align-items-center&quot;&gt; &lt;div class=&quot;ingredients-benefits-icons&quot;&gt; &lt;img src=&quot;\/sites\/default\/files\/2025-11\/taste_texture_64x64.jpg&quot; width=&quot;24&quot; height=&quot;24&quot; alt=&quot;App\u00e9tence&quot; \/&gt; &lt;\/div&gt; &lt;div class=&quot;ingredients-benefits-description&quot;&gt; App\u00e9tence &lt;\/div&gt; &lt;\/div&gt; &lt;\/div&gt; &lt;div class=&quot;ingredients-description mt-2&quot;&gt; &lt;p&gt;Divers sucres sont ajout\u00e9s en tr\u00e8s petites quantit\u00e9s pour rehausser la saveur des aliments de votre animal.&lt;\/p&gt;&lt;p&gt;&lt;strong&gt;Allergie :&lt;\/strong&gt; Si vous savez ou soup\u00e7onnez que votre animal souffre d\u2019allergies, consultez votre v\u00e9t\u00e9rinaire.&lt;\/p&gt; &lt;\/div&gt; &lt;\/div&gt; &lt;\/div&gt; \" data-once=\"asterisk-red-popover all-images-lazy\" aria-expanded=\"false\" \/><\/div>\n<div class=\"ingredient-title2 mt-2\">Sucres vari\u00e9s<\/div>\n<\/div>\n<div class=\"ingredient-item col-6 col-lg-3 text-center\">\n<div class=\"ingredient-img\"><img decoding=\"async\" class=\"img-fluid\" title=\"\" role=\"button\" src=\"https:\/\/www.purina.fr\/sites\/default\/files\/styles\/medium\/public\/2025-11\/minerals_192x192.jpg?itok=TGc3BrLF\" alt=\"Substances min\u00e9rales\" width=\"92\" height=\"92\" data-bs-toggle=\"popover\" data-bs-html=\"true\" data-bs-custom-class=\"pdp-popover\" data-bs-placement=\"bottom\" data-bs-content=\" &lt;div class=&quot;text-start&quot;&gt; &lt;div class=&quot;ingredients-title-close-btn-wrapper&quot;&gt; &lt;div class=&quot;ingredients-title&quot;&gt; Composition &lt;\/div&gt; &lt;div class=&quot;popover-header-close-btn&quot;&gt;&lt;\/div&gt; &lt;\/div&gt; &lt;div class=&quot;popover-img-mobile d-block d-sm-none mb-1&quot;&gt; &lt;img src=&quot;\/sites\/default\/files\/styles\/medium\/public\/2025-11\/minerals_192x192.jpg?itok=TGc3BrLF&quot; alt=&quot;Substances min\u00e9rales&quot; class=&quot;img-fluid&quot; \/&gt; &lt;\/div&gt; &lt;div class=&quot;popover-title2&quot;&gt; Substances min\u00e9rales&lt;span class=&quot;asterisk-red&quot;&gt;*&lt;\/span&gt;&lt;span class=&quot;asterisk-red&quot;&gt;*&lt;\/span&gt; &lt;\/div&gt; &lt;div class=&quot;ingredients-body&quot;&gt; &lt;div class=&quot;ingredients-benefits-text&quot;&gt;Benefits&lt;\/div&gt; &lt;div class=&quot;ingredients-benefits-wrapper&quot;&gt; &lt;div class=&quot;ingredients-benefits-item d-flex align-items-center&quot;&gt; &lt;div class=&quot;ingredients-benefits-icons&quot;&gt; &lt;img src=&quot;\/sites\/default\/files\/2025-11\/overall_health_64x64.jpg&quot; width=&quot;24&quot; height=&quot;24&quot; alt=&quot;Sant\u00e9 g\u00e9n\u00e9rale&quot; \/&gt; &lt;\/div&gt; &lt;div class=&quot;ingredients-benefits-description&quot;&gt; Sant\u00e9 g\u00e9n\u00e9rale &lt;\/div&gt; &lt;\/div&gt; &lt;\/div&gt; &lt;div class=&quot;ingredients-description mt-2&quot;&gt; &lt;p&gt;Les min\u00e9raux sont essentiels pour une alimentation saine et \u00e9quilibr\u00e9e.&lt;\/p&gt;&lt;p&gt;&lt;strong&gt;Allergie :&lt;\/strong&gt; Si vous savez ou soup\u00e7onnez que votre animal souffre d\u2019allergies, consultez votre v\u00e9t\u00e9rinaire.&lt;\/p&gt; &lt;\/div&gt; &lt;\/div&gt; &lt;\/div&gt; \" data-once=\"asterisk-red-popover all-images-lazy\" aria-expanded=\"false\" \/><\/div>\n<div class=\"ingredient-title2 mt-2\">Substances min\u00e9rales<span class=\"asterisk-red\">*<\/span><span class=\"asterisk-red\">*<\/span><\/div>\n<\/div>\n<\/div>\n<\/div>\n<\/div>\n<div class=\"field__item\">\n<div class=\"full-component-wrapper\">\n<div class=\"full-component-wrapper paragraph paragraph--type--c-text paragraph--view-mode--default\">\n<div class=\"twb-container\">\n<article class=\"contextual-region dsu-component-page is-promoted full clearfix\" role=\"article\">\n<div class=\"content\">\n<div class=\"field field--name-field-components field--type-entity-reference-revisions field--label-hidden field--items\">\n<div class=\"field--item\">\n<div class=\"paragraph paragraph--type--c-text paragraph--view-mode--default\">\n<div>\n<div class=\"clearfix text-formatted field field--name-field-c-text field--type-text-long field--label-hidden field__item\">\n<p><span class=\"asterisk-red\">*<\/span>\u00a0Source pr\u00e9biotique<br \/>\n<span class=\"asterisk-red\">*<\/span><span class=\"asterisk-red\">*<\/span>\u00a0Source de glucides<\/p>\n<p><strong>Allergie :<\/strong>\u00a0Si vous savez ou soup\u00e7onnez que votre animal souffre d\u2019allergies, consultez votre v\u00e9t\u00e9rinaire.<\/p>\n<div class=\"accordion-header\" role=\"button\" aria-controls=\"accordion_content_1\" aria-expanded=\"true\"><span class=\"accordion-title\">Constituants analytiques<\/span><\/div>\n<div id=\"accordion_content_1\" class=\"field field--name-field-c-pdp-accord-item-content field--type-entity-reference-revisions field--label-hidden field__items\" aria-hidden=\"false\" data-once=\"asterisk-red ingredients-limit-global\">\n<div class=\"field__item\">\n<div class=\"full-component-wrapper\">\n<div class=\"full-component-wrapper paragraph paragraph--type--c-text paragraph--view-mode--default\">\n<div class=\"twb-container\">\n<article class=\"contextual-region dsu-component-page is-promoted full clearfix\" role=\"article\">\n<div class=\"content\">\n<div class=\"field field--name-field-components field--type-entity-reference-revisions field--label-hidden field--items\">\n<div class=\"field--item\">\n<div class=\"paragraph paragraph--type--c-text paragraph--view-mode--default\">\n<div>\n<div class=\"clearfix text-formatted field field--name-field-c-text field--type-text-long field--label-hidden field__item\">\n<ul>\n<li>Humidit\u00e9 : 94.5 %<\/li>\n<li>Prot\u00e9ines : 3.2 %<\/li>\n<li>Lipides : 0.22 %<\/li>\n<li>Cendres brutes : 0.16 %<\/li>\n<li>Cellulose brute : 0.018 %<\/li>\n<\/ul>\n<p><strong>Apports caloriques moyens dans l\u2019aliment<\/strong><\/p>\n<ul>\n<li>Energie m\u00e9tabolisable<span class=\"asterisk-red\">*<\/span>\u00a022 kcal\/100g<\/li>\n<li><span class=\"asterisk-red\">*<\/span>Calcul\u00e9 d&rsquo;apr\u00e8s les \u00e9quation NRC 2006.<\/li>\n<\/ul>\n<div class=\"accordion-header\" role=\"button\" aria-controls=\"accordion_content_2\" aria-expanded=\"true\"><span class=\"accordion-title\">Additifs : additifs nutritionnels<\/span><\/div>\n<div id=\"accordion_content_2\" class=\"field field--name-field-c-pdp-accord-item-content field--type-entity-reference-revisions field--label-hidden field__items\" aria-hidden=\"false\" data-once=\"asterisk-red ingredients-limit-global\">\n<div class=\"field__item\">\n<div class=\"full-component-wrapper\">\n<div class=\"full-component-wrapper paragraph paragraph--type--c-text paragraph--view-mode--default\">\n<div class=\"twb-container\">\n<article class=\"contextual-region dsu-component-page is-promoted full clearfix\" role=\"article\">\n<div class=\"content\">\n<div class=\"field field--name-field-components field--type-entity-reference-revisions field--label-hidden field--items\">\n<div class=\"field--item\">\n<div class=\"paragraph paragraph--type--c-text paragraph--view-mode--default\">\n<div>\n<div class=\"clearfix text-formatted field field--name-field-c-text field--type-text-long field--label-hidden field__item\">\n<ul>\n<li>UI\/kg :<\/li>\n<li>Vit A : 25231.<\/li>\n<li>mg\/kg :<\/li>\n<li>Taurine : 1700 ;<\/li>\n<li>Zink : 46 ;<\/li>\n<li>Vit E : 171.<\/li>\n<\/ul>\n<\/div>\n<\/div>\n<\/div>\n<\/div>\n<\/div>\n<\/div>\n<\/article>\n<\/div>\n<\/div>\n<\/div>\n<\/div>\n<\/div>\n<\/div>\n<\/div>\n<\/div>\n<\/div>\n<\/div>\n<\/div>\n<\/article>\n<\/div>\n<\/div>\n<\/div>\n<\/div>\n<\/div>\n<\/div>\n<\/div>\n<\/div>\n<\/div>\n<\/div>\n<\/div>\n<\/article>\n<\/div>\n<\/div>\n<\/div>\n<\/div>\n<\/div>\n","protected":false},"excerpt":{"rendered":"<p class=\"dsu-product--title\">Une solution simple pour maintenir votre chat hydrat\u00e9.<\/p>\n","protected":false},"featured_media":39906,"template":"","meta":{"jetpack_publicize_message":"","jetpack_publicize_feature_enabled":true,"jetpack_social_post_already_shared":true,"jetpack_social_options":{"image_generator_settings":{"template":"highway","default_image_id":0,"font":"","enabled":false},"version":2}},"product_brand":[],"product_cat":[41],"product_tag":[],"class_list":{"0":"post-37289","1":"product","2":"type-product","3":"status-publish","4":"has-post-thumbnail","6":"product_cat-friandises-et-pate-pour-chat","8":"first","9":"instock","10":"taxable","11":"shipping-taxable","12":"purchasable","13":"product-type-simple"},"supplier_id":5598,"supplier_sku":"8445291515345","barcode":null,"atum_controlled":true,"out_stock_date":null,"out_stock_threshold":null,"inheritable":false,"inbound_stock":0,"stock_on_hold":0,"sold_today":0,"sales_last_days":241,"reserved_stock":0,"customer_returns":0,"warehouse_damage":0,"lost_in_post":0,"other_logs":0,"out_stock_days":0,"lost_sales":0,"has_location":false,"update_date":"2026-04-28T12:40:12","atum_locations":[],"atum_stock_status":"instock","restock_status":false,"low_stock_amount":40,"sales_update_date":"2026-04-28T12:40:12","calc_backorders":null,"jetpack_publicize_connections":[],"jetpack_sharing_enabled":true,"batches":[{"id":"8171","date_created":"2026-03-09 09:47:11","date_expiry":"2027-05-31 00:00:00","user_id":"2760","batch_number":"Purina Pro Plan Veterinary Diets Hydra Care\u2122 Feline Hydration Au Poulet Pour Chat Augmentant l\\\\\\\\\\\\\\\\\\\\\\\\\\\\\\'Apport Hydrique - En sauce 85g0527","location":"","quantity":"40.0000","quantity_available":"0.0000","units":"1","status":"archived","order_ids":"[37494,37775,37896,38200,38560]","supplier":"Proplan","po":{"id":"8110","date_created":"2026-03-09 09:47:11","batch_id":"8171","po_number":"","supplier":"Proplan","cost":null,"regular_price":null,"sale_price":null,"price_margin":null,"price_discount":null}},{"id":"8779","date_created":"2026-04-09 12:04:43","date_expiry":"2027-05-31 00:00:00","user_id":"2760","batch_number":"Purina Pro Plan Veterinary Diets Hydra Care\u2122 Feline Hydration Au Poulet Pour Chat Augmentant l\\\\\\\\\\\\\\\\\\\\\\\\\\\\\\'Apport Hydrique - En sauce 85g0527","location":"","quantity":"20.0000","quantity_available":"0.0000","units":"1","status":"archived","order_ids":"[39418,39907,40082,40116]","supplier":"Proplan","po":{"id":"8706","date_created":"2026-04-09 12:04:44","batch_id":"8779","po_number":"","supplier":"Proplan","cost":null,"regular_price":null,"sale_price":null,"price_margin":null,"price_discount":null}},{"id":"9030","date_created":"2026-04-22 11:25:41","date_expiry":"2027-05-31 00:00:00","user_id":"2760","batch_number":"Purina Pro Plan Veterinary Diets Hydra Care\u2122 Feline Hydration Au Poulet Pour Chat Augmentant l\\\\\\\\\\\\\\\\\\\\\\\\\\\\\\'Apport Hydrique - En sauce 85g0527","location":"","quantity":"100.0000","quantity_available":"70.0000","units":"1","status":"active","order_ids":"[40537]","supplier":"Proplan","po":{"id":"8953","date_created":"2026-04-22 11:25:41","batch_id":"9030","po_number":"","supplier":"Proplan","cost":null,"regular_price":null,"sale_price":null,"price_margin":null,"price_discount":null}}],"_links":{"self":[{"href":"https:\/\/petworld.ma\/index.php\/wp-json\/wp\/v2\/product\/37289","targetHints":{"allow":["GET"]}}],"collection":[{"href":"https:\/\/petworld.ma\/index.php\/wp-json\/wp\/v2\/product"}],"about":[{"href":"https:\/\/petworld.ma\/index.php\/wp-json\/wp\/v2\/types\/product"}],"wp:featuredmedia":[{"embeddable":true,"href":"https:\/\/petworld.ma\/index.php\/wp-json\/wp\/v2\/media\/39906"}],"wp:attachment":[{"href":"https:\/\/petworld.ma\/index.php\/wp-json\/wp\/v2\/media?parent=37289"}],"wp:term":[{"taxonomy":"product_brand","embeddable":true,"href":"https:\/\/petworld.ma\/index.php\/wp-json\/wp\/v2\/product_brand?post=37289"},{"taxonomy":"product_cat","embeddable":true,"href":"https:\/\/petworld.ma\/index.php\/wp-json\/wp\/v2\/product_cat?post=37289"},{"taxonomy":"product_tag","embeddable":true,"href":"https:\/\/petworld.ma\/index.php\/wp-json\/wp\/v2\/product_tag?post=37289"}],"curies":[{"name":"wp","href":"https:\/\/api.w.org\/{rel}","templated":true}]}}