{"id":37641,"date":"2026-03-13T17:57:07","date_gmt":"2026-03-13T17:57:07","guid":{"rendered":"https:\/\/petworld.ma\/?post_type=product&#038;p=37641"},"modified":"2026-03-25T16:18:38","modified_gmt":"2026-03-25T16:18:38","slug":"manitoba-friandise-sticks-gran-festa-aux-fruits-et-a-la-cacahuete-2-batonnets-140g","status":"publish","type":"product","link":"https:\/\/petworld.ma\/index.php\/produit\/manitoba-friandise-sticks-gran-festa-aux-fruits-et-a-la-cacahuete-2-batonnets-140g\/","title":{"rendered":"Manitoba Friandise Sticks Gran Festa aux Fruits et \u00e0 la Cacahu\u00e8te (2 b\u00e2tonnets )140g"},"content":{"rendered":"<div id=\"DESCR_TINY-bloc-2\" class=\"stylusBloc stylusBloc--text stylusBloc--autogen\">\n<div class=\"stylusBloc__content\">\n<div class=\"zms-title-div\">\n<div class=\"zms-title\" data-size=\"t1\">\n<div id=\"DESCR_TINY-bloc-2\" class=\"stylusBloc stylusBloc--text stylusBloc--autogen\">\n<div class=\"stylusBloc__content\">\n<div class=\"zms-title-div\">\n<div class=\"zms-title\" data-size=\"t1\">\n<div class=\"nav-tabs__content\">\n<div class=\"product-zmstylus mwct2\">\n<div id=\"DESCR_TINY-bloc-1\" class=\"stylusBloc stylusBloc--text\">\n<div class=\"stylusBloc__content\">\n<h2 id=\"heading_productDetails\" class=\"accordion-button border-0 bg-transparent hovereState rounded-0 m-0\" data-bs-toggle=\"collapse\" data-bs-target=\"#collapse_productDetails\" aria-expanded=\"true\" aria-controls=\"collapse_productDetails\"><span dir=\"auto\">Description<\/span><\/h2>\n<div id=\"collapse_productDetails\" class=\"accordion-collapse collapse show\" aria-labelledby=\"heading_productDetails\" data-bs-parent=\"#accordionProductDetails\">\n<div id=\"product-text\" class=\"accordion-body etf\">\n<p><strong><span dir=\"auto\">Compl\u00e9ment alimentaire pour perroquets de taille moyenne aux fruits et \u00e0 la Cacahu\u00e8te 140 g<\/span><\/strong><\/p>\n<ul>\n<li><span dir=\"auto\">Une excellente friandise pour les perroquets de haute qualit\u00e9, compos\u00e9e de 3 couches d&rsquo;ingr\u00e9dients nutritifs tels que des c\u00e9r\u00e9ales, des graines, des cacahu\u00e8tes et des fruits.<\/span><\/li>\n<li><span dir=\"auto\">Les b\u00e2tonnets Manitoba peuvent \u00eatre suspendus \u00e0 une cage ou une voli\u00e8re gr\u00e2ce \u00e0 une pince sp\u00e9ciale, laissant les oiseaux libres.<\/span><\/li>\n<li><span dir=\"auto\">La bo\u00eete contient 2 b\u00e2tonnets et un crochet en plastique.<\/span><\/li>\n<li><span dir=\"auto\">Il peut \u00eatre facilement suspendu dans une cage \u00e0 oiseaux.<\/span><\/li>\n<\/ul>\n<p><strong><span dir=\"auto\">Composition:<\/span><\/strong><\/p>\n<ul>\n<li><span dir=\"auto\">C\u00e9r\u00e9ales, graines, orange 4 %, abricot 2 %, mangue 2 %, miel 2 %<\/span><\/li>\n<\/ul>\n<\/div>\n<\/div>\n<\/div>\n<\/div>\n<\/div>\n<\/div>\n<\/div>\n<\/div>\n<\/div>\n<\/div>\n<\/div>\n<\/div>\n<\/div>\n<\/div>\n","protected":false},"excerpt":{"rendered":"<p>Description Compl\u00e9ment alimentaire pour perroquets de taille moyenne aux fruits et \u00e0 la Cacahu\u00e8te 140 g Une excellente friandise pour les perroquets de haute qualit\u00e9, compos\u00e9e de 3 couches d&rsquo;ingr\u00e9dients nutritifs tels que des c\u00e9r\u00e9ales, des graines, des cacahu\u00e8tes et des fruits. Les b\u00e2tonnets Manitoba peuvent \u00eatre suspendus \u00e0 une cage ou une voli\u00e8re gr\u00e2ce [&#8230;]\n","protected":false},"featured_media":37643,"template":"","meta":{"jetpack_publicize_message":"","jetpack_publicize_feature_enabled":true,"jetpack_social_post_already_shared":true,"jetpack_social_options":{"image_generator_settings":{"template":"highway","default_image_id":0,"font":"","enabled":false},"version":2}},"product_brand":[],"product_cat":[141],"product_tag":[],"class_list":{"0":"post-37641","1":"product","2":"type-product","3":"status-publish","4":"has-post-thumbnail","6":"product_cat-oiseaux","8":"first","9":"instock","10":"taxable","11":"shipping-taxable","12":"purchasable","13":"product-type-simple"},"supplier_id":34572,"supplier_sku":"","barcode":"8026272044155","atum_controlled":true,"out_stock_date":null,"out_stock_threshold":null,"inheritable":false,"inbound_stock":0,"stock_on_hold":0,"sold_today":0,"sales_last_days":0,"reserved_stock":0,"customer_returns":0,"warehouse_damage":0,"lost_in_post":0,"other_logs":0,"out_stock_days":0,"lost_sales":0,"has_location":false,"update_date":"2026-04-28T00:13:43","atum_locations":[],"atum_stock_status":"instock","restock_status":false,"low_stock_amount":4,"sales_update_date":"2026-04-28T00:13:43","calc_backorders":null,"jetpack_publicize_connections":[],"jetpack_sharing_enabled":true,"batches":[{"id":"8233","date_created":"2026-03-13 18:08:30","date_expiry":"2028-04-30 00:00:00","user_id":"50","batch_number":"stick0428","location":"","quantity":"8.0000","quantity_available":"7.0000","units":"1","status":"active","order_ids":"[38298]"}],"_links":{"self":[{"href":"https:\/\/petworld.ma\/index.php\/wp-json\/wp\/v2\/product\/37641","targetHints":{"allow":["GET"]}}],"collection":[{"href":"https:\/\/petworld.ma\/index.php\/wp-json\/wp\/v2\/product"}],"about":[{"href":"https:\/\/petworld.ma\/index.php\/wp-json\/wp\/v2\/types\/product"}],"wp:featuredmedia":[{"embeddable":true,"href":"https:\/\/petworld.ma\/index.php\/wp-json\/wp\/v2\/media\/37643"}],"wp:attachment":[{"href":"https:\/\/petworld.ma\/index.php\/wp-json\/wp\/v2\/media?parent=37641"}],"wp:term":[{"taxonomy":"product_brand","embeddable":true,"href":"https:\/\/petworld.ma\/index.php\/wp-json\/wp\/v2\/product_brand?post=37641"},{"taxonomy":"product_cat","embeddable":true,"href":"https:\/\/petworld.ma\/index.php\/wp-json\/wp\/v2\/product_cat?post=37641"},{"taxonomy":"product_tag","embeddable":true,"href":"https:\/\/petworld.ma\/index.php\/wp-json\/wp\/v2\/product_tag?post=37641"}],"curies":[{"name":"wp","href":"https:\/\/api.w.org\/{rel}","templated":true}]}}